{"id":73,"date":"2014-09-18T14:01:51","date_gmt":"2014-09-18T13:01:51","guid":{"rendered":"http:\/\/agora.xtec.cat\/escolalaguardia\/?page_id=73"},"modified":"2026-03-26T11:52:30","modified_gmt":"2026-03-26T10:52:30","slug":"menjador-escolar","status":"publish","type":"page","link":"https:\/\/agora.xtec.cat\/escolalaguardia\/serveis\/menjador-escolar\/","title":{"rendered":"Menjador escolar"},"content":{"rendered":"<p>El menjador escolar \u00e9s un servei que s&#8217;ofereix a tots els alumnes del centre. L&#8217;espai on est\u00e0 ubicat \u00e9s un lloc molt agradable i amb bona lluminositat, al costat del menjador est\u00e0 situada la cuina i el rebost.<\/p>\n<p>El menjador t\u00e9 una capacitat m\u00e0xima per 60 persones, \u00e9s per aix\u00f2 que es fan dos torns: de 12:30 a 13:30 hores pels alumnes d&#8217;Infantil i de 13:30 a 14:30 hores pels alumnes de Prim\u00e0ria.<\/p>\n<p>L&#8217;empresa encarregada de portar la gesti\u00f3 del menjador \u00e9s Scolarest. Juntament amb el c\u00e0tering, tamb\u00e9 s\u00f3n els responsables de la contractaci\u00f3 i la formaci\u00f3 del monitoratge.<\/p>\n<p>A l&#8217;inici de cada curs escolar, l&#8217;empresa Scolarest\u00a0 presenta el seu projecte educatiu, destacant del mateix les activitats per treballar l&#8217;educaci\u00f3 del lleure, la higiene i els bons h\u00e0bits en el menjar.<\/p>\n<p>El preu del menjador escolar pel curs 25\/26 \u00e9s el seg\u00fcent:<\/p>\n<ul>\n<li>Alumnes fixes: el preu del men\u00fa \u00e9s de 7,07\u20ac<\/li>\n<li>Alumnes espor\u00e0dics: el preu del men\u00fa \u00e9s de 7,82\u20ac<\/li>\n<\/ul>\n<p>Podeu trobar m\u00e9s informaci\u00f3 al web de <a href=\"https:\/\/scolarest.es\/\">Scolarest<\/a><\/p>\n<p><a href=\"https:\/\/agora.xtec.cat\/escolalaguardia\/wp-content\/uploads\/usu1636\/2025\/11\/INSCRIPCIONS-MENJADOR.pdf\">Full d&#8217;inscripci\u00f3 al menjador<\/a><br \/>\n<a href=\"https:\/\/agora.xtec.cat\/escolalaguardia\/wp-content\/uploads\/usu1636\/2025\/11\/carta-inici-de-curs-LA-GUARDIA.pdf\">Carta d&#8217;inici de curs. Presentaci\u00f3 del menjador<\/a><\/p>\n<p>Desc\u00e0rrega dels men\u00fas:<\/p>\n<p>MES DE ABRIL DE 2026<br \/>\n<a href=\"https:\/\/agora.xtec.cat\/escolalaguardia\/wp-content\/uploads\/usu1636\/2026\/03\/abril-PLANIFICACIO-activitats_-Skoolarest-Merakiers-25-26.pdf\">Planificaci\u00f3 d&#8217;activitats del mes<\/a><\/p>\n<ul>\n<li><a href=\"https:\/\/agora.xtec.cat\/escolalaguardia\/wp-content\/uploads\/usu1636\/2026\/03\/972600_ESCUELA-LA-GUARDIA_1574_202604.pdf\">Men\u00fa basal<\/a><\/li>\n<li><a href=\"https:\/\/agora.xtec.cat\/escolalaguardia\/wp-content\/uploads\/usu1636\/2026\/03\/972600_ESCUELA-LA-GUARDIA__SENSE-PORC_1808_202604.pdf\">Men\u00fa sense porc<\/a><\/li>\n<li><a href=\"https:\/\/agora.xtec.cat\/escolalaguardia\/wp-content\/uploads\/usu1636\/2026\/03\/972600_ESCUELA-LA-GUARDIA__SENSE-CARN_1808_202604.pdf\">Men\u00fa sense carn<\/a><\/li>\n<li><a href=\"https:\/\/agora.xtec.cat\/escolalaguardia\/wp-content\/uploads\/usu1636\/2026\/03\/972600_ESCUELA-LA-GUARDIA__SENSE-GLUTEN_1808_202604.pdf\">Men\u00fa sense gluten<\/a><\/li>\n<li><a href=\"https:\/\/agora.xtec.cat\/escolalaguardia\/wp-content\/uploads\/usu1636\/2026\/03\/972600_ESCUELA-LA-GUARDIA__SENSE-PLV-SOJA-ARROS-I-BLAT_1808_202604.pdf\">Men\u00fa sense PLV, soja, arr\u00f2s i blat<\/a><\/li>\n<\/ul>\n<p>&nbsp;<\/p>\n<p>MES DE MAR\u00c7 DE 2026<br \/>\n<a href=\"https:\/\/agora.xtec.cat\/escolalaguardia\/wp-content\/uploads\/usu1636\/2026\/02\/marc-PLANIFICACIO-activitats_-Skoolarest-Merakiers-25-26-1.pdf\">Planificaci\u00f3 d&#8217;activitats del mes<\/a><\/p>\n<ul>\n<li><a href=\"https:\/\/agora.xtec.cat\/escolalaguardia\/wp-content\/uploads\/usu1636\/2026\/02\/MENU-BASAL-MARC-26.pdf\">Men\u00fa basal<\/a><\/li>\n<li><a href=\"https:\/\/agora.xtec.cat\/escolalaguardia\/wp-content\/uploads\/usu1636\/2026\/02\/MENU-SENSE-PORC-MARC-26.pdf\">Men\u00fa sense porc<\/a><\/li>\n<li><a href=\"https:\/\/agora.xtec.cat\/escolalaguardia\/wp-content\/uploads\/usu1636\/2026\/02\/MENU-SENSE-CARN-MARC-26.pdf\">Men\u00fa sense carn<\/a><\/li>\n<li><a href=\"https:\/\/agora.xtec.cat\/escolalaguardia\/wp-content\/uploads\/usu1636\/2026\/02\/MENU-SENSE-GLUTEN-MARC-26.pdf\">Men\u00fa sense gluten<\/a><\/li>\n<li><a href=\"https:\/\/agora.xtec.cat\/escolalaguardia\/wp-content\/uploads\/usu1636\/2026\/02\/MENU-SENSE-PLV-SOJA-ARROS-I-BLAT-MARC-26.pdf\">Men\u00fa sense PLV, soja, arr\u00f2s i bla<\/a>t<\/li>\n<\/ul>\n<p>MES DE FEBRER DE 2026<br \/>\n<a href=\"https:\/\/agora.xtec.cat\/escolalaguardia\/wp-content\/uploads\/usu1636\/2026\/01\/febrer-PLANIFICACIO-activitats_-Skoolarest-Merakiers-25-26.pdf\">Planificaci\u00f3 d&#8217;activitats del mes<\/a><\/p>\n<ul>\n<li><a href=\"https:\/\/agora.xtec.cat\/escolalaguardia\/wp-content\/uploads\/usu1636\/2026\/01\/MENU-BASAL-FEBRER-26.pdf\">Men\u00fa basal<\/a><\/li>\n<li><a href=\"https:\/\/agora.xtec.cat\/escolalaguardia\/wp-content\/uploads\/usu1636\/2026\/01\/MENU-SENSE-PORC-FEBRER-26.pdf\">Men\u00fa sense porc<\/a><\/li>\n<li><a href=\"https:\/\/agora.xtec.cat\/escolalaguardia\/wp-content\/uploads\/usu1636\/2026\/01\/MENU-SENSE-CARN-FEBRER-26.pdf\">Men\u00fa sense carn<\/a><\/li>\n<li><a href=\"https:\/\/agora.xtec.cat\/escolalaguardia\/wp-content\/uploads\/usu1636\/2026\/01\/MENU-SENSE-GLUTEN-FEBRER-26.pdf\">Men\u00fa sense gluten<\/a><\/li>\n<li><a href=\"https:\/\/agora.xtec.cat\/escolalaguardia\/wp-content\/uploads\/usu1636\/2026\/01\/MENU-SENSE-PLV-SOJA-ARROS-I-BLAT-FEBRER-26.pdf\">Men\u00fa sense PLV, soja, arr\u00f2s i blat<\/a><\/li>\n<\/ul>\n<p>MES DE GENER DE 2026<br \/>\n<a href=\"https:\/\/agora.xtec.cat\/escolalaguardia\/wp-content\/uploads\/usu1636\/2026\/01\/gener-PLANIFICACIO-activitats_-Skoolarest-Merakiers-25-26.pdf\">Planificaci\u00f3 d&#8217;activitats del mes<\/a><\/p>\n<ul>\n<li><a href=\"https:\/\/agora.xtec.cat\/escolalaguardia\/wp-content\/uploads\/usu1636\/2025\/12\/MENU-BASAL-GENER-26.pdf\">Men\u00fa basal<\/a><\/li>\n<li><a href=\"https:\/\/agora.xtec.cat\/escolalaguardia\/wp-content\/uploads\/usu1636\/2025\/12\/MENU-SENSE-PORC-GENER-26.pdf\">Men\u00fa sense porc<\/a><\/li>\n<li><a href=\"https:\/\/agora.xtec.cat\/escolalaguardia\/wp-content\/uploads\/usu1636\/2025\/12\/MENU-SENSE-CARN-GENER-26.pdf\">Men\u00fa sense carn<\/a><\/li>\n<li><a href=\"https:\/\/agora.xtec.cat\/escolalaguardia\/wp-content\/uploads\/usu1636\/2025\/12\/MENU-SENSE-GLUTEN-GENER-26.pdf\">Men\u00fa sense gluten<\/a><\/li>\n<li><a href=\"https:\/\/agora.xtec.cat\/escolalaguardia\/wp-content\/uploads\/usu1636\/2025\/12\/MENU-SENSE-PLV-SOJA-ARROS-I-BLAT-GENER-26.pdf\">Men\u00fa sense PLV, soja, arr\u00f2s i blat<\/a><\/li>\n<\/ul>\n<p>MES DE DESEMBRE DE 2025<br \/>\nPlanificaci\u00f3 d&#8217;activitats del mes<\/p>\n<ul>\n<li><a href=\"https:\/\/agora.xtec.cat\/escolalaguardia\/wp-content\/uploads\/usu1636\/2025\/11\/MENU-BASAL-DESEMBRE-25.pdf\">Men\u00fa basal<\/a><\/li>\n<li><a href=\"https:\/\/agora.xtec.cat\/escolalaguardia\/wp-content\/uploads\/usu1636\/2025\/11\/MENU-SENSE-PORC-DESEMBRE-25.pdf\">Men\u00fa sense porc<\/a><\/li>\n<li><a href=\"https:\/\/agora.xtec.cat\/escolalaguardia\/wp-content\/uploads\/usu1636\/2025\/11\/MENU-SENSE-CARN-DESEMBRE-25.pdf\">Men\u00fa sense carn<\/a><\/li>\n<li><a href=\"https:\/\/agora.xtec.cat\/escolalaguardia\/wp-content\/uploads\/usu1636\/2025\/11\/MENU-SENSE-GLUTEN-DESEMBRE-25.pdf\">Men\u00fa sense gluten<\/a><\/li>\n<li><a href=\"https:\/\/agora.xtec.cat\/escolalaguardia\/wp-content\/uploads\/usu1636\/2025\/11\/MENU-SENSE-PLV-SOJA-ARROS-I-BLAT-DESEMBRE-25.pdf\">Men\u00fa sense PLV, soja, arr\u00f2s i blat<\/a><\/li>\n<\/ul>\n<p>MES DE NOVEMBRE DE 2025<br \/>\n<a href=\"https:\/\/agora.xtec.cat\/escolalaguardia\/wp-content\/uploads\/usu1636\/2025\/11\/novembre-PLANIFICACIO-activitats_-Skoolarest-Merakiers-25-26.pdf\">Planificaci\u00f3 d&#8217;activitats del mes<\/a><\/p>\n<ul>\n<li><a href=\"https:\/\/agora.xtec.cat\/escolalaguardia\/wp-content\/uploads\/usu1636\/2025\/10\/MENU-BASAL-NOVEMBRE-25.pdf\">Men\u00fa basal<\/a><\/li>\n<li><a href=\"https:\/\/agora.xtec.cat\/escolalaguardia\/wp-content\/uploads\/usu1636\/2025\/10\/MENU-SENSE-PORC-NOVEMBRE-25.pdf\">Men\u00fa sense porc<\/a><\/li>\n<li><a href=\"https:\/\/agora.xtec.cat\/escolalaguardia\/wp-content\/uploads\/usu1636\/2025\/10\/MENU-SENSE-CARN-NOVEMBRE-25.pdf\">Men\u00fa sense carn<\/a><\/li>\n<li><a href=\"https:\/\/agora.xtec.cat\/escolalaguardia\/wp-content\/uploads\/usu1636\/2025\/10\/MENU-SENSE-GLUTEN-NOVEMBRE-25.pdf\">Men\u00fa sense gluten<\/a><\/li>\n<li><a href=\"https:\/\/agora.xtec.cat\/escolalaguardia\/wp-content\/uploads\/usu1636\/2025\/10\/MENU-SENSE-PLV-SOJA-ARROS-I-BLAT-NOVEMBRE-25.pdf\">Men\u00fa sense PLV, soja, arr\u00f2s i blat<\/a><\/li>\n<\/ul>\n<p>MES D&#8217;OCTUBRE DE 2025<\/p>\n<ul>\n<li><a href=\"https:\/\/agora.xtec.cat\/escolalaguardia\/wp-content\/uploads\/usu1636\/2025\/09\/MENU-BASAL-OCTUBRE-25.pdf\">Men\u00fa basal<\/a><\/li>\n<li><a href=\"https:\/\/agora.xtec.cat\/escolalaguardia\/wp-content\/uploads\/usu1636\/2025\/09\/MENU-SENSE-PORC-OCTUBRE-25.pdf\">Men\u00fa sense porc<\/a><\/li>\n<li><a href=\"https:\/\/agora.xtec.cat\/escolalaguardia\/wp-content\/uploads\/usu1636\/2025\/09\/MENU-SENSE-CARN-OCTUBRE-25.pdf\">Men\u00fa sense carn<\/a><\/li>\n<li><a href=\"https:\/\/agora.xtec.cat\/escolalaguardia\/wp-content\/uploads\/usu1636\/2025\/09\/MENU-SENSE-GLUTEN-OCTUBRE-25.pdf\">Men\u00fa sense gluten<\/a><\/li>\n<li><a href=\"https:\/\/agora.xtec.cat\/escolalaguardia\/wp-content\/uploads\/usu1636\/2025\/09\/MENU-SENSE-PLV-SOJA-ARROS-I-BLAT-OCTUBRE-25.pdf\">Men\u00fa sense PLV, soja, arr\u00f2s i blat<\/a><\/li>\n<\/ul>\n<p>MES DE SETEMBRE DE 2025<\/p>\n<ul>\n<li><a href=\"https:\/\/agora.xtec.cat\/escolalaguardia\/wp-content\/uploads\/usu1636\/2025\/09\/MENU-BASAL-SETEMBRE-25.pdf\">Men\u00fa basal<\/a><\/li>\n<li><a href=\"https:\/\/agora.xtec.cat\/escolalaguardia\/wp-content\/uploads\/usu1636\/2025\/09\/MENU-SENSE-PORC-SETEMBRE-25.pdf\">Men\u00fa sense porc<\/a><\/li>\n<li><a href=\"https:\/\/agora.xtec.cat\/escolalaguardia\/wp-content\/uploads\/usu1636\/2025\/09\/MENU-SENSE-CARN-SETEMBRE-25.pdf\">Men\u00fa sense carn<\/a><\/li>\n<li><a href=\"https:\/\/agora.xtec.cat\/escolalaguardia\/wp-content\/uploads\/usu1636\/2025\/09\/MENU-SENSE-GLUTEN-SETEMBRE-25.pdf\">Men\u00fa sense gluten<\/a><\/li>\n<li><a href=\"https:\/\/agora.xtec.cat\/escolalaguardia\/wp-content\/uploads\/usu1636\/2025\/09\/MENU-SENSE-PLV-SOJA-ARROS-I-BLAT-SETEMBRE-25.pdf\">Men\u00fa sense PLV, soja, arr\u00f2s i blat<\/a><\/li>\n<\/ul>\n<p>____________<\/p>\n<p>&nbsp;<\/p>\n<p>&nbsp;<\/p>\n<p>&nbsp;<\/p>\n<p>&nbsp;<\/p>\n<p>&nbsp;<\/p>\n","protected":false},"excerpt":{"rendered":"<p>El menjador escolar \u00e9s un servei que s&#8217;ofereix a tots els alumnes del centre. L&#8217;espai on est\u00e0 ubicat \u00e9s un lloc molt agradable i amb bona lluminositat, al costat del menjador est\u00e0 situada la cuina i el rebost.<br \/>\nEl menjador t\u00e9 una capacitat m\u00e0xima per 60&hellip;  <a href=\"https:\/\/agora.xtec.cat\/escolalaguardia\/serveis\/menjador-escolar\/\" title=\"Read Menjador escolar\">Llegeix m\u00e9s\u00bb<\/a><\/p>\n","protected":false},"author":1,"featured_media":0,"parent":66,"menu_order":30,"comment_status":"closed","ping_status":"closed","template":"page-templates\/side-menu.php","meta":{"_bbp_topic_count":0,"_bbp_reply_count":0,"_bbp_total_topic_count":0,"_bbp_total_reply_count":0,"_bbp_voice_count":0,"_bbp_anonymous_reply_count":0,"_bbp_topic_count_hidden":0,"_bbp_reply_count_hidden":0,"_bbp_forum_subforum_count":0,"footnotes":""},"class_list":["post-73","page","type-page","status-publish","hentry"],"post_mailing_queue_ids":[],"_links":{"self":[{"href":"https:\/\/agora.xtec.cat\/escolalaguardia\/wp-json\/wp\/v2\/pages\/73","targetHints":{"allow":["GET"]}}],"collection":[{"href":"https:\/\/agora.xtec.cat\/escolalaguardia\/wp-json\/wp\/v2\/pages"}],"about":[{"href":"https:\/\/agora.xtec.cat\/escolalaguardia\/wp-json\/wp\/v2\/types\/page"}],"author":[{"embeddable":true,"href":"https:\/\/agora.xtec.cat\/escolalaguardia\/wp-json\/wp\/v2\/users\/1"}],"replies":[{"embeddable":true,"href":"https:\/\/agora.xtec.cat\/escolalaguardia\/wp-json\/wp\/v2\/comments?post=73"}],"version-history":[{"count":6,"href":"https:\/\/agora.xtec.cat\/escolalaguardia\/wp-json\/wp\/v2\/pages\/73\/revisions"}],"predecessor-version":[{"id":25988,"href":"https:\/\/agora.xtec.cat\/escolalaguardia\/wp-json\/wp\/v2\/pages\/73\/revisions\/25988"}],"up":[{"embeddable":true,"href":"https:\/\/agora.xtec.cat\/escolalaguardia\/wp-json\/wp\/v2\/pages\/66"}],"wp:attachment":[{"href":"https:\/\/agora.xtec.cat\/escolalaguardia\/wp-json\/wp\/v2\/media?parent=73"}],"curies":[{"name":"wp","href":"https:\/\/api.w.org\/{rel}","templated":true}]}}