{"id":30,"date":"2014-09-18T12:30:23","date_gmt":"2014-09-18T11:30:23","guid":{"rendered":"http:\/\/agora.xtec.cat\/escolalaguardia\/?page_id=30"},"modified":"2019-02-04T13:50:56","modified_gmt":"2019-02-04T12:50:56","slug":"instal%c2%b7lacions","status":"publish","type":"page","link":"https:\/\/agora.xtec.cat\/escolalaguardia\/lescola\/instal%c2%b7lacions\/","title":{"rendered":"Instal\u00b7lacions"},"content":{"rendered":"<p><strong>L&#8217;entrada<\/strong><\/p>\n<p>L&#8217;entrada de l&#8217;escola \u00e9s un espai m\u00e0gic i polivalent, est\u00e0 situat a la planta d&#8217;entrada. Peri\u00f2dicament es canvia la decoraci\u00f3 en funci\u00f3 de l&#8217;estaci\u00f3 de l&#8217;any o del tema interdisciplinar que es treballa. Tant aviat podem estar submergits en mig de la mar, com dins una biblioteca plena de contes, en la pla\u00e7a major d&#8217;una ciutat o en un hort on estan plantats tom\u00e0quets, pastanagues, mongetes i altres tipus d&#8217;hortalisses.<\/p>\n<p>En la decoraci\u00f3 de l&#8217;entrada hi participen tots els cursos. Ara hem pogut comptar amb la col\u00b7laboraci\u00f3 d&#8217;un grup de mares que han fet realitat el nostre hort de paper.<\/p>\n<p>A l&#8217;entrada tamb\u00e9 es fan activitats diverses. Per Nadal, rebem al Rei de l&#8217;Orient i els nens i les nenes d&#8217;Infantil i Cicle Inicial li lliuren les cartes amb els seus desitjos.<\/p>\n<p>Als voltants de la Festa d&#8217;Hivern de Sant Vicen\u00e7 dels Horts, el 22 de gener, ens venen a visitar les gegants del poble, la Coloma i el Vicen\u00e7, els encanta la nostra escola i s&#8217;hi estan uns dies amb molt de gust.<\/p>\n<p>Tamb\u00e9 es fa servir com a lloc d&#8217;exposicions dels treballs de Sant Jordi, dels treballs elaborats en la Setmana cultural, de les mones de Pasqua&#8230; Ja veieu un espai molt sol\u00b7licitat.<\/p>\n","protected":false},"excerpt":{"rendered":"<p>L&#8217;entrada<br \/>\nL&#8217;entrada de l&#8217;escola \u00e9s un espai m\u00e0gic i polivalent, est\u00e0 situat a la planta d&#8217;entrada. Peri\u00f2dicament es canvia la decoraci\u00f3 en funci\u00f3 de l&#8217;estaci\u00f3 de l&#8217;any o del tema interdisciplinar que es treballa. Tant aviat podem estar submergits en mig de la mar, com dins&hellip;  <a href=\"https:\/\/agora.xtec.cat\/escolalaguardia\/lescola\/instal%c2%b7lacions\/\" title=\"Read Instal\u00b7lacions\">Llegeix m\u00e9s\u00bb<\/a><\/p>\n","protected":false},"author":1,"featured_media":0,"parent":22,"menu_order":40,"comment_status":"closed","ping_status":"closed","template":"page-templates\/side-menu.php","meta":{"_bbp_topic_count":0,"_bbp_reply_count":0,"_bbp_total_topic_count":0,"_bbp_total_reply_count":0,"_bbp_voice_count":0,"_bbp_anonymous_reply_count":0,"_bbp_topic_count_hidden":0,"_bbp_reply_count_hidden":0,"_bbp_forum_subforum_count":0,"footnotes":""},"class_list":["post-30","page","type-page","status-publish","hentry"],"post_mailing_queue_ids":[],"_links":{"self":[{"href":"https:\/\/agora.xtec.cat\/escolalaguardia\/wp-json\/wp\/v2\/pages\/30","targetHints":{"allow":["GET"]}}],"collection":[{"href":"https:\/\/agora.xtec.cat\/escolalaguardia\/wp-json\/wp\/v2\/pages"}],"about":[{"href":"https:\/\/agora.xtec.cat\/escolalaguardia\/wp-json\/wp\/v2\/types\/page"}],"author":[{"embeddable":true,"href":"https:\/\/agora.xtec.cat\/escolalaguardia\/wp-json\/wp\/v2\/users\/1"}],"replies":[{"embeddable":true,"href":"https:\/\/agora.xtec.cat\/escolalaguardia\/wp-json\/wp\/v2\/comments?post=30"}],"version-history":[{"count":3,"href":"https:\/\/agora.xtec.cat\/escolalaguardia\/wp-json\/wp\/v2\/pages\/30\/revisions"}],"predecessor-version":[{"id":15793,"href":"https:\/\/agora.xtec.cat\/escolalaguardia\/wp-json\/wp\/v2\/pages\/30\/revisions\/15793"}],"up":[{"embeddable":true,"href":"https:\/\/agora.xtec.cat\/escolalaguardia\/wp-json\/wp\/v2\/pages\/22"}],"wp:attachment":[{"href":"https:\/\/agora.xtec.cat\/escolalaguardia\/wp-json\/wp\/v2\/media?parent=30"}],"curies":[{"name":"wp","href":"https:\/\/api.w.org\/{rel}","templated":true}]}}