{"id":16084,"date":"2019-02-13T11:54:33","date_gmt":"2019-02-13T10:54:33","guid":{"rendered":"https:\/\/agora.xtec.cat\/escolalaguardia\/?page_id=16084"},"modified":"2019-12-13T16:06:55","modified_gmt":"2019-12-13T15:06:55","slug":"projecte-linguistic-de-centre-plc","status":"publish","type":"page","link":"https:\/\/agora.xtec.cat\/escolalaguardia\/projecte-educatiu\/projecte-linguistic-de-centre-plc\/","title":{"rendered":"Projecte ling\u00fc\u00edstic de centre (PLC)"},"content":{"rendered":"<p>(Document en revisi\u00f3)<\/p>\n<p>El\u00a0 Projecte Ling\u00fc\u00edstic del Centre sorgeix de la necessitat funcional de disposar del marc idoni que possibiliti l\u2019\u00fas de les lleng\u00fces d\u2019aprenentatge i de tota la comunicaci\u00f3, de la legislaci\u00f3 actual.<br \/>\nL\u2019objectiu fonamental del projecte educatiu \u00e9s aconseguir que tot l\u2019alumnat assoleixi una s\u00f2lida compet\u00e8ncia comunicativa en acabar l\u2019educaci\u00f3 obligat\u00f2ria, de manera que pugui utilitzar normalment i de manera correcta el catal\u00e0 i el castell\u00e0, i puguin comprendre i emetre missatges orals i escrits senzills en una llengua estrangera.<br \/>\nPer tant,\u00a0 el Projecte Ling\u00fc\u00edstic ha de ser una eina integradora per a totes aquelles persones que no dominen la llengua vehicular dels aprenentatges.,<\/p>\n<p><a href=\"https:\/\/agora.xtec.cat\/escolalaguardia\/wp-content\/uploads\/usu1636\/2019\/12\/Projecte-ling\u00fc\u00edstic-10_12_2018.pdf\">Enlla\u00e7 al Projecte ling\u00fc\u00edstic de centre<\/a> (Darrera actualitzaci\u00f3: 10 de desembre de 2018)<\/p>\n<p>&nbsp;<\/p>\n<p>&nbsp;<\/p>\n","protected":false},"excerpt":{"rendered":"<p>(Document en revisi\u00f3)<br \/>\nEl\u00a0 Projecte Ling\u00fc\u00edstic del Centre sorgeix de la necessitat funcional de disposar del marc idoni que possibiliti l\u2019\u00fas de les lleng\u00fces d\u2019aprenentatge i de tota la comunicaci\u00f3, de la legislaci\u00f3 actual.<br \/>\nL\u2019objectiu fonamental del projecte educatiu \u00e9s aconseguir que tot l\u2019alumnat assoleixi una s\u00f2lida&hellip;  <a href=\"https:\/\/agora.xtec.cat\/escolalaguardia\/projecte-educatiu\/projecte-linguistic-de-centre-plc\/\" title=\"Read Projecte ling\u00fc\u00edstic de centre (PLC)\">Llegeix m\u00e9s\u00bb<\/a><\/p>\n","protected":false},"author":1,"featured_media":0,"parent":64,"menu_order":0,"comment_status":"closed","ping_status":"closed","template":"page-templates\/side-menu.php","meta":{"_bbp_topic_count":0,"_bbp_reply_count":0,"_bbp_total_topic_count":0,"_bbp_total_reply_count":0,"_bbp_voice_count":0,"_bbp_anonymous_reply_count":0,"_bbp_topic_count_hidden":0,"_bbp_reply_count_hidden":0,"_bbp_forum_subforum_count":0,"footnotes":""},"class_list":["post-16084","page","type-page","status-publish","hentry"],"post_mailing_queue_ids":[],"_links":{"self":[{"href":"https:\/\/agora.xtec.cat\/escolalaguardia\/wp-json\/wp\/v2\/pages\/16084","targetHints":{"allow":["GET"]}}],"collection":[{"href":"https:\/\/agora.xtec.cat\/escolalaguardia\/wp-json\/wp\/v2\/pages"}],"about":[{"href":"https:\/\/agora.xtec.cat\/escolalaguardia\/wp-json\/wp\/v2\/types\/page"}],"author":[{"embeddable":true,"href":"https:\/\/agora.xtec.cat\/escolalaguardia\/wp-json\/wp\/v2\/users\/1"}],"replies":[{"embeddable":true,"href":"https:\/\/agora.xtec.cat\/escolalaguardia\/wp-json\/wp\/v2\/comments?post=16084"}],"version-history":[{"count":3,"href":"https:\/\/agora.xtec.cat\/escolalaguardia\/wp-json\/wp\/v2\/pages\/16084\/revisions"}],"predecessor-version":[{"id":17701,"href":"https:\/\/agora.xtec.cat\/escolalaguardia\/wp-json\/wp\/v2\/pages\/16084\/revisions\/17701"}],"up":[{"embeddable":true,"href":"https:\/\/agora.xtec.cat\/escolalaguardia\/wp-json\/wp\/v2\/pages\/64"}],"wp:attachment":[{"href":"https:\/\/agora.xtec.cat\/escolalaguardia\/wp-json\/wp\/v2\/media?parent=16084"}],"curies":[{"name":"wp","href":"https:\/\/api.w.org\/{rel}","templated":true}]}}