{"id":36,"date":"2014-09-18T12:33:11","date_gmt":"2014-09-18T10:33:11","guid":{"rendered":"http:\/\/agora.xtec.cat\/escolalacustaria\/?page_id=36"},"modified":"2025-07-11T09:43:24","modified_gmt":"2025-07-11T07:43:24","slug":"material-escolar","status":"publish","type":"page","link":"https:\/\/agora.xtec.cat\/escolalacustaria\/lescola\/material-escolar\/","title":{"rendered":"Material escolar"},"content":{"rendered":"<h3 style=\"text-align: center;\"><strong>VENDA DE MATERIAL ESCOLAR CURS 2025-2026<\/strong><\/h3>\n<p>Benvolgudes fam\u00edlies:<\/p>\n<p>Ens adrecem a vosaltres per informar-vos del sistema de distribuci\u00f3 de llibres de text i del material escolar per al proper curs 2025-2026.<\/p>\n<ol>\n<li>Els llibres i el material escolar es distribuiran a la <strong>Llibreria Sureda<\/strong> del <strong>30 de juliol al 10 d\u2019agost<\/strong> (Pl. Catalunya, 15; Tel\u00e8fon 972 830 097).<\/li>\n<li>Tal i com s\u2019ha fet en anys anteriors, s\u2019utilitzar\u00e0 el sistema de PRECOMANDA, el qual permet estalviar diners a les fam\u00edlies i agilitzar el proc\u00e9s de distribuci\u00f3 d\u2019una manera significativa.<\/li>\n<li>Amb aquesta carta, us adjuntem dos formularis de <strong>PRECOMANDA<\/strong>, un per entregar a la llibreria i l\u2019altre per a vosaltres.<br \/>\nVal la pena comprovar si podeu aprofitar material escolar d\u2019anys anteriors.<br \/>\nCal que marqueu tot el que vulgueu comprar a les dues llistes.<\/li>\n<li>Cal lliurar la precomanda a la Llibreria Sureda <span style=\"text-decoration: underline;\"><strong>com a molt tard el dia 4 de juliol<\/strong><\/span>.<\/li>\n<li>En el moment d\u2019entregar la precomanda cal abonar 10 \u20ac (de 1r a 6\u00e8) els quals seran descomptats de l\u2019import final del valor de tot el material.<\/li>\n<li>No es pot fer cap modificaci\u00f3 sobre el que s\u2019hagi demanat a la precomanda, que s\u2019ha de recollir durant els dies establerts de <strong>recollida (del 30 de juliol al 10 d\u2019agost)<\/strong>.<\/li>\n<li>S\u2019aplica un descompte d\u2019un 10% en els llibres i en el material, als socis de l\u2019AFA.<\/li>\n<li>Declinem tota responsabilitat en el servei de venda de llibres, davant d\u2019aquells que no hagin omplert l\u2019impr\u00e8s de precomanda, o no l\u2019hagin lliurat en el data prevista.<\/li>\n<\/ol>\n<p>Atentament,<\/p>\n<p>AFA ESCOLA LACUST\u00c0RIA<\/p>\n<p><a class=\"button normal\" style=\"padding: 1em; font-weight: 400; margin: 0.1em; color: white !important; background-color: #fc3b56;\" href=\"https:\/\/drive.google.com\/file\/d\/1Q3e9feMdAk1zfxzHg-ck8qxAxG5ahGo0\/view?usp=drive_link\" target=\"_blank\" rel=\"noopener noreferrer\">1r<\/a><\/p>\n<p><a class=\"button normal\" style=\"padding: 1em; font-weight: 400; margin: 0.1em; color: white !important; background-color: #2ca698bf;\" href=\"https:\/\/drive.google.com\/file\/d\/1-Jh18VxPuUfN1ikKiXsBJsKae0JLUD5t\/view?usp=drive_link\" target=\"_blank\" rel=\"noopener noreferrer\">2n<\/a><\/p>\n<p><a class=\"button normal\" style=\"padding: 1em; font-weight: 400; margin: 0.1em; color: white !important; background-color: #767676;\" href=\"https:\/\/drive.google.com\/file\/d\/1YrEZoXnpEofXJatmACKYLS_VaN8xzyme\/view?usp=drive_link\" target=\"_blank\" rel=\"noopener noreferrer\">3r<\/a><\/p>\n<p><a class=\"button normal\" style=\"padding: 1em; font-weight: 400; margin: 0.1em; color: white !important; background-color: #fc3b56;\" href=\"https:\/\/drive.google.com\/file\/d\/14iEqfrKuS10NqNTQiZuk9zBoJ2uWfWla\/view?usp=drive_link\" target=\"_blank\" rel=\"noopener noreferrer\">4t<\/a><\/p>\n<p><a class=\"button normal\" style=\"padding: 1em; font-weight: 400; margin: 0.1em; color: white !important; background-color: #2ca698bf;\" href=\"https:\/\/drive.google.com\/file\/d\/1a3R71eYlmHNs4EjycOR_Au3Z2rogPewp\/view?usp=drive_link\" target=\"_blank\" rel=\"noopener noreferrer\">5\u00e8<\/a><\/p>\n<p><a class=\"button normal\" style=\"padding: 1em; font-weight: 400; margin: 0.1em; color: white !important; background-color: #767676;\" href=\"https:\/\/drive.google.com\/file\/d\/1k7X3lGeKIWl0FcHHaOGkzaorsz9hUlj9\/view?usp=drive_link\" target=\"_blank\" rel=\"noopener noreferrer\">6\u00e8<\/a><\/p>\n","protected":false},"excerpt":{"rendered":"<p>VENDA DE MATERIAL ESCOLAR CURS 2025-2026 Benvolgudes fam\u00edlies: Ens adrecem a vosaltres per informar-vos del sistema de distribuci\u00f3 de llibres de text i del material escolar per al proper curs 2025-2026. Els llibres i el material escolar es distribuiran a la Llibreria Sureda del 30 de juliol al 10 d\u2019agost (Pl. Catalunya, 15; Tel\u00e8fon 972 [&hellip;]<\/p>\n","protected":false},"author":1,"featured_media":0,"parent":22,"menu_order":5,"comment_status":"closed","ping_status":"closed","template":"","meta":{"_bbp_topic_count":0,"_bbp_reply_count":0,"_bbp_total_topic_count":0,"_bbp_total_reply_count":0,"_bbp_voice_count":0,"_bbp_anonymous_reply_count":0,"_bbp_topic_count_hidden":0,"_bbp_reply_count_hidden":0,"_bbp_forum_subforum_count":0,"site-sidebar-layout":"default","site-content-layout":"","ast-site-content-layout":"default","site-content-style":"default","site-sidebar-style":"default","ast-global-header-display":"","ast-banner-title-visibility":"","ast-main-header-display":"","ast-hfb-above-header-display":"","ast-hfb-below-header-display":"","ast-hfb-mobile-header-display":"","site-post-title":"","ast-breadcrumbs-content":"","ast-featured-img":"","footer-sml-layout":"","theme-transparent-header-meta":"","adv-header-id-meta":"","stick-header-meta":"","header-above-stick-meta":"","header-main-stick-meta":"","header-below-stick-meta":"","astra-migrate-meta-layouts":"set","ast-page-background-enabled":"default","ast-page-background-meta":{"desktop":{"background-color":"var(--ast-global-color-4)","background-image":"","background-repeat":"repeat","background-position":"center center","background-size":"auto","background-attachment":"scroll","background-type":"","background-media":"","overlay-type":"","overlay-color":"","overlay-opacity":"","overlay-gradient":""},"tablet":{"background-color":"","background-image":"","background-repeat":"repeat","background-position":"center center","background-size":"auto","background-attachment":"scroll","background-type":"","background-media":"","overlay-type":"","overlay-color":"","overlay-opacity":"","overlay-gradient":""},"mobile":{"background-color":"","background-image":"","background-repeat":"repeat","background-position":"center center","background-size":"auto","background-attachment":"scroll","background-type":"","background-media":"","overlay-type":"","overlay-color":"","overlay-opacity":"","overlay-gradient":""}},"ast-content-background-meta":{"desktop":{"background-color":"var(--ast-global-color-5)","background-image":"","background-repeat":"repeat","background-position":"center center","background-size":"auto","background-attachment":"scroll","background-type":"","background-media":"","overlay-type":"","overlay-color":"","overlay-opacity":"","overlay-gradient":""},"tablet":{"background-color":"var(--ast-global-color-5)","background-image":"","background-repeat":"repeat","background-position":"center center","background-size":"auto","background-attachment":"scroll","background-type":"","background-media":"","overlay-type":"","overlay-color":"","overlay-opacity":"","overlay-gradient":""},"mobile":{"background-color":"var(--ast-global-color-5)","background-image":"","background-repeat":"repeat","background-position":"center center","background-size":"auto","background-attachment":"scroll","background-type":"","background-media":"","overlay-type":"","overlay-color":"","overlay-opacity":"","overlay-gradient":""}},"footnotes":""},"class_list":["post-36","page","type-page","status-publish","hentry"],"post_mailing_queue_ids":[],"_links":{"self":[{"href":"https:\/\/agora.xtec.cat\/escolalacustaria\/wp-json\/wp\/v2\/pages\/36","targetHints":{"allow":["GET"]}}],"collection":[{"href":"https:\/\/agora.xtec.cat\/escolalacustaria\/wp-json\/wp\/v2\/pages"}],"about":[{"href":"https:\/\/agora.xtec.cat\/escolalacustaria\/wp-json\/wp\/v2\/types\/page"}],"author":[{"embeddable":true,"href":"https:\/\/agora.xtec.cat\/escolalacustaria\/wp-json\/wp\/v2\/users\/1"}],"replies":[{"embeddable":true,"href":"https:\/\/agora.xtec.cat\/escolalacustaria\/wp-json\/wp\/v2\/comments?post=36"}],"version-history":[{"count":5,"href":"https:\/\/agora.xtec.cat\/escolalacustaria\/wp-json\/wp\/v2\/pages\/36\/revisions"}],"predecessor-version":[{"id":24593,"href":"https:\/\/agora.xtec.cat\/escolalacustaria\/wp-json\/wp\/v2\/pages\/36\/revisions\/24593"}],"up":[{"embeddable":true,"href":"https:\/\/agora.xtec.cat\/escolalacustaria\/wp-json\/wp\/v2\/pages\/22"}],"wp:attachment":[{"href":"https:\/\/agora.xtec.cat\/escolalacustaria\/wp-json\/wp\/v2\/media?parent=36"}],"curies":[{"name":"wp","href":"https:\/\/api.w.org\/{rel}","templated":true}]}}