{"id":5140,"date":"2020-11-23T13:23:06","date_gmt":"2020-11-23T12:23:06","guid":{"rendered":"http:\/\/agora.xtec.cat\/escolalaclosa\/?page_id=5140"},"modified":"2021-03-13T13:39:02","modified_gmt":"2021-03-13T12:39:02","slug":"cancons","status":"publish","type":"page","link":"https:\/\/agora.xtec.cat\/escolalaclosa\/nivells\/cancons\/","title":{"rendered":"CAN\u00c7ONS"},"content":{"rendered":"<p>Estimades fam\u00edlies!<\/p>\n<p>L&#8217;Educaci\u00f3 Infantil de l&#8217;escola La Closa estrenem nova p\u00e0gina!<\/p>\n<p>Aqu\u00ed hi anirem penjant algunes de les can\u00e7ons que treballarem al llarg del curs. Esperem que les gaudiu, les canteu i balleu tant com nosaltres!<\/p>\n<p>&nbsp;<\/p>\n<p><span style=\"text-decoration: underline;\"><strong>BON DIA A P3!<\/strong><\/span><\/p>\n<p>La classe dels Contes us volem compartir la can\u00e7\u00f3 que cantem quan ens saludem al mat\u00ed.<\/p>\n<p>\u00c9s un fragment de la can\u00e7\u00f3 <em><strong>BON DIA DE BON MAT\u00cd<\/strong><\/em>, del grup Rodamons.<\/p>\n<p>Aqu\u00ed teniu la lletra \ud83d\udc47:<\/p>\n<p><a href=\"https:\/\/agora.xtec.cat\/escolalaclosa\/wp-content\/uploads\/usu692\/2020\/12\/Bon-dia.jpg\"><img loading=\"lazy\" decoding=\"async\" class=\"alignnone size-full wp-image-5321\" src=\"https:\/\/agora.xtec.cat\/escolalaclosa\/wp-content\/uploads\/usu692\/2020\/12\/Bon-dia.jpg\" alt=\"\" width=\"391\" height=\"512\" srcset=\"https:\/\/agora.xtec.cat\/escolalaclosa\/wp-content\/uploads\/usu692\/2020\/12\/Bon-dia.jpg 391w, https:\/\/agora.xtec.cat\/escolalaclosa\/wp-content\/uploads\/usu692\/2020\/12\/Bon-dia-229x300.jpg 229w\" sizes=\"auto, (max-width: 391px) 100vw, 391px\" \/><\/a><\/p>\n<p>I aqu\u00ed, us la cantem \ud83c\udfb6:<\/p>\n<!--[if lt IE 9]><script>document.createElement('audio');<\/script><![endif]-->\n<audio class=\"wp-audio-shortcode\" id=\"audio-5140-1\" preload=\"none\" style=\"width: 100%;\" controls=\"controls\"><source type=\"audio\/mpeg\" src=\"https:\/\/agora.xtec.cat\/escolalaclosa\/wp-content\/uploads\/usu692\/2020\/12\/Bon-dia.mp3?_=1\" \/><a href=\"https:\/\/agora.xtec.cat\/escolalaclosa\/wp-content\/uploads\/usu692\/2020\/12\/Bon-dia.mp3\">https:\/\/agora.xtec.cat\/escolalaclosa\/wp-content\/uploads\/usu692\/2020\/12\/Bon-dia.mp3<\/a><\/audio>\n<p>Esperem que us agradi!<\/p>\n<p>\u2764\u2764<\/p>\n<p>&nbsp;<\/p>\n<p><span style=\"text-decoration: underline;\"><strong>LA CAPSA DE LES CAN\u00c7ONS DE P3<\/strong><\/span><\/p>\n<p>Fa uns dies, la capsa de les can\u00e7ons ens va portar una can\u00e7\u00f3 que ja coneix\u00edem i que ens va agradar molt tornar a cantar:<\/p>\n<p><a href=\"https:\/\/agora.xtec.cat\/escolalaclosa\/wp-content\/uploads\/usu692\/2020\/12\/Marieta-vola-vola.jpg\"><img loading=\"lazy\" decoding=\"async\" class=\"alignnone size-large wp-image-5322\" src=\"https:\/\/agora.xtec.cat\/escolalaclosa\/wp-content\/uploads\/usu692\/2020\/12\/Marieta-vola-vola-1024x648.jpg\" alt=\"\" width=\"1024\" height=\"648\" srcset=\"https:\/\/agora.xtec.cat\/escolalaclosa\/wp-content\/uploads\/usu692\/2020\/12\/Marieta-vola-vola-1024x648.jpg 1024w, https:\/\/agora.xtec.cat\/escolalaclosa\/wp-content\/uploads\/usu692\/2020\/12\/Marieta-vola-vola-300x190.jpg 300w, https:\/\/agora.xtec.cat\/escolalaclosa\/wp-content\/uploads\/usu692\/2020\/12\/Marieta-vola-vola-768x486.jpg 768w, https:\/\/agora.xtec.cat\/escolalaclosa\/wp-content\/uploads\/usu692\/2020\/12\/Marieta-vola-vola.jpg 1778w\" sizes=\"auto, (max-width: 1024px) 100vw, 1024px\" \/><\/a><\/p>\n<p>Escolteu com la cantem nosaltres! Ho fem s\u00faper b\u00e9!<\/p>\n<audio class=\"wp-audio-shortcode\" id=\"audio-5140-2\" preload=\"none\" style=\"width: 100%;\" controls=\"controls\"><source type=\"audio\/mpeg\" src=\"https:\/\/agora.xtec.cat\/escolalaclosa\/wp-content\/uploads\/usu692\/2020\/12\/Marieta-vola-vola.mp3?_=2\" \/><a href=\"https:\/\/agora.xtec.cat\/escolalaclosa\/wp-content\/uploads\/usu692\/2020\/12\/Marieta-vola-vola.mp3\">https:\/\/agora.xtec.cat\/escolalaclosa\/wp-content\/uploads\/usu692\/2020\/12\/Marieta-vola-vola.mp3<\/a><\/audio>\n<p>\u2764\u2764<\/p>\n<p>&nbsp;<\/p>\n<p><span style=\"text-decoration: underline;\"><strong>CAN\u00c7ONS ALS CONTES!<\/strong><\/span><\/p>\n<p>A partir del conte <span style=\"text-decoration: underline;\"><em>El cargol i l&#8217;herba de poniol<\/em><\/span>, hem descobert que hi ha contes que tenen can\u00e7ons. Com aquesta que us cantem aqu\u00ed \ud83d\udc47:<\/p>\n<audio class=\"wp-audio-shortcode\" id=\"audio-5140-3\" preload=\"none\" style=\"width: 100%;\" controls=\"controls\"><source type=\"audio\/mpeg\" src=\"https:\/\/agora.xtec.cat\/escolalaclosa\/wp-content\/uploads\/usu692\/2020\/12\/Ajudem-al-cargol.mp3?_=3\" \/><a href=\"https:\/\/agora.xtec.cat\/escolalaclosa\/wp-content\/uploads\/usu692\/2020\/12\/Ajudem-al-cargol.mp3\">https:\/\/agora.xtec.cat\/escolalaclosa\/wp-content\/uploads\/usu692\/2020\/12\/Ajudem-al-cargol.mp3<\/a><\/audio>\n<p>Us deixem la lletra de la can\u00e7\u00f3, per si voleu cantar amb nosaltres:<\/p>\n<p><a href=\"https:\/\/agora.xtec.cat\/escolalaclosa\/wp-content\/uploads\/usu692\/2020\/12\/Ajudem-al-cargol.jpg\"><img loading=\"lazy\" decoding=\"async\" class=\"alignnone size-full wp-image-5320\" src=\"https:\/\/agora.xtec.cat\/escolalaclosa\/wp-content\/uploads\/usu692\/2020\/12\/Ajudem-al-cargol.jpg\" alt=\"\" width=\"748\" height=\"575\" srcset=\"https:\/\/agora.xtec.cat\/escolalaclosa\/wp-content\/uploads\/usu692\/2020\/12\/Ajudem-al-cargol.jpg 748w, https:\/\/agora.xtec.cat\/escolalaclosa\/wp-content\/uploads\/usu692\/2020\/12\/Ajudem-al-cargol-300x231.jpg 300w\" sizes=\"auto, (max-width: 748px) 100vw, 748px\" \/><\/a><\/p>\n<p>\u2764\u2764<\/p>\n<p>&nbsp;<\/p>\n<p><span style=\"text-decoration: underline;\"><strong>QUAN NO FALTA NING\u00da!<\/strong><\/span><\/p>\n<p>Sabeu que tenim una can\u00e7\u00f3 per quan som tots i totes a classe? Ens agrada molt cantar-la, perqu\u00e8 \u00e9s el nostre n\u00famero&#8230; i perqu\u00e8 no falta ning\u00fa! \ud83d\ude0a<\/p>\n<p><a href=\"https:\/\/agora.xtec.cat\/escolalaclosa\/wp-content\/uploads\/usu692\/2021\/01\/15-SOM-15.jpg\"><img loading=\"lazy\" decoding=\"async\" class=\"alignnone size-full wp-image-5388\" src=\"https:\/\/agora.xtec.cat\/escolalaclosa\/wp-content\/uploads\/usu692\/2021\/01\/15-SOM-15.jpg\" alt=\"\" width=\"948\" height=\"624\" srcset=\"https:\/\/agora.xtec.cat\/escolalaclosa\/wp-content\/uploads\/usu692\/2021\/01\/15-SOM-15.jpg 948w, https:\/\/agora.xtec.cat\/escolalaclosa\/wp-content\/uploads\/usu692\/2021\/01\/15-SOM-15-300x197.jpg 300w, https:\/\/agora.xtec.cat\/escolalaclosa\/wp-content\/uploads\/usu692\/2021\/01\/15-SOM-15-768x506.jpg 768w\" sizes=\"auto, (max-width: 948px) 100vw, 948px\" \/><\/a><\/p>\n<p>\ud83d\udc47 Aqu\u00ed ens podeu escoltar!<\/p>\n<audio class=\"wp-audio-shortcode\" id=\"audio-5140-4\" preload=\"none\" style=\"width: 100%;\" controls=\"controls\"><source type=\"audio\/mpeg\" src=\"https:\/\/agora.xtec.cat\/escolalaclosa\/wp-content\/uploads\/usu692\/2021\/01\/15.m4a?_=4\" \/><a href=\"https:\/\/agora.xtec.cat\/escolalaclosa\/wp-content\/uploads\/usu692\/2021\/01\/15.m4a\">https:\/\/agora.xtec.cat\/escolalaclosa\/wp-content\/uploads\/usu692\/2021\/01\/15.m4a<\/a><\/audio>\n<p><span style=\"text-decoration: underline;\"><strong>\u2764\u2764<\/strong><\/span><\/p>\n<p>&nbsp;<\/p>\n<p><span style=\"text-decoration: underline;\"><strong>CAN\u00c7\u00d3 EMBARBUSSAMENT!<\/strong><\/span><\/p>\n<p>Perqu\u00e8 hi ha can\u00e7ons de tota mena, i unes s\u00f3n m\u00e9s enrevessades que d&#8217;altres, aqu\u00ed us en deixem una d&#8217;aquestes! Sabeu en quin tinter t\u00e9 tinta en Ton, o encara no? \ud83e\udd17<\/p>\n<p><a href=\"https:\/\/agora.xtec.cat\/escolalaclosa\/wp-content\/uploads\/usu692\/2021\/03\/can\u00e7\u00f3-tinter.png\"><img loading=\"lazy\" decoding=\"async\" class=\"alignnone size-full wp-image-5487\" src=\"https:\/\/agora.xtec.cat\/escolalaclosa\/wp-content\/uploads\/usu692\/2021\/03\/can\u00e7\u00f3-tinter.png\" alt=\"\" width=\"997\" height=\"749\" srcset=\"https:\/\/agora.xtec.cat\/escolalaclosa\/wp-content\/uploads\/usu692\/2021\/03\/can\u00e7\u00f3-tinter.png 997w, https:\/\/agora.xtec.cat\/escolalaclosa\/wp-content\/uploads\/usu692\/2021\/03\/can\u00e7\u00f3-tinter-300x225.png 300w, https:\/\/agora.xtec.cat\/escolalaclosa\/wp-content\/uploads\/usu692\/2021\/03\/can\u00e7\u00f3-tinter-768x577.png 768w, https:\/\/agora.xtec.cat\/escolalaclosa\/wp-content\/uploads\/usu692\/2021\/03\/can\u00e7\u00f3-tinter-200x150.png 200w\" sizes=\"auto, (max-width: 997px) 100vw, 997px\" \/><\/a><\/p>\n<p>Aqu\u00ed la cantem nosaltres, i ho fem reb\u00e9! \ud83d\udc47<\/p>\n<audio class=\"wp-audio-shortcode\" id=\"audio-5140-5\" preload=\"none\" style=\"width: 100%;\" controls=\"controls\"><source type=\"audio\/wav\" src=\"https:\/\/agora.xtec.cat\/escolalaclosa\/wp-content\/uploads\/usu692\/2021\/03\/Tinter-2.wav?_=5\" \/><a href=\"https:\/\/agora.xtec.cat\/escolalaclosa\/wp-content\/uploads\/usu692\/2021\/03\/Tinter-2.wav\">https:\/\/agora.xtec.cat\/escolalaclosa\/wp-content\/uploads\/usu692\/2021\/03\/Tinter-2.wav<\/a><\/audio>\n<p><strong>\u2764\u2764<\/strong><\/p>\n<p>&nbsp;<\/p>\n<p><span style=\"text-decoration: underline;\"><strong>REMENA, REMENA!<\/strong><\/span><\/p>\n<p>A la nostra classe ens encanta l&#8217;ambient de la cuina. Ens hi passem estones ben llargues! I sabeu qu\u00e8? Que remenem, remenem i ens surt un menjar exquisit! \ud83d\ude0b I ho acompanyem amb una can\u00e7\u00f3:<\/p>\n<audio class=\"wp-audio-shortcode\" id=\"audio-5140-6\" preload=\"none\" style=\"width: 100%;\" controls=\"controls\"><source type=\"audio\/wav\" src=\"https:\/\/agora.xtec.cat\/escolalaclosa\/wp-content\/uploads\/usu692\/2021\/03\/Cassoles.wav?_=6\" \/><a href=\"https:\/\/agora.xtec.cat\/escolalaclosa\/wp-content\/uploads\/usu692\/2021\/03\/Cassoles.wav\">https:\/\/agora.xtec.cat\/escolalaclosa\/wp-content\/uploads\/usu692\/2021\/03\/Cassoles.wav<\/a><\/audio>\n<p><a href=\"https:\/\/agora.xtec.cat\/escolalaclosa\/wp-content\/uploads\/usu692\/2021\/03\/can\u00e7\u00f3-cassoles.png\"><img loading=\"lazy\" decoding=\"async\" class=\"alignnone size-large wp-image-5486\" src=\"https:\/\/agora.xtec.cat\/escolalaclosa\/wp-content\/uploads\/usu692\/2021\/03\/can\u00e7\u00f3-cassoles-1024x686.png\" alt=\"\" width=\"1024\" height=\"686\" srcset=\"https:\/\/agora.xtec.cat\/escolalaclosa\/wp-content\/uploads\/usu692\/2021\/03\/can\u00e7\u00f3-cassoles-1024x686.png 1024w, https:\/\/agora.xtec.cat\/escolalaclosa\/wp-content\/uploads\/usu692\/2021\/03\/can\u00e7\u00f3-cassoles-300x201.png 300w, https:\/\/agora.xtec.cat\/escolalaclosa\/wp-content\/uploads\/usu692\/2021\/03\/can\u00e7\u00f3-cassoles-768x515.png 768w, https:\/\/agora.xtec.cat\/escolalaclosa\/wp-content\/uploads\/usu692\/2021\/03\/can\u00e7\u00f3-cassoles.png 1524w\" sizes=\"auto, (max-width: 1024px) 100vw, 1024px\" \/><\/a><\/p>\n<p><strong>\u2764\u2764<\/strong><\/p>\n<p>&nbsp;<\/p>\n<p><span style=\"text-decoration: underline;\"><strong>LA CAN\u00c7\u00d3 DEL RATOL\u00cd<\/strong><\/span><\/p>\n<p>Fa uns dies, dins la capsa de les can\u00e7ons vam trobar-hi un ratol\u00ed. Ha estat dues setmanes amb nosaltres i ens ha encantat la seva can\u00e7\u00f3. Al ratol\u00ed, li hem agafat molta estima: tanta, que s&#8217;ha deixat acariciar i fer unes fotografies de record amb nosaltres. Gr\u00e0cies, ratol\u00ed bonic, per la teva companyia i la teva can\u00e7\u00f3!<\/p>\n\r\n\t<div class=\"slideshow_container slideshow_container_style-light\" style=\"height: 300px; \" data-slideshow-id=\"5511\" data-style-name=\"style-light\" data-style-version=\"2.3.1\" >\r\n\r\n\t\t\t\t\t<div class=\"slideshow_loading_icon\"><\/div>\r\n\t\t\r\n\t\t<div class=\"slideshow_content\" style=\"display: none;\">\r\n\r\n\t\t\t<div class=\"slideshow_view\">\r\n\t\t\t\t<div class=\"slideshow_slide slideshow_slide_image\">\r\n\t\t\t\t\t\t\t\t\t\t\t<img src=\"https:\/\/agora.xtec.cat\/escolalaclosa\/wp-content\/uploads\/usu692\/2021\/03\/20210313_132733.jpg\" alt=\"20210313_132733\" width=\"2880\" height=\"2880\" \/>\r\n\t\t\t\t\t\t\t\t\t\t<div class=\"slideshow_description_box slideshow_transparent\">\r\n\t\t\t\t\t\t<div class=\"slideshow_title\">20210313_132733<\/div>\t\t\t\t\t\t\t\t\t\t\t<\/div>\r\n\t\t\t\t<\/div>\r\n\r\n\t\t\t\t\t\t<div style=\"clear: both;\"><\/div><\/div><div class=\"slideshow_view\">\r\n\t\t\t\t<div class=\"slideshow_slide slideshow_slide_image\">\r\n\t\t\t\t\t\t\t\t\t\t\t<img src=\"https:\/\/agora.xtec.cat\/escolalaclosa\/wp-content\/uploads\/usu692\/2021\/03\/20210313_132806.jpg\" alt=\"20210313_132806\" width=\"2880\" height=\"2880\" \/>\r\n\t\t\t\t\t\t\t\t\t\t<div class=\"slideshow_description_box slideshow_transparent\">\r\n\t\t\t\t\t\t<div class=\"slideshow_title\">20210313_132806<\/div>\t\t\t\t\t\t\t\t\t\t\t<\/div>\r\n\t\t\t\t<\/div>\r\n\r\n\t\t\t\t\t\t<div style=\"clear: both;\"><\/div><\/div><div class=\"slideshow_view\">\r\n\t\t\t\t<div class=\"slideshow_slide slideshow_slide_image\">\r\n\t\t\t\t\t\t\t\t\t\t\t<img src=\"https:\/\/agora.xtec.cat\/escolalaclosa\/wp-content\/uploads\/usu692\/2021\/03\/20210313_132832.jpg\" alt=\"20210313_132832\" width=\"2880\" height=\"2880\" \/>\r\n\t\t\t\t\t\t\t\t\t\t<div class=\"slideshow_description_box slideshow_transparent\">\r\n\t\t\t\t\t\t<div class=\"slideshow_title\">20210313_132832<\/div>\t\t\t\t\t\t\t\t\t\t\t<\/div>\r\n\t\t\t\t<\/div>\r\n\r\n\t\t\t\t\t\t<div style=\"clear: both;\"><\/div><\/div><div class=\"slideshow_view\">\r\n\t\t\t\t<div class=\"slideshow_slide slideshow_slide_image\">\r\n\t\t\t\t\t\t\t\t\t\t\t<img src=\"https:\/\/agora.xtec.cat\/escolalaclosa\/wp-content\/uploads\/usu692\/2021\/03\/20210313_132857.jpg\" alt=\"20210313_132857\" width=\"2880\" height=\"2880\" \/>\r\n\t\t\t\t\t\t\t\t\t\t<div class=\"slideshow_description_box slideshow_transparent\">\r\n\t\t\t\t\t\t<div class=\"slideshow_title\">20210313_132857<\/div>\t\t\t\t\t\t\t\t\t\t\t<\/div>\r\n\t\t\t\t<\/div>\r\n\r\n\t\t\t\t\t\t<div style=\"clear: both;\"><\/div><\/div>\r\n\t\t<\/div>\r\n\r\n\t\t<div class=\"slideshow_controlPanel slideshow_transparent\" style=\"display: none;\"><ul><li class=\"slideshow_togglePlay\" data-play-text=\"Visualitza\" data-pause-text=\"Pausa\"><\/li><\/ul><\/div>\r\n\r\n\t\t<div class=\"slideshow_button slideshow_previous slideshow_transparent\" role=\"button\" data-previous-text=\"Anterior\" style=\"display: none;\"><\/div>\r\n\t\t<div class=\"slideshow_button slideshow_next slideshow_transparent\" role=\"button\" data-next-text=\"Seg\u00fcent\" style=\"display: none;\"><\/div>\r\n\r\n\t\t<div class=\"slideshow_pagination\" style=\"display: none;\" data-go-to-text=\"V\u00e9s a la diapositiva\"><div class=\"slideshow_pagination_center\"><\/div><\/div>\r\n\r\n\t\t<!-- WordPress Slideshow Version 2.3.1 -->\r\n\r\n\t\t\t<\/div>\r\n\r\n\n<p><a href=\"https:\/\/agora.xtec.cat\/escolalaclosa\/wp-content\/uploads\/usu692\/2021\/03\/Imagen1.png\"><img loading=\"lazy\" decoding=\"async\" class=\"alignnone size-large wp-image-5509\" src=\"https:\/\/agora.xtec.cat\/escolalaclosa\/wp-content\/uploads\/usu692\/2021\/03\/Imagen1-902x1024.png\" alt=\"\" width=\"902\" height=\"1024\" srcset=\"https:\/\/agora.xtec.cat\/escolalaclosa\/wp-content\/uploads\/usu692\/2021\/03\/Imagen1-902x1024.png 902w, https:\/\/agora.xtec.cat\/escolalaclosa\/wp-content\/uploads\/usu692\/2021\/03\/Imagen1-264x300.png 264w, https:\/\/agora.xtec.cat\/escolalaclosa\/wp-content\/uploads\/usu692\/2021\/03\/Imagen1-768x872.png 768w, https:\/\/agora.xtec.cat\/escolalaclosa\/wp-content\/uploads\/usu692\/2021\/03\/Imagen1.png 976w\" sizes=\"auto, (max-width: 902px) 100vw, 902px\" \/><\/a><\/p>\n<audio class=\"wp-audio-shortcode\" id=\"audio-5140-7\" preload=\"none\" style=\"width: 100%;\" controls=\"controls\"><source type=\"audio\/mpeg\" src=\"https:\/\/agora.xtec.cat\/escolalaclosa\/wp-content\/uploads\/usu692\/2021\/03\/Ratol\u00ed.mp3?_=7\" \/><a href=\"https:\/\/agora.xtec.cat\/escolalaclosa\/wp-content\/uploads\/usu692\/2021\/03\/Ratol\u00ed.mp3\">https:\/\/agora.xtec.cat\/escolalaclosa\/wp-content\/uploads\/usu692\/2021\/03\/Ratol\u00ed.mp3<\/a><\/audio>\n","protected":false},"excerpt":{"rendered":"<p>Estimades fam\u00edlies!<br \/>\nL&#8217;Educaci\u00f3 Infantil de l&#8217;escola La Closa estrenem nova p\u00e0gina!<br \/>\nAqu\u00ed hi anirem penjant algunes de les can\u00e7ons que treballarem al llarg del curs. Esperem que les gaudiu, les canteu i balleu tant com nosaltres!<br \/>\n&nbsp;<br \/>\nBON DIA A P3!<br \/>\nLa classe dels Contes us volem compartir la can\u00e7\u00f3&hellip;  <a href=\"https:\/\/agora.xtec.cat\/escolalaclosa\/nivells\/cancons\/\" title=\"Read CAN\u00c7ONS\">Llegeix m\u00e9s\u00bb<\/a><\/p>\n","protected":false},"author":1,"featured_media":0,"parent":87,"menu_order":0,"comment_status":"closed","ping_status":"closed","template":"","meta":{"_bbp_topic_count":0,"_bbp_reply_count":0,"_bbp_total_topic_count":0,"_bbp_total_reply_count":0,"_bbp_voice_count":0,"_bbp_anonymous_reply_count":0,"_bbp_topic_count_hidden":0,"_bbp_reply_count_hidden":0,"_bbp_forum_subforum_count":0,"footnotes":""},"class_list":["post-5140","page","type-page","status-publish","hentry"],"post_mailing_queue_ids":[],"_links":{"self":[{"href":"https:\/\/agora.xtec.cat\/escolalaclosa\/wp-json\/wp\/v2\/pages\/5140","targetHints":{"allow":["GET"]}}],"collection":[{"href":"https:\/\/agora.xtec.cat\/escolalaclosa\/wp-json\/wp\/v2\/pages"}],"about":[{"href":"https:\/\/agora.xtec.cat\/escolalaclosa\/wp-json\/wp\/v2\/types\/page"}],"author":[{"embeddable":true,"href":"https:\/\/agora.xtec.cat\/escolalaclosa\/wp-json\/wp\/v2\/users\/1"}],"replies":[{"embeddable":true,"href":"https:\/\/agora.xtec.cat\/escolalaclosa\/wp-json\/wp\/v2\/comments?post=5140"}],"version-history":[{"count":4,"href":"https:\/\/agora.xtec.cat\/escolalaclosa\/wp-json\/wp\/v2\/pages\/5140\/revisions"}],"predecessor-version":[{"id":5334,"href":"https:\/\/agora.xtec.cat\/escolalaclosa\/wp-json\/wp\/v2\/pages\/5140\/revisions\/5334"}],"up":[{"embeddable":true,"href":"https:\/\/agora.xtec.cat\/escolalaclosa\/wp-json\/wp\/v2\/pages\/87"}],"wp:attachment":[{"href":"https:\/\/agora.xtec.cat\/escolalaclosa\/wp-json\/wp\/v2\/media?parent=5140"}],"curies":[{"name":"wp","href":"https:\/\/api.w.org\/{rel}","templated":true}]}}