{"id":3469,"date":"2019-10-30T09:55:53","date_gmt":"2019-10-30T08:55:53","guid":{"rendered":"http:\/\/agora.xtec.cat\/escolalaclosa\/?page_id=3469"},"modified":"2020-05-29T11:31:46","modified_gmt":"2020-05-29T09:31:46","slug":"activities","status":"publish","type":"page","link":"https:\/\/agora.xtec.cat\/escolalaclosa\/activities\/","title":{"rendered":"ACTIVITIES"},"content":{"rendered":"<ol>\n<li><strong>Plataforma de jocs din\u00e0mics dirigida als alumnes de prim\u00e0ria<\/strong><\/li>\n<\/ol>\n<p><a href=\"https:\/\/www.eslgamesplus.com\/\">https:\/\/www.eslgamesplus.com\/<\/a><\/p>\n<p><strong>2. Plataforma de jocs dirigida als alumnes de prim\u00e0ria. <\/strong><\/p>\n<p><a style=\"color: #2795b6;\" href=\"https:\/\/www.mundoprimaria.com\/juegos-educativos\/juegos-de-ingles\">https:\/\/www.mundoprimaria.com\/juegos-educativos\/juegos-de-ingles<\/a><\/p>\n<p><strong>3. Programa LearnEnglish Kids, molts jocs en l\u00ednia gratu\u00efts, can\u00e7ons, contes i activitats per a nens.<\/strong><\/p>\n<p><a href=\"https:\/\/learnenglishkids.britishcouncil.org\/\">https:\/\/learnenglishkids.britishcouncil.org\/<\/a><\/p>\n<p><strong>4. Llistat de vocabulari b\u00e0sic d&#8217;angl\u00e8s segons tem\u00e0tiques.<\/strong><\/p>\n<p><a href=\"http:\/\/www.saberingles.com.ar\/vocabulary.html\">http:\/\/www.saberingles.com.ar\/vocabulary.html<\/a><\/p>\n<p><strong>5. Vocabulari b\u00e0sic d&#8217;angl\u00e8s amb explicacions amb castell\u00e0, per entendre una mica millor l&#8217;essencial.<\/strong><\/p>\n<p><a href=\"https:\/\/idiomium.es\/vocabulario-en-ingles\/vocabulario-ingles-basico\/\">https:\/\/idiomium.es\/vocabulario-en-ingles\/vocabulario-ingles-basico\/<\/a><\/p>\n<p><b>6. Recull d&#8217;exercicis, jocs, contes i v\u00eddeos\u00a0per aprendre l&#8217;angl\u00e8s d&#8217;una forma intu\u00eftiva.<\/b><\/p>\n<p><a href=\"https:\/\/agendaweb.org\/\">https:\/\/agendaweb.org\/\u00a0<\/a><\/p>\n<p><strong>7. P\u00e0gina web dedicada exclusivament a la gram\u00e0tica anglesa. Temps verbals i verbs auxiliars.<\/strong><\/p>\n<p><a href=\"https:\/\/www.english-grammar-lessons.com\/\">https:\/\/www.english-grammar-lessons.com\/<\/a><\/p>\n<p><strong>8. Jocs per aprendre angl\u00e8s d&#8217;una forma din\u00e0mica i interactiva.<\/strong><\/p>\n<p><a href=\"https:\/\/www.gamestolearnenglish.com\/\">https:\/\/www.gamestolearnenglish.com\/<\/a><\/p>\n<p>&nbsp;<\/p>\n<p style=\"text-align: center;\"><span style=\"text-decoration: underline;\"><strong>CHALLENGES<\/strong><\/span><\/p>\n<p><a href=\"https:\/\/agora.xtec.cat\/escolalaclosa\/wp-content\/uploads\/usu692\/2020\/04\/CHALLENGE-1-COLOURS-1.pdf\">CHALLENGE 1 COLOURS<\/a><\/p>\n<p><a href=\"https:\/\/agora.xtec.cat\/escolalaclosa\/wp-content\/uploads\/usu692\/2020\/04\/CHALLENGE-2-NUMBERS-1.pdf\">CHALLENGE 2 NUMBERS<\/a><\/p>\n<p><a href=\"https:\/\/agora.xtec.cat\/escolalaclosa\/wp-content\/uploads\/usu692\/2020\/04\/CHALLENGE-3..pdf\">CHALLENGE 3 NURSERY RHYME<\/a><\/p>\n<p><a style=\"color: #2795b6;\" href=\"https:\/\/agora.xtec.cat\/escolalaclosa\/wp-content\/uploads\/usu692\/2020\/04\/CHALLANGE-4-CLOTHES.pdf\">CHALLENGE 4 CLOTHES<\/a><\/p>\n<p><a href=\"https:\/\/agora.xtec.cat\/escolalaclosa\/wp-content\/uploads\/usu692\/2020\/04\/CHALLENGE-5-COLOURS-TREE.pdf\">CHALLENGE 5 COLOURS TREE<\/a><\/p>\n<p><a href=\"https:\/\/agora.xtec.cat\/escolalaclosa\/wp-content\/uploads\/usu692\/2020\/04\/CHALLENGE-6.-ACTIONS.pdf\">CHALLENGE 6. ACTIONS<\/a><\/p>\n<p><a href=\"https:\/\/agora.xtec.cat\/escolalaclosa\/wp-content\/uploads\/usu692\/2020\/04\/Challenge.7-food-tree.mp4\">CHALLENGE.7 FOOD TREE<\/a><\/p>\n<p><a href=\"https:\/\/agora.xtec.cat\/escolalaclosa\/wp-content\/uploads\/usu692\/2020\/04\/challenge-8.mp4\">CHALLENGE 8. NUMBERS\/FOOD<\/a><\/p>\n<p><a href=\"https:\/\/agora.xtec.cat\/escolalaclosa\/wp-content\/uploads\/usu692\/2020\/04\/Challenge.9-Run-to-Numbers.mp4\">CHALLENGE 9. RUN TO NUMBERS<\/a><\/p>\n<p><a href=\"https:\/\/agora.xtec.cat\/escolalaclosa\/wp-content\/uploads\/usu692\/2020\/04\/Challenge.10-Nursery-rhyme-Ice-cream.pdf\">CHALLENGE 10. NURSERY RHYME ICE CREAM<\/a><\/p>\n<p><a href=\"https:\/\/agora.xtec.cat\/escolalaclosa\/wp-content\/uploads\/usu692\/2020\/04\/Challenge.11-Ice-cream-Food.pdf\">CHALLENGE 11. ICE CREAM<\/a><\/p>\n<p><a href=\"https:\/\/agora.xtec.cat\/escolalaclosa\/wp-content\/uploads\/usu692\/2020\/04\/Challenge-TOYS.pdf\">CHALLENGE TOYS<\/a><\/p>\n<p>&nbsp;<\/p>\n","protected":false},"excerpt":{"rendered":"<ol>\n<li>Plataforma de jocs din\u00e0mics dirigida als alumnes de prim\u00e0ria<\/li>\n<\/ol>\n<p><a href=\"https:\/\/www.eslgamesplus.com\/\">https:\/\/www.eslgamesplus.com\/<\/a><br \/>\n2. Plataforma de jocs dirigida als alumnes de prim\u00e0ria.<br \/>\n<a style=\"color: #2795b6;\" href=\"https:\/\/www.mundoprimaria.com\/juegos-educativos\/juegos-de-ingles\">https:\/\/www.mundoprimaria.com\/juegos-educativos\/juegos-de-ingles<\/a><br \/>\n3. Programa LearnEnglish Kids, molts jocs en l\u00ednia gratu\u00efts, can\u00e7ons, contes i activitats per a nens.<br \/>\n<a href=\"https:\/\/learnenglishkids.britishcouncil.org\/\">https:\/\/learnenglishkids.britishcouncil.org\/<\/a><br \/>\n4. Llistat de vocabulari b\u00e0sic d&#8217;angl\u00e8s segons tem\u00e0tiques.<br \/>\n<a&hellip;  <a href=\"https:\/\/agora.xtec.cat\/escolalaclosa\/activities\/\" title=\"Read ACTIVITIES\">Llegeix m\u00e9s\u00bb<\/a><\/p>\n","protected":false},"author":1,"featured_media":0,"parent":0,"menu_order":0,"comment_status":"closed","ping_status":"closed","template":"","meta":{"_bbp_topic_count":0,"_bbp_reply_count":0,"_bbp_total_topic_count":0,"_bbp_total_reply_count":0,"_bbp_voice_count":0,"_bbp_anonymous_reply_count":0,"_bbp_topic_count_hidden":0,"_bbp_reply_count_hidden":0,"_bbp_forum_subforum_count":0,"footnotes":""},"class_list":["post-3469","page","type-page","status-publish","hentry"],"post_mailing_queue_ids":[],"_links":{"self":[{"href":"https:\/\/agora.xtec.cat\/escolalaclosa\/wp-json\/wp\/v2\/pages\/3469","targetHints":{"allow":["GET"]}}],"collection":[{"href":"https:\/\/agora.xtec.cat\/escolalaclosa\/wp-json\/wp\/v2\/pages"}],"about":[{"href":"https:\/\/agora.xtec.cat\/escolalaclosa\/wp-json\/wp\/v2\/types\/page"}],"author":[{"embeddable":true,"href":"https:\/\/agora.xtec.cat\/escolalaclosa\/wp-json\/wp\/v2\/users\/1"}],"replies":[{"embeddable":true,"href":"https:\/\/agora.xtec.cat\/escolalaclosa\/wp-json\/wp\/v2\/comments?post=3469"}],"version-history":[{"count":4,"href":"https:\/\/agora.xtec.cat\/escolalaclosa\/wp-json\/wp\/v2\/pages\/3469\/revisions"}],"predecessor-version":[{"id":4744,"href":"https:\/\/agora.xtec.cat\/escolalaclosa\/wp-json\/wp\/v2\/pages\/3469\/revisions\/4744"}],"wp:attachment":[{"href":"https:\/\/agora.xtec.cat\/escolalaclosa\/wp-json\/wp\/v2\/media?parent=3469"}],"curies":[{"name":"wp","href":"https:\/\/api.w.org\/{rel}","templated":true}]}}