{"id":24,"date":"2014-09-18T12:23:15","date_gmt":"2014-09-18T11:23:15","guid":{"rendered":"http:\/\/agora.xtec.cat\/escolalaclosa\/?page_id=24"},"modified":"2024-12-10T12:22:18","modified_gmt":"2024-12-10T11:22:18","slug":"on-som","status":"publish","type":"page","link":"https:\/\/agora.xtec.cat\/escolalaclosa\/lescola\/on-som\/","title":{"rendered":"On som"},"content":{"rendered":"<h3 style=\"color: #666666;\"><strong>Escola la Closa<\/strong><br \/>\n<strong> Pla\u00e7a la Closa, n\u00fam7. Esterri d&#8217;\u00c0neu (25580)<\/strong><br \/>\n<strong> Pallars Sobir\u00e0, LLEIDA<\/strong><\/h3>\n<h3 style=\"color: #666666;\"><strong>Telf: 973 626 048<\/strong><\/h3>\n<h3 style=\"color: #666666;\"><strong>Mail: c5001539@xtec.cat<\/strong><\/h3>\n<p>&nbsp;<\/p>\n<div style=\"width: 1280px;\" class=\"wp-video\"><!--[if lt IE 9]><script>document.createElement('video');<\/script><![endif]-->\n<video class=\"wp-video-shortcode\" id=\"video-24-1\" width=\"1280\" height=\"720\" preload=\"metadata\" controls=\"controls\"><source type=\"video\/mp4\" src=\"https:\/\/agora.xtec.cat\/escolalaclosa\/wp-content\/uploads\/usu692\/2024\/12\/vid-20241210-120640_0JO1rutS-1.mp4?_=1\" \/><a href=\"https:\/\/agora.xtec.cat\/escolalaclosa\/wp-content\/uploads\/usu692\/2024\/12\/vid-20241210-120640_0JO1rutS-1.mp4\">https:\/\/agora.xtec.cat\/escolalaclosa\/wp-content\/uploads\/usu692\/2024\/12\/vid-20241210-120640_0JO1rutS-1.mp4<\/a><\/video><\/div>\n<p>&nbsp;<\/p>\n<h4><span style=\"text-decoration: underline;\"><strong>COM ARRIBAR-HI?<\/strong><\/span><\/h4>\n<p>&nbsp;<\/p>\n<p><span style=\"text-decoration: underline;\"><strong>Cotxe: <\/strong><\/span><\/p>\n<p>Desde Lleida<\/p>\n<p><iframe loading=\"lazy\" src=\"https:\/\/www.google.com\/maps\/d\/embed?mid=zYZF5p03Ly8s.koPr-0YNlFec\" width=\"379\" height=\"379\"><\/iframe><br \/>\nDes de Barcelona<br \/>\n<iframe loading=\"lazy\" src=\"https:\/\/www.google.com\/maps\/d\/embed?mid=zYZF5p03Ly8s.kXctQ_kMfxnI\" width=\"386\" height=\"386\"><\/iframe><\/p>\n<p><strong>Quan arribis a Esterri&#8230; Per arribar a l&#8217;escola, mira aquest v\u00eddeo!<\/strong><\/p>\n<p><iframe loading=\"lazy\" title=\"Com arribar a l&#039;escola la Closa?\" width=\"500\" height=\"375\" src=\"https:\/\/www.youtube.com\/embed\/gWbywNpJt3o?feature=oembed\" frameborder=\"0\" allow=\"accelerometer; autoplay; clipboard-write; encrypted-media; gyroscope; picture-in-picture; web-share\" referrerpolicy=\"strict-origin-when-cross-origin\" allowfullscreen><\/iframe><\/p>\n<p><strong>\u00a0<\/strong><\/p>\n","protected":false},"excerpt":{"rendered":"<p>Escola la Closa<br \/>\n Pla\u00e7a la Closa, n\u00fam7. Esterri d&#8217;\u00c0neu (25580)<br \/>\n Pallars Sobir\u00e0, LLEIDA<br \/>\nTelf: 973 626 048<br \/>\nMail: c5001539@xtec.cat<br \/>\n&nbsp;<br \/>\n<a href=\"https:\/\/agora.xtec.cat\/escolalaclosa\/wp-content\/uploads\/usu692\/2024\/12\/vid-20241210-120640_0JO1rutS-1.mp4\">https:\/\/agora.xtec.cat\/escolalaclosa\/wp-content\/uploads\/usu692\/2024\/12\/vid-20241210-120640_0JO1rutS-1.mp4<\/a><br \/>\n&nbsp;<br \/>\nCOM ARRIBAR-HI?<br \/>\n&nbsp;<br \/>\nCotxe:<br \/>\nDesde Lleida<\/p>\n<p>Des de Barcelona<\/p>\n<p>Quan arribis a Esterri&#8230; Per arribar a l&#8217;escola, mira aquest v\u00eddeo!<\/p>\n<p>\u00a0<\/p>\n","protected":false},"author":1,"featured_media":0,"parent":22,"menu_order":10,"comment_status":"closed","ping_status":"closed","template":"page-templates\/side-menu.php","meta":{"_bbp_topic_count":0,"_bbp_reply_count":0,"_bbp_total_topic_count":0,"_bbp_total_reply_count":0,"_bbp_voice_count":0,"_bbp_anonymous_reply_count":0,"_bbp_topic_count_hidden":0,"_bbp_reply_count_hidden":0,"_bbp_forum_subforum_count":0,"footnotes":""},"class_list":["post-24","page","type-page","status-publish","hentry"],"post_mailing_queue_ids":[],"_links":{"self":[{"href":"https:\/\/agora.xtec.cat\/escolalaclosa\/wp-json\/wp\/v2\/pages\/24","targetHints":{"allow":["GET"]}}],"collection":[{"href":"https:\/\/agora.xtec.cat\/escolalaclosa\/wp-json\/wp\/v2\/pages"}],"about":[{"href":"https:\/\/agora.xtec.cat\/escolalaclosa\/wp-json\/wp\/v2\/types\/page"}],"author":[{"embeddable":true,"href":"https:\/\/agora.xtec.cat\/escolalaclosa\/wp-json\/wp\/v2\/users\/1"}],"replies":[{"embeddable":true,"href":"https:\/\/agora.xtec.cat\/escolalaclosa\/wp-json\/wp\/v2\/comments?post=24"}],"version-history":[{"count":6,"href":"https:\/\/agora.xtec.cat\/escolalaclosa\/wp-json\/wp\/v2\/pages\/24\/revisions"}],"predecessor-version":[{"id":9113,"href":"https:\/\/agora.xtec.cat\/escolalaclosa\/wp-json\/wp\/v2\/pages\/24\/revisions\/9113"}],"up":[{"embeddable":true,"href":"https:\/\/agora.xtec.cat\/escolalaclosa\/wp-json\/wp\/v2\/pages\/22"}],"wp:attachment":[{"href":"https:\/\/agora.xtec.cat\/escolalaclosa\/wp-json\/wp\/v2\/media?parent=24"}],"curies":[{"name":"wp","href":"https:\/\/api.w.org\/{rel}","templated":true}]}}