{"id":71,"date":"2014-09-18T12:44:56","date_gmt":"2014-09-18T11:44:56","guid":{"rendered":"http:\/\/agora.xtec.cat\/escolalabobila\/?page_id=71"},"modified":"2020-11-23T11:28:27","modified_gmt":"2020-11-23T10:28:27","slug":"serveis-digitals","status":"publish","type":"page","link":"https:\/\/agora.xtec.cat\/escolalabobila\/serveis\/serveis-digitals\/","title":{"rendered":"Serveis digitals"},"content":{"rendered":"<header class=\"entry-header\">\n<h1 class=\"entry-title\">DINANTIA<\/h1>\n<\/header>\n<div class=\"entry-content\">\n<p>Des del curs 2019-2020 la comunicaci\u00f3 habitual entre fam\u00edlies i escola es realitza a trav\u00e9s de l\u2019app DINANTIA. \u00c9s una aplicaci\u00f3 que us podeu descarregar al tel\u00e8fon m\u00f2vil.<\/p>\n<p>Per instal\u00b7lar l\u2019aplicaci\u00f3 haureu d\u2019anar al Play Store, en el cas que el sistema operatiu del vostre dispositiu sigui Android, o b\u00e9 a l\u2019Apple Store, en el cas de que el vostre dispositiu sigui iOS.<\/p>\n<p><a href=\"https:\/\/play.google.com\/store\/apps\/details?id=com.dinantia.dinantia\" target=\"_blank\" rel=\"noopener noreferrer\"><img loading=\"lazy\" decoding=\"async\" class=\"alignnone wp-image-5419 size-full\" src=\"http:\/\/agora.xtec.cat\/escjoanardevol\/wp-content\/uploads\/usu550\/2018\/09\/unnamed.png\" alt=\"\" width=\"129\" height=\"45\" \/><\/a>\u00a0\u00a0<a href=\"https:\/\/itunes.apple.com\/es\/app\/dinantia\/id1057051981\" target=\"_blank\" rel=\"noopener noreferrer\"><img loading=\"lazy\" decoding=\"async\" class=\"alignnone wp-image-5420 size-full\" src=\"http:\/\/agora.xtec.cat\/escjoanardevol\/wp-content\/uploads\/usu550\/2018\/09\/unnamed2.png\" alt=\"\" width=\"132\" height=\"45\" \/><\/a><\/p>\n<p>1- Des del vostre tel\u00e8fon m\u00f2bil heu d\u2019instal\u00b7lar l\u2019app Dinantia, ja sigui de l\u2019Apple Store o des de Google Play.<br \/>\n2- Un cop instal\u00b7lada, heu d\u2019inscriure-us escrivint el mateix correu electr\u00f2nic que heu informat a l&#8217;escola pr\u00e8viament.<br \/>\n3- Un cop inscrits, rebreu un email automatitzat a partir del qual haureu de confirmar la vostra inscripci\u00f3 a DINANTIA.<br \/>\n4- A partir d\u2019aquest moment, ja podreu accedir a l\u2019aplicaci\u00f3 i podreu rebre missatges de l\u2019escola.<\/p>\n<p>Les fam\u00edlies podeu accedir tamb\u00e9 a Dinantia a trav\u00e9s de la web: <a href=\"https:\/\/app.dinantia.com\/\" target=\"_blank\" rel=\"noopener noreferrer\">https:\/\/app.dinantia.com<\/a><br \/>\nSi \u00e9s el primer cop i no es disposa de contrasenya, cal generar-ne una clicant \u201cNo tens una contrasenya encara?\u201d o b\u00e9 a \u201cHas oblidat la teva contrasenya?\u201d, escriure el correu electr\u00f2nic proporcionat al centre i seguir les instruccions.<\/p>\n<p>&nbsp;<\/p>\n<p><a href=\"http:\/\/dinantia.com\/ca\/\" target=\"_blank\" rel=\"noopener noreferrer\"><img loading=\"lazy\" decoding=\"async\" class=\"alignnone wp-image-5417 size-full\" src=\"http:\/\/agora.xtec.cat\/escjoanardevol\/wp-content\/uploads\/usu550\/2018\/09\/images.png\" sizes=\"auto, (max-width: 330px) 100vw, 330px\" srcset=\"https:\/\/agora.xtec.cat\/escjoanardevol\/wp-content\/uploads\/usu550\/2018\/09\/images.png 330w, https:\/\/agora.xtec.cat\/escjoanardevol\/wp-content\/uploads\/usu550\/2018\/09\/images-300x91.png 300w\" alt=\"\" width=\"330\" height=\"100\" \/><\/a><\/p>\n<p>&nbsp;<\/p>\n<p>Trobareu m\u00e9s informaci\u00f3 a\u00a0<a href=\"http:\/\/www.dinantia.com\/ca\/\" target=\"_blank\" rel=\"noopener noreferrer\">http:\/\/www.dinantia.com\/ca\/<\/a><\/p>\n<p>Si teniu algun dubte o problema, podeu escriure\u2019ns un correu a l&#8217;adre\u00e7a escolalabobila@xtec.cat<\/p>\n<p>&nbsp;<\/p>\n<\/div>\n<p>&nbsp;<\/p>\n<h1 class=\"entry-title\">GOOGLE CLASSROOM<\/h1>\n<p>A l\u2019etapa d\u2019Educaci\u00f3 Prim\u00e0ria es far\u00e0 \u00fas de l\u2019aplicaci\u00f3 Google Classroom en cas de confinament. A trav\u00e9s d\u2019aquesta aplicaci\u00f3, els i les mestres aniran penjant de tasques per tal que l\u2019alumnat pugui anar treballant de forma virtual. A continuaci\u00f3 us adjuntem l\u2019enlla\u00e7 directe per iniciar sessi\u00f3 amb l\u2019usuari i contrasenya del domini de l\u2019escola. Us recordem que tot l&#8217;alumnat de 3r, 4t, 5\u00e8 i 6\u00e8 tenen l&#8217;usuari i contrasenya anotats a l&#8217;agenda.<\/p>\n<p><a href=\"https:\/\/accounts.google.com\/signin\/v2\/identifier?continue=https%3A%2F%2Fmail.google.com%2Fmail%2F&amp;service=mail&amp;hd=escolalabobila.cat&amp;sacu=1&amp;flowName=GlifWebSignIn&amp;flowEntry=AddSession\"><img loading=\"lazy\" decoding=\"async\" class=\"wp-image-570 size-full\" src=\"https:\/\/agora.xtec.cat\/escolalabobila\/wp-content\/uploads\/usu2422\/2020\/11\/inicisessio.jpg\" alt=\"Inici de sessi\u00f3\" width=\"469\" height=\"517\" srcset=\"https:\/\/agora.xtec.cat\/escolalabobila\/wp-content\/uploads\/usu2422\/2020\/11\/inicisessio.jpg 469w, https:\/\/agora.xtec.cat\/escolalabobila\/wp-content\/uploads\/usu2422\/2020\/11\/inicisessio-272x300.jpg 272w\" sizes=\"auto, (max-width: 469px) 100vw, 469px\" \/><\/a><\/p>\n<p>&nbsp;<\/p>\n<p>&nbsp;<\/p>\n","protected":false},"excerpt":{"rendered":"<p>DINANTIA<\/p>\n<p>Des del curs 2019-2020 la comunicaci\u00f3 habitual entre fam\u00edlies i escola es realitza a trav\u00e9s de l\u2019app DINANTIA. \u00c9s una aplicaci\u00f3 que us podeu descarregar al tel\u00e8fon m\u00f2vil.<br \/>\nPer instal\u00b7lar l\u2019aplicaci\u00f3 haureu d\u2019anar al Play Store, en el cas que el sistema operatiu del vostre dispositiu&hellip;  <a href=\"https:\/\/agora.xtec.cat\/escolalabobila\/serveis\/serveis-digitals\/\" title=\"Read Serveis digitals\">Llegeix m\u00e9s\u00bb<\/a><\/p>\n","protected":false},"author":1,"featured_media":0,"parent":66,"menu_order":10,"comment_status":"closed","ping_status":"closed","template":"page-templates\/side-menu.php","meta":{"_bbp_topic_count":0,"_bbp_reply_count":0,"_bbp_total_topic_count":0,"_bbp_total_reply_count":0,"_bbp_voice_count":0,"_bbp_anonymous_reply_count":0,"_bbp_topic_count_hidden":0,"_bbp_reply_count_hidden":0,"_bbp_forum_subforum_count":0,"footnotes":""},"class_list":["post-71","page","type-page","status-publish","hentry"],"post_mailing_queue_ids":[],"_links":{"self":[{"href":"https:\/\/agora.xtec.cat\/escolalabobila\/wp-json\/wp\/v2\/pages\/71","targetHints":{"allow":["GET"]}}],"collection":[{"href":"https:\/\/agora.xtec.cat\/escolalabobila\/wp-json\/wp\/v2\/pages"}],"about":[{"href":"https:\/\/agora.xtec.cat\/escolalabobila\/wp-json\/wp\/v2\/types\/page"}],"author":[{"embeddable":true,"href":"https:\/\/agora.xtec.cat\/escolalabobila\/wp-json\/wp\/v2\/users\/1"}],"replies":[{"embeddable":true,"href":"https:\/\/agora.xtec.cat\/escolalabobila\/wp-json\/wp\/v2\/comments?post=71"}],"version-history":[{"count":4,"href":"https:\/\/agora.xtec.cat\/escolalabobila\/wp-json\/wp\/v2\/pages\/71\/revisions"}],"predecessor-version":[{"id":573,"href":"https:\/\/agora.xtec.cat\/escolalabobila\/wp-json\/wp\/v2\/pages\/71\/revisions\/573"}],"up":[{"embeddable":true,"href":"https:\/\/agora.xtec.cat\/escolalabobila\/wp-json\/wp\/v2\/pages\/66"}],"wp:attachment":[{"href":"https:\/\/agora.xtec.cat\/escolalabobila\/wp-json\/wp\/v2\/media?parent=71"}],"curies":[{"name":"wp","href":"https:\/\/api.w.org\/{rel}","templated":true}]}}