{"id":26,"date":"2014-09-18T12:24:32","date_gmt":"2014-09-18T11:24:32","guid":{"rendered":"http:\/\/agora.xtec.cat\/escolalabobila\/?page_id=26"},"modified":"2020-11-20T16:00:34","modified_gmt":"2020-11-20T15:00:34","slug":"historia","status":"publish","type":"page","link":"https:\/\/agora.xtec.cat\/escolalabobila\/lescola\/historia\/","title":{"rendered":"Hist\u00f2ria"},"content":{"rendered":"<p><span style=\"font-family: 'Arial','sans-serif';\">La hist\u00f2ria\u00a0de l&#8217;Escola La B\u00f2bila\u00a0comen\u00e7a\u00a0el setembre del\u00a0curs 2007-2008 amb dues aules, una de P3 i una P4 d&#8217;educaci\u00f3 infantil, i un claustre format per quatre mestres, tres de les quals formaven part de l&#8217;equip directiu.<\/span><\/p>\n<p><span style=\"font-family: 'Arial','sans-serif';\">Aquestes aules es trobaven situades en un m\u00f2dul prefabricat de l&#8217;escola Marinada, molt proper a les depend\u00e8ncies de la policia local de Cambrils.<\/span><\/p>\n<p><span style=\"font-family: 'Arial','sans-serif';\">L&#8217;escola La B\u00f2bila, durant aquest primer curs, ja disposava d&#8217;un funcionament totalment independent de l&#8217;escola Marinada, tot i que aquesta li cedia certs equipaments i serveis, com per exemple, el menjador escolar.<\/span><\/p>\n<p><span style=\"font-family: 'Arial','sans-serif';\">Va ser durant aquest primer curs, que va n\u00e9ixer l&#8217;AMPA de l&#8217;Escola La B\u00f2bila.<\/span><\/p>\n<p><span style=\"font-family: 'Arial','sans-serif';\">Durant el mes de gener de 2008, a causa de la matr\u00edcula viva que hi va haver a tot el municipi, l&#8217;escola va obrir una aula mixta de P5 i 1r, afegint-se aix\u00ed una nova mestra d&#8217;educaci\u00f3 prim\u00e0ria al claustre del professorat i amb un total de tres grups classe.<\/span><\/p>\n<p><span style=\"font-family: 'Arial','sans-serif';\">Ja des de l\u2019inici, l\u2019escola va anar creant el seu projecte educatiu per tal d\u2019establir unes l\u00ednies metodol\u00f2giques comunes, de treball en equip, per tal de donar l\u2019atenci\u00f3 educativa m\u00e9s adequada al seu alumnat i poder aconseguir els objectius educatius del centre.<\/span><\/p>\n<p><span style=\"font-family: 'Arial','sans-serif';\">Durant el seu segon curs escolar, l&#8217;escola va cr\u00e9ixer molt i molt. El curs 2008-2009 el centre va canviar d&#8217;empla\u00e7ament i es va ubicar en m\u00f2duls prefabricats al carrer Manel Hidalgo, 19,\u00a0 del barri de la Llosa. Comptava aleshores amb cinc aules d&#8217;educaci\u00f3 infantil (dues de P3, dues de P4 i una de P5) i tres aules d&#8217;educaci\u00f3 prim\u00e0ria (una de 1r, una de 2n i una aula mixta de 3r i 4t).<\/span><\/p>\n<p><span style=\"font-family: 'Arial','sans-serif';\">El claustre de professorat estava format per catorze mestres amb un total de vuit grups classe.<\/span><\/p>\n<p><span style=\"font-family: 'Arial','sans-serif';\">L&#8217;estiu anterior al\u00a0curs 2009-2010, es va afegir\u00a0un nou m\u00f2dul prefabricat\u00a0a les depend\u00e8ncies del centre. En aquest nou m\u00f2dul s&#8217;hi van situar tres aules d&#8217;educaci\u00f3 prim\u00e0ria, una de 3r, una de 4t i una de 5\u00e8, i tamb\u00e9 s\u2019hi van instal\u00b7lar nous equipaments per al centre com l&#8217;aula d&#8217;acollida, una tutoria per educaci\u00f3 prim\u00e0ria i l\u2019oficina de l\u2019AMPA.<\/span><\/p>\n<p><span style=\"font-family: 'Arial','sans-serif';\">Aix\u00ed doncs, el curs 2009-2010, l&#8217;escola ja comptava amb doble l\u00ednia a educaci\u00f3 infantil i amb una aula de cada nivell d&#8217;educaci\u00f3 prim\u00e0ria, de 1r a 5\u00e8.<\/span><\/p>\n<p><span style=\"font-family: 'Arial','sans-serif';\">El claustre de professorat estava format per divuit mestres amb un total d\u2019onze grups classe.<\/span><\/p>\n<p><span style=\"font-family: 'Arial','sans-serif';\">El\u00a0curs 2010-2011, l\u2019oferta educativa del centre ja contemplava\u00a0doble l\u00ednia d\u2019educaci\u00f3 infantil\u00a0i 1rd\u2019educaci\u00f3 prim\u00e0ria, i\u00a0una l\u00ednia educativa des de 2n fins a 6\u00e8 curs.<\/span><\/p>\n<p><span style=\"font-family: 'Arial','sans-serif';\">L\u2019edifici estava format per nou m\u00f2duls prefabricats, un dels quals es va instal\u00b7lar aquell estiu. Sis dels m\u00f2duls prefabricats estaven comunicats entre ells, amb vuit aules, els serveis corresponents, una aula de psicomotricitat, menjador amb cuina c\u00e0tering, sala del professorat, secretaria, despatx de direcci\u00f3, consergeria, una tutoria i un espai per al servei de neteja.<\/span><\/p>\n<p><span style=\"font-family: 'Arial','sans-serif';\">En un altre m\u00f2dul hi havia tres aules d\u2019educaci\u00f3 prim\u00e0ria (4t, 5\u00e8 i 6\u00e8), els serveis corresponents, l\u2019aula d\u2019acollida, una tutoria i el despatx de l\u2019AMPA; i en el darrer m\u00f2dul hi havia dues aules d\u2019educaci\u00f3 prim\u00e0ria (2n i 3r), l\u2019aula d\u2019atenci\u00f3 a la diversitat i els serveis corresponents.<\/span><\/p>\n<p><span style=\"font-family: 'Arial','sans-serif';\">El claustre de professorat estava format per vint-i-tres mestres i amb un total de tretze grups classe.<\/span><\/p>\n<p><strong><span style=\"font-family: 'Arial','sans-serif';\">Des del curs 2011-2012, l&#8217;escola es troba ubicada en el seu empla\u00e7ament definitiu, al nou edifici de la urbanitzaci\u00f3 La B\u00f2bila.<\/span><\/strong><\/p>\n<p><span style=\"font-family: 'Arial','sans-serif';\">Ara el centre compta amb unes instal\u00b7lacions modernes i de qualitat, amb una superf\u00edcie total de 6780 m2. Amb un edifici compacte format per una planta baixa i dues plantes.<\/span><\/p>\n<p><span style=\"font-family: 'Arial','sans-serif';\">A la planta baixa, trobem sis aules d\u2019educaci\u00f3 infantil, el magatzem d\u2019educaci\u00f3 infantil, l\u2019aula de petits grups, l\u2019aula de psicomotricitat, el seu menjador amb cuina pr\u00f2pia, el despatx de l\u2019Ampa, tres tutories, reprografia, consergeria amb el seu magatzem, el RAC, la biblioteca escolar i els corresponents serveis.<\/span><\/p>\n<p><span style=\"font-family: 'Arial','sans-serif';\">A la primera planta, hi ha quatre aules de 1r i 2n curs d\u2019educaci\u00f3 prim\u00e0ria, l\u2019aula d\u2019atenci\u00f3 a la diversitat, l\u2019aula de religi\u00f3, el magatzem de l\u2019equip docent de 1r i 2n, el gimn\u00e0s amb vestidors externs, dues aules de petits grups, secretaria, els despatxos de direcci\u00f3, cap d\u2019estudis i serveis externs, la sala de professorat i els lavabos corresponents.<\/span><\/p>\n<p><span style=\"font-family: 'Arial','sans-serif';\">Per \u00faltim, a la segona planta, trobem les vuit aules de 3r i 4t,5\u00e8 i 6\u00e8 curs d\u2019educaci\u00f3 prim\u00e0ria, l\u2019aula d\u2019idiomes, l\u2019aula d\u2019acollida, l\u2019aula d\u2019inform\u00e0tica, l\u2019aula de m\u00fasica, dues aules de petits grups i el magatzem de l\u2019equip docent de 3r, 4t, 5\u00e8 i 6\u00e8.<\/span><\/p>\n<p><span style=\"font-family: 'Arial','sans-serif';\">A l\u2019exterior de l\u2019edifici hi ha el pati d\u2019educaci\u00f3 infantil amb els seus jocs exteriors, el pati de 1r i 2n curs d\u2019educaci\u00f3 prim\u00e0ria amb jocs d&#8217;esbarjo, dues porteries de futbol i\u00a0 un sorral, la pista poliesportiva equipada amb una pista de futbol sala, una pista de minib\u00e0squet i una pista de b\u00e0squet, la qual \u00e9s el pati de 3r, 4t, 5\u00e8 i 6\u00e8 curs d\u2019educaci\u00f3 prim\u00e0ria. Tamb\u00e9 hi ha l\u2019hort escolar i la rampa d\u2019acc\u00e9s directe al gimn\u00e0s.<\/span><\/p>\n<p><span style=\"font-family: 'Arial','sans-serif';\">Totes les aules de l&#8217;escola compten amb pissarres digitals interactives. Hi ha acc\u00e9s wifi a totes les depend\u00e8ncies de l\u2019edifici i can\u00f3 interactiu a l\u2019aula d\u2019atenci\u00f3 a la diversitat.<\/span><\/p>\n<p><span style=\"font-family: 'Arial','sans-serif';\">Hi ha tendals el\u00e8ctrics a totes les aules per la lluminositat, aules insonoritzades i sistema digital de ventilaci\u00f3 i calefacci\u00f3.<\/span><\/p>\n<p><a href=\"https:\/\/agora.xtec.cat\/escolalabobila\/wp-content\/uploads\/usu2422\/2020\/11\/historia1.jpg\"><img loading=\"lazy\" decoding=\"async\" class=\"wp-image-477 aligncenter\" src=\"https:\/\/agora.xtec.cat\/escolalabobila\/wp-content\/uploads\/usu2422\/2020\/11\/historia1.jpg\" alt=\"\" width=\"726\" height=\"540\" srcset=\"https:\/\/agora.xtec.cat\/escolalabobila\/wp-content\/uploads\/usu2422\/2020\/11\/historia1.jpg 917w, https:\/\/agora.xtec.cat\/escolalabobila\/wp-content\/uploads\/usu2422\/2020\/11\/historia1-300x223.jpg 300w, https:\/\/agora.xtec.cat\/escolalabobila\/wp-content\/uploads\/usu2422\/2020\/11\/historia1-768x571.jpg 768w, https:\/\/agora.xtec.cat\/escolalabobila\/wp-content\/uploads\/usu2422\/2020\/11\/historia1-200x150.jpg 200w\" sizes=\"auto, (max-width: 726px) 100vw, 726px\" \/><\/a><\/p>\n","protected":false},"excerpt":{"rendered":"<p>La hist\u00f2ria\u00a0de l&#8217;Escola La B\u00f2bila\u00a0comen\u00e7a\u00a0el setembre del\u00a0curs 2007-2008 amb dues aules, una de P3 i una P4 d&#8217;educaci\u00f3 infantil, i un claustre format per quatre mestres, tres de les quals formaven part de l&#8217;equip directiu.<br \/>\nAquestes aules es trobaven situades en un m\u00f2dul prefabricat de l&#8217;escola&hellip;  <a href=\"https:\/\/agora.xtec.cat\/escolalabobila\/lescola\/historia\/\" title=\"Read Hist\u00f2ria\">Llegeix m\u00e9s\u00bb<\/a><\/p>\n","protected":false},"author":1,"featured_media":0,"parent":22,"menu_order":20,"comment_status":"closed","ping_status":"closed","template":"page-templates\/side-menu.php","meta":{"_bbp_topic_count":0,"_bbp_reply_count":0,"_bbp_total_topic_count":0,"_bbp_total_reply_count":0,"_bbp_voice_count":0,"_bbp_anonymous_reply_count":0,"_bbp_topic_count_hidden":0,"_bbp_reply_count_hidden":0,"_bbp_forum_subforum_count":0,"footnotes":""},"class_list":["post-26","page","type-page","status-publish","hentry"],"post_mailing_queue_ids":[],"_links":{"self":[{"href":"https:\/\/agora.xtec.cat\/escolalabobila\/wp-json\/wp\/v2\/pages\/26","targetHints":{"allow":["GET"]}}],"collection":[{"href":"https:\/\/agora.xtec.cat\/escolalabobila\/wp-json\/wp\/v2\/pages"}],"about":[{"href":"https:\/\/agora.xtec.cat\/escolalabobila\/wp-json\/wp\/v2\/types\/page"}],"author":[{"embeddable":true,"href":"https:\/\/agora.xtec.cat\/escolalabobila\/wp-json\/wp\/v2\/users\/1"}],"replies":[{"embeddable":true,"href":"https:\/\/agora.xtec.cat\/escolalabobila\/wp-json\/wp\/v2\/comments?post=26"}],"version-history":[{"count":3,"href":"https:\/\/agora.xtec.cat\/escolalabobila\/wp-json\/wp\/v2\/pages\/26\/revisions"}],"predecessor-version":[{"id":479,"href":"https:\/\/agora.xtec.cat\/escolalabobila\/wp-json\/wp\/v2\/pages\/26\/revisions\/479"}],"up":[{"embeddable":true,"href":"https:\/\/agora.xtec.cat\/escolalabobila\/wp-json\/wp\/v2\/pages\/22"}],"wp:attachment":[{"href":"https:\/\/agora.xtec.cat\/escolalabobila\/wp-json\/wp\/v2\/media?parent=26"}],"curies":[{"name":"wp","href":"https:\/\/api.w.org\/{rel}","templated":true}]}}