{"id":64,"date":"2014-09-18T12:39:08","date_gmt":"2014-09-18T12:39:08","guid":{"rendered":"http:\/\/agora.xtec.cat\/escolajverdaguer\/?page_id=64"},"modified":"2026-01-14T12:35:14","modified_gmt":"2026-01-14T11:35:14","slug":"projecte-educatiu","status":"publish","type":"page","link":"https:\/\/agora.xtec.cat\/escolajverdaguer\/projecte-educatiu\/","title":{"rendered":"Projecte Educatiu de Centre"},"content":{"rendered":"<p style=\"text-align: center;\"><a href=\"https:\/\/drive.google.com\/file\/d\/1JeqUNs22kQmZh-Bp45VoENMV0mUEuZZz\/view?usp=share_link\" target=\"_blank\" rel=\"noopener\"><img loading=\"lazy\" decoding=\"async\" class=\"alignnone size-full wp-image-11184\" src=\"https:\/\/agora.xtec.cat\/escolajverdaguer\/wp-content\/uploads\/usu585\/2021\/05\/Captura-de-pantalla-2021-05-10-a-les-15.43.25.png\" alt=\"\" width=\"559\" height=\"818\" srcset=\"https:\/\/agora.xtec.cat\/escolajverdaguer\/wp-content\/uploads\/usu585\/2021\/05\/Captura-de-pantalla-2021-05-10-a-les-15.43.25.png 559w, https:\/\/agora.xtec.cat\/escolajverdaguer\/wp-content\/uploads\/usu585\/2021\/05\/Captura-de-pantalla-2021-05-10-a-les-15.43.25-205x300.png 205w\" sizes=\"auto, (max-width: 559px) 100vw, 559px\" \/><\/a><\/p>\n<p>&nbsp;<\/p>\n<p>Francesc Morilla, Director<\/p>\n<p>Som una escola petita, familiar. Som el que s&#8217;anomena d&#8217;una l\u00ednia. Aquesta \u00e9s una de les gran fortaleses del nostre centre, gaudim de la immediatesa dels moments.<\/p>\n<p>La nostra escola sempre s&#8217;ha caracteritzat per ser un centre innovador i molt implicat en la cerca de l&#8217;excel\u00b7l\u00e8ncia en els resultats acad\u00e8mics. La metodologia de treball \u00e9s per projectes.<\/p>\n<p>Ja en el curs 2005-06 i fins el 2009-10, vam ser centre &#8216;pilot&#8217; del Departament d&#8217;Ensenyament a l&#8217;hora de portar a terme l&#8217;anomenat Pla estrat\u00e8gic: &#8220;Pla d&#8217;autonomia de Centre&#8221;, aconseguint aix\u00ed:<\/p>\n<ul>\n<li>definir una l\u00ednia d&#8217;escola molt clara i definida cap a l&#8217;excel\u00b7l\u00e8ncia educativa (cada any hem estat sotmesos a revisi\u00f3 dels resultats, m\u00e9s enll\u00e0 dels ja establerts pel Departament, precisament per ser centre &#8220;pilot&#8221;).<\/li>\n<li>rebre importants aportacions econ\u00f2miques per desenvolupar el Pla d&#8217;autonomia.<\/li>\n<li>perfilar-seleccionar part de la nostra plantilla, aconseguint aix\u00ed una &#8216;plus&#8217; en la qualitat i implicaci\u00f3 dels nostres mestres en el Projecte Educatiu del Centre.<\/li>\n<\/ul>\n<p>Els 3 eixos vertebradors que guien la nostra tasca s\u00f3n:<\/p>\n<p>&#8211; La <strong>implementaci\u00f3 tecnol\u00f2gica<\/strong>: cada alumne\/a disposa d&#8217;un tablet, totes les aules estan dotades de pissarres digitals, lectors de documents i connectivitat de 4\u00aageneraci\u00f3. Per a donar sentit i unitat a totes aquestes eines diposem d&#8217;una plataforma educativa en la que els alumnes, pares i mestres es poden comunicar molt f\u00e0cilment. Nosaltres diem entorn sist\u00e8mic.<\/p>\n<p>&#8211; L&#8217;<strong>angl\u00e8s<\/strong> \u00e9s considerada una llengua molt important des de ben petits. Comen\u00e7a a integrar-se i impartir-se en el curr\u00edculum des d&#8217;educaci\u00f3 infantil (psicomotricitat, &#8230;)<\/p>\n<p>Els alumnes d&#8217;educaci\u00f3 prim\u00e0ria (1r a 6\u00e8) estudien:<\/p>\n<ul>\n<li>3 classes d&#8217;angl\u00e8s a la setmana, una d&#8217;elles en grup reduit.<\/li>\n<li>Les &#8216;col\u00f2nies escolars&#8217; de 4t i 5\u00e8 es realitzen en angl\u00e8s com a llengua vehicular.<\/li>\n<li>Extraescolar d&#8217;angl\u00e8s Infantil i Prim\u00e0ria a un preu molt econ\u00f2mic per a les fam\u00edlies.<\/li>\n<li>Participem en projectes europeus: Etwinnig.<\/li>\n<li>Som &#8216;centre acollidor&#8217; de mestres estrangers dintre del Projecte Erasmus+<\/li>\n<\/ul>\n<p>&#8211; <strong>Les emocions<\/strong> s\u00f3n l&#8217;eix vertebrador de tota la nostra tasca. El nostre lema \u00e9s que si un nen est\u00e0 emocionalment b\u00e9 est\u00e0 preparat per enfrontar-se a tots els aprenentatges. Tenim un projecte que s&#8217;inicia a <strong>Educaci\u00f3 Infantil<\/strong> amb l&#8217;objectiu de saber <span style=\"color: #ff0000;\">recon\u00e8ixer les emocions<\/span>; a <strong>Cicle Inicial<\/strong> (1r i 2n de prim\u00e0ria) es realitza una feina m\u00e9s profunda en la <span style=\"color: #ff0000;\">din\u00e0mica de grups<\/span> per assolir un clima de confian\u00e7a, respecte i de tranquil\u00b7litat; posteriorment al <strong>Cicle Mitj\u00e0<\/strong> (3r i 4t) es fa un treball m\u00e9s profund i espec\u00edfic de les <span style=\"color: #ff0000;\">habilitats socials<\/span> per tal de poder ser aut\u00f2noms en la resoluci\u00f3 de conflictes i saber triar en cada ocasi\u00f3 l&#8217;estrat\u00e8gia m\u00e9s adequada a l&#8217;hora d&#8217;enfrontar-se als seus propis problemes; i, finalment, al <strong>Cicle Superior<\/strong> (5\u00e8 i 6\u00e8), s&#8217;adquireixen les habilitats necess\u00e0ries per a ser els <strong>mediadors<\/strong> de l&#8217;escola a sis\u00e8, treballant l&#8217;empatia, l&#8217;assertivitat i l&#8217;objectivitat a l&#8217;hora d&#8217;ajudar a resoldre els conflictes dels companys.<\/p>\n<p>La nostra escola potencia la lectura sistem\u00e0tica en totes les \u00e0rees i mat\u00e8ries del curr\u00edculum al llarg de tota l&#8217;escolaritat b\u00e0sica per augmentar la compet\u00e8ncia comunicativa i ling\u00fc\u00edstica i el desenvolupament de l&#8217;h\u00e0bit lector dels infants i joves, sense oblidar que la compet\u00e8ncia lectora \u00e9s la base de molts aprenentatges i un requisit per participar amb \u00e8xit en bona part dels \u00e0mbits de la vida adulta.<\/p>\n<p><a href=\"https:\/\/drive.google.com\/file\/d\/1LOYxonITPnfxhoNt32m9UmFLeYhaGZMZ\/view?usp=sharing\" target=\"_blank\" rel=\"noopener\"><img loading=\"lazy\" decoding=\"async\" class=\"wp-image-12131 aligncenter\" src=\"https:\/\/agora.xtec.cat\/escolajverdaguer\/wp-content\/uploads\/usu585\/2023\/07\/PdD_1-1-scaled.jpg\" alt=\"\" width=\"466\" height=\"660\" srcset=\"https:\/\/agora.xtec.cat\/escolajverdaguer\/wp-content\/uploads\/usu585\/2023\/07\/PdD_1-1-scaled.jpg 1809w, https:\/\/agora.xtec.cat\/escolajverdaguer\/wp-content\/uploads\/usu585\/2023\/07\/PdD_1-1-212x300.jpg 212w, https:\/\/agora.xtec.cat\/escolajverdaguer\/wp-content\/uploads\/usu585\/2023\/07\/PdD_1-1-723x1024.jpg 723w, https:\/\/agora.xtec.cat\/escolajverdaguer\/wp-content\/uploads\/usu585\/2023\/07\/PdD_1-1-768x1087.jpg 768w, https:\/\/agora.xtec.cat\/escolajverdaguer\/wp-content\/uploads\/usu585\/2023\/07\/PdD_1-1-1085x1536.jpg 1085w, https:\/\/agora.xtec.cat\/escolajverdaguer\/wp-content\/uploads\/usu585\/2023\/07\/PdD_1-1-1447x2048.jpg 1447w\" sizes=\"auto, (max-width: 466px) 100vw, 466px\" \/><\/a><\/p>\n<p>&nbsp;<\/p>\n<p><a href=\"https:\/\/drive.google.com\/file\/d\/10YbvjinfQ8V84u6LRaA5DsG7tzmvuhr9\/view?usp=sharing\" target=\"_blank\" rel=\"noopener noreferrer\">Llei Educativa de Catalunya<\/a><\/p>\n","protected":false},"excerpt":{"rendered":"<p>&nbsp; Francesc Morilla, Director Som una escola petita, familiar. Som el que s&#8217;anomena d&#8217;una l\u00ednia. Aquesta \u00e9s una de les gran fortaleses del nostre centre, gaudim de la immediatesa dels moments. La nostra escola sempre s&#8217;ha caracteritzat per ser un centre innovador i molt implicat en la cerca de l&#8217;excel\u00b7l\u00e8ncia en els resultats acad\u00e8mics. La [&hellip;]<\/p>\n","protected":false},"author":2,"featured_media":0,"parent":0,"menu_order":0,"comment_status":"closed","ping_status":"closed","template":"","meta":{"_bbp_topic_count":0,"_bbp_reply_count":0,"_bbp_total_topic_count":0,"_bbp_total_reply_count":0,"_bbp_voice_count":0,"_bbp_anonymous_reply_count":0,"_bbp_topic_count_hidden":0,"_bbp_reply_count_hidden":0,"_bbp_forum_subforum_count":0,"site-sidebar-layout":"default","site-content-layout":"","ast-site-content-layout":"default","site-content-style":"default","site-sidebar-style":"default","ast-global-header-display":"","ast-banner-title-visibility":"","ast-main-header-display":"","ast-hfb-above-header-display":"","ast-hfb-below-header-display":"","ast-hfb-mobile-header-display":"","site-post-title":"","ast-breadcrumbs-content":"","ast-featured-img":"","footer-sml-layout":"","theme-transparent-header-meta":"default","adv-header-id-meta":"","stick-header-meta":"","header-above-stick-meta":"","header-main-stick-meta":"","header-below-stick-meta":"","astra-migrate-meta-layouts":"set","ast-page-background-enabled":"default","ast-page-background-meta":{"desktop":{"background-color":"var(--ast-global-color-4)","background-image":"","background-repeat":"repeat","background-position":"center center","background-size":"auto","background-attachment":"scroll","background-type":"","background-media":"","overlay-type":"","overlay-color":"","overlay-opacity":"","overlay-gradient":""},"tablet":{"background-color":"","background-image":"","background-repeat":"repeat","background-position":"center center","background-size":"auto","background-attachment":"scroll","background-type":"","background-media":"","overlay-type":"","overlay-color":"","overlay-opacity":"","overlay-gradient":""},"mobile":{"background-color":"","background-image":"","background-repeat":"repeat","background-position":"center center","background-size":"auto","background-attachment":"scroll","background-type":"","background-media":"","overlay-type":"","overlay-color":"","overlay-opacity":"","overlay-gradient":""}},"ast-content-background-meta":{"desktop":{"background-color":"var(--ast-global-color-5)","background-image":"","background-repeat":"repeat","background-position":"center center","background-size":"auto","background-attachment":"scroll","background-type":"","background-media":"","overlay-type":"","overlay-color":"","overlay-opacity":"","overlay-gradient":""},"tablet":{"background-color":"var(--ast-global-color-5)","background-image":"","background-repeat":"repeat","background-position":"center center","background-size":"auto","background-attachment":"scroll","background-type":"","background-media":"","overlay-type":"","overlay-color":"","overlay-opacity":"","overlay-gradient":""},"mobile":{"background-color":"var(--ast-global-color-5)","background-image":"","background-repeat":"repeat","background-position":"center center","background-size":"auto","background-attachment":"scroll","background-type":"","background-media":"","overlay-type":"","overlay-color":"","overlay-opacity":"","overlay-gradient":""}},"footnotes":""},"class_list":["post-64","page","type-page","status-publish","hentry"],"post_mailing_queue_ids":[],"_links":{"self":[{"href":"https:\/\/agora.xtec.cat\/escolajverdaguer\/wp-json\/wp\/v2\/pages\/64","targetHints":{"allow":["GET"]}}],"collection":[{"href":"https:\/\/agora.xtec.cat\/escolajverdaguer\/wp-json\/wp\/v2\/pages"}],"about":[{"href":"https:\/\/agora.xtec.cat\/escolajverdaguer\/wp-json\/wp\/v2\/types\/page"}],"author":[{"embeddable":true,"href":"https:\/\/agora.xtec.cat\/escolajverdaguer\/wp-json\/wp\/v2\/users\/2"}],"replies":[{"embeddable":true,"href":"https:\/\/agora.xtec.cat\/escolajverdaguer\/wp-json\/wp\/v2\/comments?post=64"}],"version-history":[{"count":6,"href":"https:\/\/agora.xtec.cat\/escolajverdaguer\/wp-json\/wp\/v2\/pages\/64\/revisions"}],"predecessor-version":[{"id":12891,"href":"https:\/\/agora.xtec.cat\/escolajverdaguer\/wp-json\/wp\/v2\/pages\/64\/revisions\/12891"}],"wp:attachment":[{"href":"https:\/\/agora.xtec.cat\/escolajverdaguer\/wp-json\/wp\/v2\/media?parent=64"}],"curies":[{"name":"wp","href":"https:\/\/api.w.org\/{rel}","templated":true}]}}

<p style="text-align: center;"><a href="https://drive.google.com/file/d/1JeqUNs22kQmZh-Bp45VoENMV0mUEuZZz/view?usp=share_link" target="_blank" rel="noopener"><img loading="lazy" decoding="async" class="alignnone size-full wp-image-11184" src="https://agora.xtec.cat/escolajverdaguer/wp-content/uploads/usu585/2021/05/Captura-de-pantalla-2021-05-10-a-les-15.43.25.png" alt="" width="559" height="818" srcset="https://agora.xtec.cat/escolajverdaguer/wp-content/uploads/usu585/2021/05/Captura-de-pantalla-2021-05-10-a-les-15.43.25.png 559w, https://agora.xtec.cat/escolajverdaguer/wp-content/uploads/usu585/2021/05/Captura-de-pantalla-2021-05-10-a-les-15.43.25-205x300.png 205w" sizes="auto, (max-width: 559px) 100vw, 559px" /></a></p>
<p>&nbsp;</p>
<p>Francesc Morilla, Director</p>
<p>Som una escola petita, familiar. Som el que s&#8217;anomena d&#8217;una línia. Aquesta és una de les gran fortaleses del nostre centre, gaudim de la immediatesa dels moments.</p>
<p>La nostra escola sempre s&#8217;ha caracteritzat per ser un centre innovador i molt implicat en la cerca de l&#8217;excel·lència en els resultats acadèmics. La metodologia de treball és per projectes.</p>
<p>Ja en el curs 2005-06 i fins el 2009-10, vam ser centre &#8216;pilot&#8217; del Departament d&#8217;Ensenyament a l&#8217;hora de portar a terme l&#8217;anomenat Pla estratègic: &#8220;Pla d&#8217;autonomia de Centre&#8221;, aconseguint així:</p>
<ul>
<li>definir una línia d&#8217;escola molt clara i definida cap a l&#8217;excel·lència educativa (cada any hem estat sotmesos a revisió dels resultats, més enllà dels ja establerts pel Departament, precisament per ser centre &#8220;pilot&#8221;).</li>
<li>rebre importants aportacions econòmiques per desenvolupar el Pla d&#8217;autonomia.</li>
<li>perfilar-seleccionar part de la nostra plantilla, aconseguint així una &#8216;plus&#8217; en la qualitat i implicació dels nostres mestres en el Projecte Educatiu del Centre.</li>
</ul>
<p>Els 3 eixos vertebradors que guien la nostra tasca són:</p>
<p>&#8211; La <strong>implementació tecnològica</strong>: cada alumne/a disposa d&#8217;un tablet, totes les aules estan dotades de pissarres digitals, lectors de documents i connectivitat de 4ªgeneració. Per a donar sentit i unitat a totes aquestes eines diposem d&#8217;una plataforma educativa en la que els alumnes, pares i mestres es poden comunicar molt fàcilment. Nosaltres diem entorn sistèmic.</p>
<p>&#8211; L&#8217;<strong>anglès</strong> és considerada una llengua molt important des de ben petits. Comença a integrar-se i impartir-se en el currículum des d&#8217;educació infantil (psicomotricitat, &#8230;)</p>
<p>Els alumnes d&#8217;educació primària (1r a 6è) estudien:</p>
<ul>
<li>3 classes d&#8217;anglès a la setmana, una d&#8217;elles en grup reduit.</li>
<li>Les &#8216;colònies escolars&#8217; de 4t i 5è es realitzen en anglès com a llengua vehicular.</li>
<li>Extraescolar d&#8217;anglès Infantil i Primària a un preu molt econòmic per a les famílies.</li>
<li>Participem en projectes europeus: Etwinnig.</li>
<li>Som &#8216;centre acollidor&#8217; de mestres estrangers dintre del Projecte Erasmus+</li>
</ul>
<p>&#8211; <strong>Les emocions</strong> són l&#8217;eix vertebrador de tota la nostra tasca. El nostre lema és que si un nen està emocionalment bé està preparat per enfrontar-se a tots els aprenentatges. Tenim un projecte que s&#8217;inicia a <strong>Educació Infantil</strong> amb l&#8217;objectiu de saber <span style="color: #ff0000;">reconèixer les emocions</span>; a <strong>Cicle Inicial</strong> (1r i 2n de primària) es realitza una feina més profunda en la <span style="color: #ff0000;">dinàmica de grups</span> per assolir un clima de confiança, respecte i de tranquil·litat; posteriorment al <strong>Cicle Mitjà</strong> (3r i 4t) es fa un treball més profund i específic de les <span style="color: #ff0000;">habilitats socials</span> per tal de poder ser autònoms en la resolució de conflictes i saber triar en cada ocasió l&#8217;estratègia més adequada a l&#8217;hora d&#8217;enfrontar-se als seus propis problemes; i, finalment, al <strong>Cicle Superior</strong> (5è i 6è), s&#8217;adquireixen les habilitats necessàries per a ser els <strong>mediadors</strong> de l&#8217;escola a sisè, treballant l&#8217;empatia, l&#8217;assertivitat i l&#8217;objectivitat a l&#8217;hora d&#8217;ajudar a resoldre els conflictes dels companys.</p>
<p>La nostra escola potencia la lectura sistemàtica en totes les àrees i matèries del currículum al llarg de tota l&#8217;escolaritat bàsica per augmentar la competència comunicativa i lingüística i el desenvolupament de l&#8217;hàbit lector dels infants i joves, sense oblidar que la competència lectora és la base de molts aprenentatges i un requisit per participar amb èxit en bona part dels àmbits de la vida adulta.</p>
<p><a href="https://drive.google.com/file/d/1LOYxonITPnfxhoNt32m9UmFLeYhaGZMZ/view?usp=sharing" target="_blank" rel="noopener"><img loading="lazy" decoding="async" class="wp-image-12131 aligncenter" src="https://agora.xtec.cat/escolajverdaguer/wp-content/uploads/usu585/2023/07/PdD_1-1-scaled.jpg" alt="" width="466" height="660" srcset="https://agora.xtec.cat/escolajverdaguer/wp-content/uploads/usu585/2023/07/PdD_1-1-scaled.jpg 1809w, https://agora.xtec.cat/escolajverdaguer/wp-content/uploads/usu585/2023/07/PdD_1-1-212x300.jpg 212w, https://agora.xtec.cat/escolajverdaguer/wp-content/uploads/usu585/2023/07/PdD_1-1-723x1024.jpg 723w, https://agora.xtec.cat/escolajverdaguer/wp-content/uploads/usu585/2023/07/PdD_1-1-768x1087.jpg 768w, https://agora.xtec.cat/escolajverdaguer/wp-content/uploads/usu585/2023/07/PdD_1-1-1085x1536.jpg 1085w, https://agora.xtec.cat/escolajverdaguer/wp-content/uploads/usu585/2023/07/PdD_1-1-1447x2048.jpg 1447w" sizes="auto, (max-width: 466px) 100vw, 466px" /></a></p>
<p>&nbsp;</p>
<p><a href="https://drive.google.com/file/d/10YbvjinfQ8V84u6LRaA5DsG7tzmvuhr9/view?usp=sharing" target="_blank" rel="noopener noreferrer">Llei Educativa de Catalunya</a></p>

<p>&nbsp; Francesc Morilla, Director Som una escola petita, familiar. Som el que s&#8217;anomena d&#8217;una línia. Aquesta és una de les gran fortaleses del nostre centre, gaudim de la immediatesa dels moments. La nostra escola sempre s&#8217;ha caracteritzat per ser un centre innovador i molt implicat en la cerca de l&#8217;excel·lència en els resultats acadèmics. La [&hellip;]</p>
