{"id":201,"date":"2015-12-03T19:43:14","date_gmt":"2015-12-03T18:43:14","guid":{"rendered":"http:\/\/agora.xtec.cat\/escolajverdaguer\/?page_id=201"},"modified":"2022-03-14T10:44:00","modified_gmt":"2022-03-14T09:44:00","slug":"funcions-de-lampa","status":"publish","type":"page","link":"https:\/\/agora.xtec.cat\/escolajverdaguer\/ampa\/funcions-de-lampa\/","title":{"rendered":"Funcions de l&#8217;AFA"},"content":{"rendered":"<header>Les nostres funcions, en general, s\u00f3n col-laborar en tot el que podem en l\u2019escola pel bon funcionament de la mateixa,\u00a0per\u00f2 perqu\u00e8 tingueu una lleugera idea, us detallem la nostra feina:<\/header>\n<p><span style=\"color: #ff0000;\">\u00a0<\/span><\/p>\n<p><a href=\"https:\/\/agora.xtec.cat\/escolajverdaguer\/wp-content\/uploads\/usu585\/2022\/03\/Captura-de-pantalla-2021-09-17-a-les-15.58.12-768x526-1.png\"><img loading=\"lazy\" decoding=\"async\" class=\"size-full wp-image-11675 aligncenter\" src=\"https:\/\/agora.xtec.cat\/escolajverdaguer\/wp-content\/uploads\/usu585\/2022\/03\/Captura-de-pantalla-2021-09-17-a-les-15.58.12-768x526-1.png\" alt=\"\" width=\"768\" height=\"526\" srcset=\"https:\/\/agora.xtec.cat\/escolajverdaguer\/wp-content\/uploads\/usu585\/2022\/03\/Captura-de-pantalla-2021-09-17-a-les-15.58.12-768x526-1.png 768w, https:\/\/agora.xtec.cat\/escolajverdaguer\/wp-content\/uploads\/usu585\/2022\/03\/Captura-de-pantalla-2021-09-17-a-les-15.58.12-768x526-1-300x205.png 300w\" sizes=\"auto, (max-width: 768px) 100vw, 768px\" \/><\/a><\/p>\n<p>&nbsp;<\/p>\n<p>&nbsp;<\/p>\n<ul>\n<li>Tramitaci\u00f3 de la roba corporativa de l\u2019escola.<\/li>\n<li>Col-laboraci\u00f3 amb les empresses que gestionen el menjador i l\u2019Extraescolars.<\/li>\n<li>Activitats vinculades al Pla d\u2019Entorn de Castelldefels.<\/li>\n<li>Col-laboraci\u00f3 en les festes que es celebren a l\u2019escola (castanyada, Carnestoltes, Fi de curs\u2026) i a nivell de coordinadora d\u2019Ampas (Sant Jordi, \u2026)<\/li>\n<li>Col\u00b7laboraci\u00f3 amb la comissi\u00f3 de la biblioteca.<\/li>\n<li>Coordinaci\u00f3 a trav\u00e9s de les mares delegades de classe: LLigam entre els pares de cada curs i els mestres<\/li>\n<li>Intercanvi de llibres: Fam\u00edlies que fan donacions quan ha acabat el curs i es poden aprofitar com a borsa de llibres o fam\u00edlies amb necessitats. Tamb\u00e9 intercanvi de llibres per St. Jordi.<\/li>\n<\/ul>\n","protected":false},"excerpt":{"rendered":"<p>Les nostres funcions, en general, s\u00f3n col-laborar en tot el que podem en l\u2019escola pel bon funcionament de la mateixa,\u00a0per\u00f2 perqu\u00e8 tingueu una lleugera idea, us detallem la nostra feina: \u00a0 &nbsp; &nbsp; Tramitaci\u00f3 de la roba corporativa de l\u2019escola. Col-laboraci\u00f3 amb les empresses que gestionen el menjador i l\u2019Extraescolars. Activitats vinculades al Pla d\u2019Entorn [&hellip;]<\/p>\n","protected":false},"author":1,"featured_media":0,"parent":281,"menu_order":0,"comment_status":"closed","ping_status":"closed","template":"page-templates\/side-menu.php","meta":{"_bbp_topic_count":0,"_bbp_reply_count":0,"_bbp_total_topic_count":0,"_bbp_total_reply_count":0,"_bbp_voice_count":0,"_bbp_anonymous_reply_count":0,"_bbp_topic_count_hidden":0,"_bbp_reply_count_hidden":0,"_bbp_forum_subforum_count":0,"site-sidebar-layout":"default","site-content-layout":"","ast-site-content-layout":"","site-content-style":"default","site-sidebar-style":"default","ast-global-header-display":"","ast-banner-title-visibility":"","ast-main-header-display":"","ast-hfb-above-header-display":"","ast-hfb-below-header-display":"","ast-hfb-mobile-header-display":"","site-post-title":"","ast-breadcrumbs-content":"","ast-featured-img":"","footer-sml-layout":"","theme-transparent-header-meta":"","adv-header-id-meta":"","stick-header-meta":"","header-above-stick-meta":"","header-main-stick-meta":"","header-below-stick-meta":"","astra-migrate-meta-layouts":"default","ast-page-background-enabled":"default","ast-page-background-meta":{"desktop":{"background-color":"var(--ast-global-color-4)","background-image":"","background-repeat":"repeat","background-position":"center center","background-size":"auto","background-attachment":"scroll","background-type":"","background-media":"","overlay-type":"","overlay-color":"","overlay-opacity":"","overlay-gradient":""},"tablet":{"background-color":"","background-image":"","background-repeat":"repeat","background-position":"center center","background-size":"auto","background-attachment":"scroll","background-type":"","background-media":"","overlay-type":"","overlay-color":"","overlay-opacity":"","overlay-gradient":""},"mobile":{"background-color":"","background-image":"","background-repeat":"repeat","background-position":"center center","background-size":"auto","background-attachment":"scroll","background-type":"","background-media":"","overlay-type":"","overlay-color":"","overlay-opacity":"","overlay-gradient":""}},"ast-content-background-meta":{"desktop":{"background-color":"var(--ast-global-color-5)","background-image":"","background-repeat":"repeat","background-position":"center center","background-size":"auto","background-attachment":"scroll","background-type":"","background-media":"","overlay-type":"","overlay-color":"","overlay-opacity":"","overlay-gradient":""},"tablet":{"background-color":"var(--ast-global-color-5)","background-image":"","background-repeat":"repeat","background-position":"center center","background-size":"auto","background-attachment":"scroll","background-type":"","background-media":"","overlay-type":"","overlay-color":"","overlay-opacity":"","overlay-gradient":""},"mobile":{"background-color":"var(--ast-global-color-5)","background-image":"","background-repeat":"repeat","background-position":"center center","background-size":"auto","background-attachment":"scroll","background-type":"","background-media":"","overlay-type":"","overlay-color":"","overlay-opacity":"","overlay-gradient":""}},"footnotes":""},"class_list":["post-201","page","type-page","status-publish","hentry"],"post_mailing_queue_ids":[],"_links":{"self":[{"href":"https:\/\/agora.xtec.cat\/escolajverdaguer\/wp-json\/wp\/v2\/pages\/201","targetHints":{"allow":["GET"]}}],"collection":[{"href":"https:\/\/agora.xtec.cat\/escolajverdaguer\/wp-json\/wp\/v2\/pages"}],"about":[{"href":"https:\/\/agora.xtec.cat\/escolajverdaguer\/wp-json\/wp\/v2\/types\/page"}],"author":[{"embeddable":true,"href":"https:\/\/agora.xtec.cat\/escolajverdaguer\/wp-json\/wp\/v2\/users\/1"}],"replies":[{"embeddable":true,"href":"https:\/\/agora.xtec.cat\/escolajverdaguer\/wp-json\/wp\/v2\/comments?post=201"}],"version-history":[{"count":3,"href":"https:\/\/agora.xtec.cat\/escolajverdaguer\/wp-json\/wp\/v2\/pages\/201\/revisions"}],"predecessor-version":[{"id":11677,"href":"https:\/\/agora.xtec.cat\/escolajverdaguer\/wp-json\/wp\/v2\/pages\/201\/revisions\/11677"}],"up":[{"embeddable":true,"href":"https:\/\/agora.xtec.cat\/escolajverdaguer\/wp-json\/wp\/v2\/pages\/281"}],"wp:attachment":[{"href":"https:\/\/agora.xtec.cat\/escolajverdaguer\/wp-json\/wp\/v2\/media?parent=201"}],"curies":[{"name":"wp","href":"https:\/\/api.w.org\/{rel}","templated":true}]}}