{"id":197,"date":"2015-12-03T19:38:48","date_gmt":"2015-12-03T18:38:48","guid":{"rendered":"http:\/\/agora.xtec.cat\/escolajverdaguer\/?page_id=197"},"modified":"2022-11-05T10:03:44","modified_gmt":"2022-11-05T09:03:44","slug":"organigrama","status":"publish","type":"page","link":"https:\/\/agora.xtec.cat\/escolajverdaguer\/ampa\/organigrama\/","title":{"rendered":"Organigrama"},"content":{"rendered":"<p class=\"main-inner1\"><strong>Presidenta: <\/strong><em><span style=\"color: #0000ff;\">Juani C\u00edvico<\/span><\/em><strong><br \/>\n<\/strong><\/p>\n<p class=\"main-inner1\"><strong>Vicepresidenta: <\/strong><em><span style=\"color: #0000ff;\">Sara Lago<\/span><\/em><strong><br \/>\n<\/strong><\/p>\n<p class=\"main-inner1\"><strong>Tresorer: <\/strong><span style=\"color: #0000ff;\"><em>Juan Rodr\u00edguez<\/em><\/span><strong><br \/>\n<\/strong><\/p>\n<p class=\"main-inner1\"><strong>Secret\u00e0ria: <\/strong><span style=\"color: #0000ff;\"><em>Ana Fern\u00e1ndez<\/em><\/span><strong><br \/>\n<\/strong><\/p>\n<p class=\"main-inner1\"><strong>Representaci\u00f3 al Consell Escolar: <\/strong><em><span style=\"color: #0000ff;\">Raquel \u00c1lvarez<\/span><\/em><strong><br \/>\n<\/strong><\/p>\n<p class=\"main-inner1\"><strong>Comissi\u00f3 FAPAC:<\/strong><\/p>\n<p class=\"main-inner1\"><strong>Comissi\u00f3 menjador:<\/strong><\/p>\n<p class=\"main-inner1\"><strong>Comissi\u00f3 extraescolars:<\/strong><\/p>\n<p class=\"main-inner1\"><strong>Comissi\u00f3 xarxes socials:<br \/>\n<\/strong><\/p>\n<p class=\"main-inner1\"><strong>Comissi\u00f3 biblioteca:<\/strong><\/p>\n<p class=\"main-inner1\"><strong>Comissi\u00f3 festes:<\/strong><\/p>\n<p>&nbsp;<\/p>\n<p>&nbsp;<\/p>\n<p>&nbsp;<\/p>\n","protected":false},"excerpt":{"rendered":"<p>Presidenta: Juani C\u00edvico Vicepresidenta: Sara Lago Tresorer: Juan Rodr\u00edguez Secret\u00e0ria: Ana Fern\u00e1ndez Representaci\u00f3 al Consell Escolar: Raquel \u00c1lvarez Comissi\u00f3 FAPAC: Comissi\u00f3 menjador: Comissi\u00f3 extraescolars: Comissi\u00f3 xarxes socials: Comissi\u00f3 biblioteca: Comissi\u00f3 festes: &nbsp; &nbsp; &nbsp;<\/p>\n","protected":false},"author":1,"featured_media":0,"parent":281,"menu_order":0,"comment_status":"closed","ping_status":"closed","template":"page-templates\/side-menu.php","meta":{"_bbp_topic_count":0,"_bbp_reply_count":0,"_bbp_total_topic_count":0,"_bbp_total_reply_count":0,"_bbp_voice_count":0,"_bbp_anonymous_reply_count":0,"_bbp_topic_count_hidden":0,"_bbp_reply_count_hidden":0,"_bbp_forum_subforum_count":0,"site-sidebar-layout":"default","site-content-layout":"","ast-site-content-layout":"","site-content-style":"default","site-sidebar-style":"default","ast-global-header-display":"","ast-banner-title-visibility":"","ast-main-header-display":"","ast-hfb-above-header-display":"","ast-hfb-below-header-display":"","ast-hfb-mobile-header-display":"","site-post-title":"","ast-breadcrumbs-content":"","ast-featured-img":"","footer-sml-layout":"","theme-transparent-header-meta":"","adv-header-id-meta":"","stick-header-meta":"","header-above-stick-meta":"","header-main-stick-meta":"","header-below-stick-meta":"","astra-migrate-meta-layouts":"default","ast-page-background-enabled":"default","ast-page-background-meta":{"desktop":{"background-color":"var(--ast-global-color-4)","background-image":"","background-repeat":"repeat","background-position":"center center","background-size":"auto","background-attachment":"scroll","background-type":"","background-media":"","overlay-type":"","overlay-color":"","overlay-opacity":"","overlay-gradient":""},"tablet":{"background-color":"","background-image":"","background-repeat":"repeat","background-position":"center center","background-size":"auto","background-attachment":"scroll","background-type":"","background-media":"","overlay-type":"","overlay-color":"","overlay-opacity":"","overlay-gradient":""},"mobile":{"background-color":"","background-image":"","background-repeat":"repeat","background-position":"center center","background-size":"auto","background-attachment":"scroll","background-type":"","background-media":"","overlay-type":"","overlay-color":"","overlay-opacity":"","overlay-gradient":""}},"ast-content-background-meta":{"desktop":{"background-color":"var(--ast-global-color-5)","background-image":"","background-repeat":"repeat","background-position":"center center","background-size":"auto","background-attachment":"scroll","background-type":"","background-media":"","overlay-type":"","overlay-color":"","overlay-opacity":"","overlay-gradient":""},"tablet":{"background-color":"var(--ast-global-color-5)","background-image":"","background-repeat":"repeat","background-position":"center center","background-size":"auto","background-attachment":"scroll","background-type":"","background-media":"","overlay-type":"","overlay-color":"","overlay-opacity":"","overlay-gradient":""},"mobile":{"background-color":"var(--ast-global-color-5)","background-image":"","background-repeat":"repeat","background-position":"center center","background-size":"auto","background-attachment":"scroll","background-type":"","background-media":"","overlay-type":"","overlay-color":"","overlay-opacity":"","overlay-gradient":""}},"footnotes":""},"class_list":["post-197","page","type-page","status-publish","hentry"],"post_mailing_queue_ids":[],"_links":{"self":[{"href":"https:\/\/agora.xtec.cat\/escolajverdaguer\/wp-json\/wp\/v2\/pages\/197","targetHints":{"allow":["GET"]}}],"collection":[{"href":"https:\/\/agora.xtec.cat\/escolajverdaguer\/wp-json\/wp\/v2\/pages"}],"about":[{"href":"https:\/\/agora.xtec.cat\/escolajverdaguer\/wp-json\/wp\/v2\/types\/page"}],"author":[{"embeddable":true,"href":"https:\/\/agora.xtec.cat\/escolajverdaguer\/wp-json\/wp\/v2\/users\/1"}],"replies":[{"embeddable":true,"href":"https:\/\/agora.xtec.cat\/escolajverdaguer\/wp-json\/wp\/v2\/comments?post=197"}],"version-history":[{"count":4,"href":"https:\/\/agora.xtec.cat\/escolajverdaguer\/wp-json\/wp\/v2\/pages\/197\/revisions"}],"predecessor-version":[{"id":11957,"href":"https:\/\/agora.xtec.cat\/escolajverdaguer\/wp-json\/wp\/v2\/pages\/197\/revisions\/11957"}],"up":[{"embeddable":true,"href":"https:\/\/agora.xtec.cat\/escolajverdaguer\/wp-json\/wp\/v2\/pages\/281"}],"wp:attachment":[{"href":"https:\/\/agora.xtec.cat\/escolajverdaguer\/wp-json\/wp\/v2\/media?parent=197"}],"curies":[{"name":"wp","href":"https:\/\/api.w.org\/{rel}","templated":true}]}}

<p class="main-inner1"><strong>Presidenta: </strong><em><span style="color: #0000ff;">Juani Cívico</span></em><strong><br />
</strong></p>
<p class="main-inner1"><strong>Vicepresidenta: </strong><em><span style="color: #0000ff;">Sara Lago</span></em><strong><br />
</strong></p>
<p class="main-inner1"><strong>Tresorer: </strong><span style="color: #0000ff;"><em>Juan Rodríguez</em></span><strong><br />
</strong></p>
<p class="main-inner1"><strong>Secretària: </strong><span style="color: #0000ff;"><em>Ana Fernández</em></span><strong><br />
</strong></p>
<p class="main-inner1"><strong>Representació al Consell Escolar: </strong><em><span style="color: #0000ff;">Raquel Álvarez</span></em><strong><br />
</strong></p>
<p class="main-inner1"><strong>Comissió FAPAC:</strong></p>
<p class="main-inner1"><strong>Comissió menjador:</strong></p>
<p class="main-inner1"><strong>Comissió extraescolars:</strong></p>
<p class="main-inner1"><strong>Comissió xarxes socials:<br />
</strong></p>
<p class="main-inner1"><strong>Comissió biblioteca:</strong></p>
<p class="main-inner1"><strong>Comissió festes:</strong></p>
<p>&nbsp;</p>
<p>&nbsp;</p>
<p>&nbsp;</p>

<p>Presidenta: Juani Cívico Vicepresidenta: Sara Lago Tresorer: Juan Rodríguez Secretària: Ana Fernández Representació al Consell Escolar: Raquel Álvarez Comissió FAPAC: Comissió menjador: Comissió extraescolars: Comissió xarxes socials: Comissió biblioteca: Comissió festes: &nbsp; &nbsp; &nbsp;</p>
