{"id":10253,"date":"2019-10-01T18:44:56","date_gmt":"2019-10-01T16:44:56","guid":{"rendered":"http:\/\/agora.xtec.cat\/escolajverdaguer\/?page_id=10253"},"modified":"2020-01-21T21:35:56","modified_gmt":"2020-01-21T20:35:56","slug":"projectes-dinnovacio","status":"publish","type":"page","link":"https:\/\/agora.xtec.cat\/escolajverdaguer\/projecte-educatiu\/projectes-dinnovacio\/","title":{"rendered":"Projectes d&#8217;innovaci\u00f3"},"content":{"rendered":"<p style=\"text-align: left;\"><a href=\"https:\/\/agora.xtec.cat\/mobilsedu\/\" target=\"_blank\" rel=\"noopener noreferrer\"><strong>Projecte d&#8217;innovaci\u00f3: m\u00f2bil.edu<\/strong><\/a><\/p>\n<p style=\"text-align: left;\"><a href=\"https:\/\/www.youtube.com\/watch?v=2vTamla7i60&amp;feature=youtu.be\" target=\"_blank\" rel=\"noopener noreferrer\"><img loading=\"lazy\" decoding=\"async\" class=\"alignnone wp-image-10324\" src=\"https:\/\/agora.xtec.cat\/escolajverdaguer\/wp-content\/uploads\/usu585\/2019\/11\/Captura-de-pantalla-2019-11-05-a-las-19.42.19.png\" alt=\"\" width=\"316\" height=\"156\" srcset=\"https:\/\/agora.xtec.cat\/escolajverdaguer\/wp-content\/uploads\/usu585\/2019\/11\/Captura-de-pantalla-2019-11-05-a-las-19.42.19.png 1276w, https:\/\/agora.xtec.cat\/escolajverdaguer\/wp-content\/uploads\/usu585\/2019\/11\/Captura-de-pantalla-2019-11-05-a-las-19.42.19-300x148.png 300w, https:\/\/agora.xtec.cat\/escolajverdaguer\/wp-content\/uploads\/usu585\/2019\/11\/Captura-de-pantalla-2019-11-05-a-las-19.42.19-768x379.png 768w, https:\/\/agora.xtec.cat\/escolajverdaguer\/wp-content\/uploads\/usu585\/2019\/11\/Captura-de-pantalla-2019-11-05-a-las-19.42.19-1024x506.png 1024w\" sizes=\"auto, (max-width: 316px) 100vw, 316px\" \/><\/a><\/p>\n<p style=\"text-align: left;\"><a href=\"http:\/\/xtec.gencat.cat\/ca\/centres\/projeducatiu\/convivencia\/aquiproubullying\/\" target=\"_blank\" rel=\"noopener noreferrer\"><strong>Projecte d&#8217;innovaci\u00f3: #Aqu\u00edproubullying<\/strong><\/a><\/p>\n<p style=\"text-align: left;\"><a href=\"https:\/\/www.youtube.com\/watch?v=dOP7NraKp-Q\" target=\"_blank\" rel=\"noopener noreferrer\"><img loading=\"lazy\" decoding=\"async\" class=\"alignnone wp-image-10323\" src=\"https:\/\/agora.xtec.cat\/escolajverdaguer\/wp-content\/uploads\/usu585\/2019\/11\/Captura-de-pantalla-2019-11-05-a-las-19.39.29.png\" alt=\"\" width=\"340\" height=\"148\" srcset=\"https:\/\/agora.xtec.cat\/escolajverdaguer\/wp-content\/uploads\/usu585\/2019\/11\/Captura-de-pantalla-2019-11-05-a-las-19.39.29.png 1279w, https:\/\/agora.xtec.cat\/escolajverdaguer\/wp-content\/uploads\/usu585\/2019\/11\/Captura-de-pantalla-2019-11-05-a-las-19.39.29-300x131.png 300w, https:\/\/agora.xtec.cat\/escolajverdaguer\/wp-content\/uploads\/usu585\/2019\/11\/Captura-de-pantalla-2019-11-05-a-las-19.39.29-768x334.png 768w, https:\/\/agora.xtec.cat\/escolajverdaguer\/wp-content\/uploads\/usu585\/2019\/11\/Captura-de-pantalla-2019-11-05-a-las-19.39.29-1024x446.png 1024w\" sizes=\"auto, (max-width: 340px) 100vw, 340px\" \/><\/a><\/p>\n<p style=\"text-align: left;\"><a href=\"http:\/\/xtec.gencat.cat\/ca\/comunitat\/salutescola\/programa-salut-integral\/\" target=\"_blank\" rel=\"noopener noreferrer\"><strong>Projecte d&#8217;innovaci\u00f3: Salut Integral<\/strong><\/a><\/p>\n<p style=\"text-align: left;\"><a href=\"http:\/\/xtec.gencat.cat\/ca\/comunitat\/salutescola\/programa-salut-integral\/\" target=\"_blank\" rel=\"noopener noreferrer\"><img loading=\"lazy\" decoding=\"async\" class=\"alignnone wp-image-10321\" src=\"https:\/\/agora.xtec.cat\/escolajverdaguer\/wp-content\/uploads\/usu585\/2019\/11\/Captura-de-pantalla-2019-11-05-a-las-19.32.55.png\" alt=\"\" width=\"303\" height=\"34\" srcset=\"https:\/\/agora.xtec.cat\/escolajverdaguer\/wp-content\/uploads\/usu585\/2019\/11\/Captura-de-pantalla-2019-11-05-a-las-19.32.55.png 454w, https:\/\/agora.xtec.cat\/escolajverdaguer\/wp-content\/uploads\/usu585\/2019\/11\/Captura-de-pantalla-2019-11-05-a-las-19.32.55-300x34.png 300w\" sizes=\"auto, (max-width: 303px) 100vw, 303px\" \/><\/a><\/p>\n<p style=\"text-align: left;\"><a href=\"http:\/\/xtec.gencat.cat\/ca\/comunitat\/esportescola\/\" target=\"_blank\" rel=\"noopener noreferrer\"><strong>Projecte d&#8217;innovaci\u00f3: Pla Catal\u00e0 de l&#8217;Esport<\/strong><\/a><\/p>\n<p style=\"text-align: left;\"><a href=\"http:\/\/xtec.gencat.cat\/ca\/comunitat\/esportescola\/\" target=\"_blank\" rel=\"noopener noreferrer\"><img loading=\"lazy\" decoding=\"async\" class=\"alignnone wp-image-10325\" src=\"https:\/\/agora.xtec.cat\/escolajverdaguer\/wp-content\/uploads\/usu585\/2019\/11\/Captura-de-pantalla-2019-11-05-a-las-19.50.58.png\" alt=\"\" width=\"309\" height=\"32\" srcset=\"https:\/\/agora.xtec.cat\/escolajverdaguer\/wp-content\/uploads\/usu585\/2019\/11\/Captura-de-pantalla-2019-11-05-a-las-19.50.58.png 473w, https:\/\/agora.xtec.cat\/escolajverdaguer\/wp-content\/uploads\/usu585\/2019\/11\/Captura-de-pantalla-2019-11-05-a-las-19.50.58-300x31.png 300w\" sizes=\"auto, (max-width: 309px) 100vw, 309px\" \/><\/a><\/p>\n<p style=\"text-align: left;\"><a href=\"http:\/\/xtec.gencat.cat\/ca\/curriculum\/xarxacb\" target=\"_blank\" rel=\"noopener noreferrer\"><strong>Projecte Xarxa de Compet\u00e8ncies B\u00e0siques<\/strong><\/a><\/p>\n<p><a href=\"https:\/\/www.youtube.com\/watch?v=sEy4HAzjr4Y\" target=\"_blank\" rel=\"noopener noreferrer\"><img loading=\"lazy\" decoding=\"async\" class=\"alignnone wp-image-10320 alignleft\" src=\"https:\/\/agora.xtec.cat\/escolajverdaguer\/wp-content\/uploads\/usu585\/2019\/11\/Captura-de-pantalla-2019-11-05-a-las-19.31.16.png\" alt=\"\" width=\"332\" height=\"164\" srcset=\"https:\/\/agora.xtec.cat\/escolajverdaguer\/wp-content\/uploads\/usu585\/2019\/11\/Captura-de-pantalla-2019-11-05-a-las-19.31.16.png 1283w, https:\/\/agora.xtec.cat\/escolajverdaguer\/wp-content\/uploads\/usu585\/2019\/11\/Captura-de-pantalla-2019-11-05-a-las-19.31.16-300x148.png 300w, https:\/\/agora.xtec.cat\/escolajverdaguer\/wp-content\/uploads\/usu585\/2019\/11\/Captura-de-pantalla-2019-11-05-a-las-19.31.16-768x380.png 768w, https:\/\/agora.xtec.cat\/escolajverdaguer\/wp-content\/uploads\/usu585\/2019\/11\/Captura-de-pantalla-2019-11-05-a-las-19.31.16-1024x506.png 1024w\" sizes=\"auto, (max-width: 332px) 100vw, 332px\" \/><\/a><\/p>\n<p>&nbsp;<\/p>\n<p>&nbsp;<\/p>\n<p>&nbsp;<\/p>\n<p>&nbsp;<\/p>\n<p>&nbsp;<\/p>\n","protected":false},"excerpt":{"rendered":"<p>Projecte d&#8217;innovaci\u00f3: m\u00f2bil.edu Projecte d&#8217;innovaci\u00f3: #Aqu\u00edproubullying Projecte d&#8217;innovaci\u00f3: Salut Integral Projecte d&#8217;innovaci\u00f3: Pla Catal\u00e0 de l&#8217;Esport Projecte Xarxa de Compet\u00e8ncies B\u00e0siques &nbsp; &nbsp; &nbsp; &nbsp; &nbsp;<\/p>\n","protected":false},"author":1,"featured_media":0,"parent":64,"menu_order":0,"comment_status":"closed","ping_status":"closed","template":"page-templates\/side-menu.php","meta":{"_bbp_topic_count":0,"_bbp_reply_count":0,"_bbp_total_topic_count":0,"_bbp_total_reply_count":0,"_bbp_voice_count":0,"_bbp_anonymous_reply_count":0,"_bbp_topic_count_hidden":0,"_bbp_reply_count_hidden":0,"_bbp_forum_subforum_count":0,"site-sidebar-layout":"default","site-content-layout":"","ast-site-content-layout":"","site-content-style":"default","site-sidebar-style":"default","ast-global-header-display":"","ast-banner-title-visibility":"","ast-main-header-display":"","ast-hfb-above-header-display":"","ast-hfb-below-header-display":"","ast-hfb-mobile-header-display":"","site-post-title":"","ast-breadcrumbs-content":"","ast-featured-img":"","footer-sml-layout":"","theme-transparent-header-meta":"","adv-header-id-meta":"","stick-header-meta":"","header-above-stick-meta":"","header-main-stick-meta":"","header-below-stick-meta":"","astra-migrate-meta-layouts":"default","ast-page-background-enabled":"default","ast-page-background-meta":{"desktop":{"background-color":"var(--ast-global-color-4)","background-image":"","background-repeat":"repeat","background-position":"center center","background-size":"auto","background-attachment":"scroll","background-type":"","background-media":"","overlay-type":"","overlay-color":"","overlay-opacity":"","overlay-gradient":""},"tablet":{"background-color":"","background-image":"","background-repeat":"repeat","background-position":"center center","background-size":"auto","background-attachment":"scroll","background-type":"","background-media":"","overlay-type":"","overlay-color":"","overlay-opacity":"","overlay-gradient":""},"mobile":{"background-color":"","background-image":"","background-repeat":"repeat","background-position":"center center","background-size":"auto","background-attachment":"scroll","background-type":"","background-media":"","overlay-type":"","overlay-color":"","overlay-opacity":"","overlay-gradient":""}},"ast-content-background-meta":{"desktop":{"background-color":"var(--ast-global-color-5)","background-image":"","background-repeat":"repeat","background-position":"center center","background-size":"auto","background-attachment":"scroll","background-type":"","background-media":"","overlay-type":"","overlay-color":"","overlay-opacity":"","overlay-gradient":""},"tablet":{"background-color":"var(--ast-global-color-5)","background-image":"","background-repeat":"repeat","background-position":"center center","background-size":"auto","background-attachment":"scroll","background-type":"","background-media":"","overlay-type":"","overlay-color":"","overlay-opacity":"","overlay-gradient":""},"mobile":{"background-color":"var(--ast-global-color-5)","background-image":"","background-repeat":"repeat","background-position":"center center","background-size":"auto","background-attachment":"scroll","background-type":"","background-media":"","overlay-type":"","overlay-color":"","overlay-opacity":"","overlay-gradient":""}},"footnotes":""},"class_list":["post-10253","page","type-page","status-publish","hentry"],"post_mailing_queue_ids":[],"_links":{"self":[{"href":"https:\/\/agora.xtec.cat\/escolajverdaguer\/wp-json\/wp\/v2\/pages\/10253","targetHints":{"allow":["GET"]}}],"collection":[{"href":"https:\/\/agora.xtec.cat\/escolajverdaguer\/wp-json\/wp\/v2\/pages"}],"about":[{"href":"https:\/\/agora.xtec.cat\/escolajverdaguer\/wp-json\/wp\/v2\/types\/page"}],"author":[{"embeddable":true,"href":"https:\/\/agora.xtec.cat\/escolajverdaguer\/wp-json\/wp\/v2\/users\/1"}],"replies":[{"embeddable":true,"href":"https:\/\/agora.xtec.cat\/escolajverdaguer\/wp-json\/wp\/v2\/comments?post=10253"}],"version-history":[{"count":3,"href":"https:\/\/agora.xtec.cat\/escolajverdaguer\/wp-json\/wp\/v2\/pages\/10253\/revisions"}],"predecessor-version":[{"id":10400,"href":"https:\/\/agora.xtec.cat\/escolajverdaguer\/wp-json\/wp\/v2\/pages\/10253\/revisions\/10400"}],"up":[{"embeddable":true,"href":"https:\/\/agora.xtec.cat\/escolajverdaguer\/wp-json\/wp\/v2\/pages\/64"}],"wp:attachment":[{"href":"https:\/\/agora.xtec.cat\/escolajverdaguer\/wp-json\/wp\/v2\/media?parent=10253"}],"curies":[{"name":"wp","href":"https:\/\/api.w.org\/{rel}","templated":true}]}}