{"id":66,"date":"2014-09-18T12:40:47","date_gmt":"2014-09-18T11:40:47","guid":{"rendered":"http:\/\/agora.xtec.cat\/escolajungfrau\/?page_id=66"},"modified":"2023-11-17T10:09:00","modified_gmt":"2023-11-17T09:09:00","slug":"serveis","status":"publish","type":"page","link":"https:\/\/agora.xtec.cat\/escolajungfrau\/serveis\/","title":{"rendered":"SERVEIS"},"content":{"rendered":"<ul>\n<li>CANGURATGE: de 8 a 9h<\/li>\n<li>MENJADOR. L\u2019escola disposa de servei de menjador amb cuina en el propi centre obert a tots els nens i nenes. Aquest servei funciona des de les 12,30h h fins les 15h.<\/li>\n<\/ul>\n<p>Totes les fam\u00edlies que necessiteu el servei de Menjador i\/o Cangur de 8h a 9h , heu de parlar directament amb les persones encarregades d\u2019aquests serveis:<\/p>\n<p>El preu del servei varia segons el nombre de dies setmanals que s\u2019utilitza.<\/p>\n<p>Per m\u00e9s informaci\u00f3 aneu a<\/p>\n<p><a href=\"http:\/\/afa.escolajungfrau.net\/comissions\/serveis-externs\/menjador\/\" target=\"_blank\" rel=\"noopener\">http:\/\/afa.escolajungfrau.net\/comissions\/serveis-externs\/menjador\/<\/a><\/p>\n<ul>\n<li>ACTIVITATS EXTRAESCOLARS. Aquestes activitats estan organitzades per\u00a0<a href=\"http:\/\/escolajungfrau.net\/ampa\/comissions\/extraescolars\/\" target=\"_blank\" rel=\"noopener\">l\u2019AFA<\/a>. Hi ha una oferta \u00e0mplia i variada: psicomotricitat, ritmes i coordinaci\u00f3, manualitats, teatre, m\u00fasica, multiesport, b\u00e0squet, futbol, piscina,\u2026\u00a0Tamb\u00e9 se n\u2019oferten per a pares i mares: aer\u00f2bic, tai-chi, b\u00e0squet, futbol,\u2026<\/li>\n<\/ul>\n<ul>\n<li>CASALS. Se\u2019n fan tres: Nadal, Setmana Santa i estiu, coincidint amb les vacances escolars. Estan organitzats tamb\u00e9 per\u00a0<a href=\"http:\/\/escolajungfrau.net\/ampa\/comissions\/casals\/\" target=\"_blank\" rel=\"noopener\">l\u2019AFA<\/a><\/li>\n<\/ul>\n","protected":false},"excerpt":{"rendered":"<ul>\n<li>CANGURATGE: de 8 a 9h<\/li>\n<li>MENJADOR. L\u2019escola disposa de servei de menjador amb cuina en el propi centre obert a tots els nens i nenes. Aquest servei funciona des de les 12,30h h fins les 15h.<\/li>\n<\/ul>\n<p>Totes les fam\u00edlies que necessiteu el servei de Menjador i\/o Cangur&hellip;  <a href=\"https:\/\/agora.xtec.cat\/escolajungfrau\/serveis\/\" title=\"Read SERVEIS\">Llegeix m\u00e9s\u00bb<\/a><\/p>\n","protected":false},"author":1,"featured_media":0,"parent":0,"menu_order":0,"comment_status":"closed","ping_status":"closed","template":"page-templates\/side-menu.php","meta":{"_bbp_topic_count":0,"_bbp_reply_count":0,"_bbp_total_topic_count":0,"_bbp_total_reply_count":0,"_bbp_voice_count":0,"_bbp_anonymous_reply_count":0,"_bbp_topic_count_hidden":0,"_bbp_reply_count_hidden":0,"_bbp_forum_subforum_count":0,"footnotes":""},"class_list":["post-66","page","type-page","status-publish","hentry"],"post_mailing_queue_ids":[],"_links":{"self":[{"href":"https:\/\/agora.xtec.cat\/escolajungfrau\/wp-json\/wp\/v2\/pages\/66","targetHints":{"allow":["GET"]}}],"collection":[{"href":"https:\/\/agora.xtec.cat\/escolajungfrau\/wp-json\/wp\/v2\/pages"}],"about":[{"href":"https:\/\/agora.xtec.cat\/escolajungfrau\/wp-json\/wp\/v2\/types\/page"}],"author":[{"embeddable":true,"href":"https:\/\/agora.xtec.cat\/escolajungfrau\/wp-json\/wp\/v2\/users\/1"}],"replies":[{"embeddable":true,"href":"https:\/\/agora.xtec.cat\/escolajungfrau\/wp-json\/wp\/v2\/comments?post=66"}],"version-history":[{"count":4,"href":"https:\/\/agora.xtec.cat\/escolajungfrau\/wp-json\/wp\/v2\/pages\/66\/revisions"}],"predecessor-version":[{"id":9886,"href":"https:\/\/agora.xtec.cat\/escolajungfrau\/wp-json\/wp\/v2\/pages\/66\/revisions\/9886"}],"wp:attachment":[{"href":"https:\/\/agora.xtec.cat\/escolajungfrau\/wp-json\/wp\/v2\/media?parent=66"}],"curies":[{"name":"wp","href":"https:\/\/api.w.org\/{rel}","templated":true}]}}