{"id":509,"date":"2022-11-29T11:00:35","date_gmt":"2022-11-29T10:00:35","guid":{"rendered":"https:\/\/agora.xtec.cat\/escolajungfrau\/?page_id=509"},"modified":"2025-01-13T11:16:16","modified_gmt":"2025-01-13T10:16:16","slug":"escola-verda","status":"publish","type":"page","link":"https:\/\/agora.xtec.cat\/escolajungfrau\/projecte-educatiu\/escola-verda\/","title":{"rendered":"Escola verda"},"content":{"rendered":"<p style=\"text-align: left;\"><img decoding=\"async\" class=\"alignleft\" src=\"https:\/\/agora.xtec.cat\/escolajungfrau\/wp-content\/uploads\/usu2358\/2016\/07\/verda.jpg?w=648\" alt=\"verda\" \/>La\u00a0<strong>sostenibilitat<\/strong> \u00e9s un repte col\u00b7lectiu que nom\u00e9s \u00e9s possible amb la participaci\u00f3 i acci\u00f3 de tots. Des de l\u2019any 2015 som escola verda. Treballem per educar en el respecte i cura del medi ambient, \u00a0tot prenent consci\u00e8ncia de les pr\u00f2pies accions i la incid\u00e8ncia d\u2019aquestes en el nostre entorn natural. Formem part de la Xarxa d\u2019Escoles de Badalona per la Sostenibilitat.<\/p>\n<p><a href=\"http:\/\/mediambient.gencat.cat\/ca\/05_ambits_dactuacio\/educacio_i_sostenibilitat\/educacio_per_a_la_sostenibilitat\/escoles_verdes\/\">Clica l\u2019enlla\u00e7 escoles verdes<\/a><\/p>\n<p>&nbsp;<\/p>\n<p>Accions que hem anat realitzant aquests anys s\u00f3n:<\/p>\n<ul>\n<li>Creaci\u00f3 de la figura dels delegats\/es verds a totes les classes de prim\u00e0ria.<\/li>\n<li>Creaci\u00f3 d\u2019un comit\u00e8 Verd format per pares\/mares, mestres, alumnes, altres responsables que d\u2019una manera o una altra intervenen a l\u2019escola.<\/li>\n<li>Selecci\u00f3 dels residus i organitzaci\u00f3 d\u2019aquesta recollida (compostatge a l\u2019hort\u2026).<\/li>\n<li><a href=\"https:\/\/agora.xtec.cat\/escolajungfrau\/projecte-educatiu\/escola-verda\/lhort-a-lescola\/\">L\u2019hort escolar.<\/a><\/li>\n<li>Generalitzaci\u00f3 de l\u2019\u00fas de carmanyola i cantimplora, per tal de reduir l\u2019\u00fas dels envasos no reutilitzables i de l\u2019alumini.<\/li>\n<li>Ampliaci\u00f3 d\u2019espais l\u00fadics i verds.<\/li>\n<li>Estalvi energ\u00e8tic.<\/li>\n<li>Celebraci\u00f3 del dia mundial del medi ambient.<\/li>\n<li>Creaci\u00f3 d\u2019una cartellera verda.<\/li>\n<\/ul>\n<p>La nostra escola \u00e9s escola verda clica aqu\u00ed per veure:\u00a0<a href=\"http:\/\/xarxaescolesbdnsostenibilitat.blogspot.com.es\/\" target=\"_blank\" rel=\"noopener\">Escoles verdes de Badalona<\/a><\/p>\n","protected":false},"excerpt":{"rendered":"<p>La\u00a0sostenibilitat \u00e9s un repte col\u00b7lectiu que nom\u00e9s \u00e9s possible amb la participaci\u00f3 i acci\u00f3 de tots. Des de l\u2019any 2015 som escola verda. Treballem per educar en el respecte i cura del medi ambient, \u00a0tot prenent consci\u00e8ncia de les pr\u00f2pies accions i la incid\u00e8ncia d\u2019aquestes&hellip;  <a href=\"https:\/\/agora.xtec.cat\/escolajungfrau\/projecte-educatiu\/escola-verda\/\" title=\"Read Escola verda\">Llegeix m\u00e9s\u00bb<\/a><\/p>\n","protected":false},"author":3,"featured_media":0,"parent":64,"menu_order":5,"comment_status":"closed","ping_status":"closed","template":"page-templates\/side-menu.php","meta":{"_bbp_topic_count":0,"_bbp_reply_count":0,"_bbp_total_topic_count":0,"_bbp_total_reply_count":0,"_bbp_voice_count":0,"_bbp_anonymous_reply_count":0,"_bbp_topic_count_hidden":0,"_bbp_reply_count_hidden":0,"_bbp_forum_subforum_count":0,"footnotes":""},"class_list":["post-509","page","type-page","status-publish","hentry"],"post_mailing_queue_ids":[],"_links":{"self":[{"href":"https:\/\/agora.xtec.cat\/escolajungfrau\/wp-json\/wp\/v2\/pages\/509","targetHints":{"allow":["GET"]}}],"collection":[{"href":"https:\/\/agora.xtec.cat\/escolajungfrau\/wp-json\/wp\/v2\/pages"}],"about":[{"href":"https:\/\/agora.xtec.cat\/escolajungfrau\/wp-json\/wp\/v2\/types\/page"}],"author":[{"embeddable":true,"href":"https:\/\/agora.xtec.cat\/escolajungfrau\/wp-json\/wp\/v2\/users\/3"}],"replies":[{"embeddable":true,"href":"https:\/\/agora.xtec.cat\/escolajungfrau\/wp-json\/wp\/v2\/comments?post=509"}],"version-history":[{"count":6,"href":"https:\/\/agora.xtec.cat\/escolajungfrau\/wp-json\/wp\/v2\/pages\/509\/revisions"}],"predecessor-version":[{"id":22313,"href":"https:\/\/agora.xtec.cat\/escolajungfrau\/wp-json\/wp\/v2\/pages\/509\/revisions\/22313"}],"up":[{"embeddable":true,"href":"https:\/\/agora.xtec.cat\/escolajungfrau\/wp-json\/wp\/v2\/pages\/64"}],"wp:attachment":[{"href":"https:\/\/agora.xtec.cat\/escolajungfrau\/wp-json\/wp\/v2\/media?parent=509"}],"curies":[{"name":"wp","href":"https:\/\/api.w.org\/{rel}","templated":true}]}}