{"id":22479,"date":"2025-02-10T11:59:36","date_gmt":"2025-02-10T10:59:36","guid":{"rendered":"https:\/\/agora.xtec.cat\/escolajungfrau\/?page_id=22479"},"modified":"2025-02-11T10:44:59","modified_gmt":"2025-02-11T09:44:59","slug":"infantil","status":"publish","type":"page","link":"https:\/\/agora.xtec.cat\/escolajungfrau\/els-nostres-infants\/infantil\/","title":{"rendered":"Infantil"},"content":{"rendered":"<p>&nbsp;<\/p>\n<p><a href=\"https:\/\/agora.xtec.cat\/escolajungfrau\/wp-content\/uploads\/usu2358\/2025\/01\/colonies-EI-min-scaled.jpg\"><img loading=\"lazy\" decoding=\"async\" class=\"alignnone size-large wp-image-22337\" src=\"https:\/\/agora.xtec.cat\/escolajungfrau\/wp-content\/uploads\/usu2358\/2025\/01\/colonies-EI-min-1024x771.jpg\" alt=\"\" width=\"1024\" height=\"771\" srcset=\"https:\/\/agora.xtec.cat\/escolajungfrau\/wp-content\/uploads\/usu2358\/2025\/01\/colonies-EI-min-1024x771.jpg 1024w, https:\/\/agora.xtec.cat\/escolajungfrau\/wp-content\/uploads\/usu2358\/2025\/01\/colonies-EI-min-300x226.jpg 300w, https:\/\/agora.xtec.cat\/escolajungfrau\/wp-content\/uploads\/usu2358\/2025\/01\/colonies-EI-min-768x578.jpg 768w, https:\/\/agora.xtec.cat\/escolajungfrau\/wp-content\/uploads\/usu2358\/2025\/01\/colonies-EI-min-1536x1157.jpg 1536w, https:\/\/agora.xtec.cat\/escolajungfrau\/wp-content\/uploads\/usu2358\/2025\/01\/colonies-EI-min-2048x1542.jpg 2048w, https:\/\/agora.xtec.cat\/escolajungfrau\/wp-content\/uploads\/usu2358\/2025\/01\/colonies-EI-min-200x150.jpg 200w\" sizes=\"auto, (max-width: 1024px) 100vw, 1024px\" \/><\/a><\/p>\n<p><a href=\"https:\/\/agora.xtec.cat\/escolajungfrau\/categoria\/infantil\/\">Si cliqueu aqu\u00ed, trobareu la p\u00e0gina de la nostra web on es publiquen tots els articles publicats relacionats amb el nivell d&#8217;educaci\u00f3 infantil.<\/a><\/p>\n","protected":false},"excerpt":{"rendered":"<p>&nbsp;<br \/>\n<a href=\"https:\/\/agora.xtec.cat\/escolajungfrau\/wp-content\/uploads\/usu2358\/2025\/01\/colonies-EI-min-scaled.jpg\"><\/a><br \/>\n<a href=\"https:\/\/agora.xtec.cat\/escolajungfrau\/categoria\/infantil\/\">Si cliqueu aqu\u00ed, trobareu la p\u00e0gina de la nostra web on es publiquen tots els articles publicats relacionats amb el nivell d&#8217;educaci\u00f3 infantil.<\/a><\/p>\n","protected":false},"author":3,"featured_media":0,"parent":543,"menu_order":1,"comment_status":"closed","ping_status":"closed","template":"page-templates\/side-menu.php","meta":{"_bbp_topic_count":0,"_bbp_reply_count":0,"_bbp_total_topic_count":0,"_bbp_total_reply_count":0,"_bbp_voice_count":0,"_bbp_anonymous_reply_count":0,"_bbp_topic_count_hidden":0,"_bbp_reply_count_hidden":0,"_bbp_forum_subforum_count":0,"footnotes":""},"class_list":["post-22479","page","type-page","status-publish","hentry"],"post_mailing_queue_ids":[],"_links":{"self":[{"href":"https:\/\/agora.xtec.cat\/escolajungfrau\/wp-json\/wp\/v2\/pages\/22479","targetHints":{"allow":["GET"]}}],"collection":[{"href":"https:\/\/agora.xtec.cat\/escolajungfrau\/wp-json\/wp\/v2\/pages"}],"about":[{"href":"https:\/\/agora.xtec.cat\/escolajungfrau\/wp-json\/wp\/v2\/types\/page"}],"author":[{"embeddable":true,"href":"https:\/\/agora.xtec.cat\/escolajungfrau\/wp-json\/wp\/v2\/users\/3"}],"replies":[{"embeddable":true,"href":"https:\/\/agora.xtec.cat\/escolajungfrau\/wp-json\/wp\/v2\/comments?post=22479"}],"version-history":[{"count":5,"href":"https:\/\/agora.xtec.cat\/escolajungfrau\/wp-json\/wp\/v2\/pages\/22479\/revisions"}],"predecessor-version":[{"id":22518,"href":"https:\/\/agora.xtec.cat\/escolajungfrau\/wp-json\/wp\/v2\/pages\/22479\/revisions\/22518"}],"up":[{"embeddable":true,"href":"https:\/\/agora.xtec.cat\/escolajungfrau\/wp-json\/wp\/v2\/pages\/543"}],"wp:attachment":[{"href":"https:\/\/agora.xtec.cat\/escolajungfrau\/wp-json\/wp\/v2\/media?parent=22479"}],"curies":[{"name":"wp","href":"https:\/\/api.w.org\/{rel}","templated":true}]}}