{"id":10057,"date":"2024-01-09T10:16:28","date_gmt":"2024-01-09T09:16:28","guid":{"rendered":"https:\/\/agora.xtec.cat\/escolajungfrau\/?page_id=10057"},"modified":"2025-01-14T13:00:27","modified_gmt":"2025-01-14T12:00:27","slug":"sant-jordi","status":"publish","type":"page","link":"https:\/\/agora.xtec.cat\/escolajungfrau\/projecte-educatiu\/festes\/sant-jordi\/","title":{"rendered":"Sant Jordi"},"content":{"rendered":"<h4 id=\"stjordi\"><\/h4>\n<p>Cada any, a l\u2019escola es celebra la festa de Sant Jordi.<\/p>\n<p>\u00c9s la festa de la nostra cultura catalana i com a tal, es pensen diverses activitats relacionades amb aquest fet. Cada curs se\u2019n fan algunes de noves i d\u2019altres que ja s\u00f3n tradici\u00f3 a la nostra escola. Per\u00f2 sempre l\u2019eix central \u00e9s el llibre.<\/p>\n<p>El dia de Sant Jordi ens trobem tots junts per celebrar-ho.<\/p>\n<p>Tampoc hi pot faltar la llegenda de Sant Jordi que la representen els Edelweis per la resta de l\u2019escola. Ja n\u2019\u00e9s tradici\u00f3.<\/p>\n<p>La treballen a la classe,\u00a0s\u2019aprenen el text, assagen\u00a0i es busquen o es fan el vestuari adient.<\/p>\n<p><a href=\"https:\/\/agora.xtec.cat\/escolajungfrau\/wp-content\/uploads\/usu2358\/2023\/11\/1682064146803-2.jpg\"><img loading=\"lazy\" decoding=\"async\" class=\"aligncenter wp-image-9930\" src=\"https:\/\/agora.xtec.cat\/escolajungfrau\/wp-content\/uploads\/usu2358\/2023\/11\/1682064146803-2-1024x515.jpg\" alt=\"\" width=\"654\" height=\"329\" srcset=\"https:\/\/agora.xtec.cat\/escolajungfrau\/wp-content\/uploads\/usu2358\/2023\/11\/1682064146803-2-1024x515.jpg 1024w, https:\/\/agora.xtec.cat\/escolajungfrau\/wp-content\/uploads\/usu2358\/2023\/11\/1682064146803-2-300x151.jpg 300w, https:\/\/agora.xtec.cat\/escolajungfrau\/wp-content\/uploads\/usu2358\/2023\/11\/1682064146803-2-768x386.jpg 768w, https:\/\/agora.xtec.cat\/escolajungfrau\/wp-content\/uploads\/usu2358\/2023\/11\/1682064146803-2-1536x773.jpg 1536w, https:\/\/agora.xtec.cat\/escolajungfrau\/wp-content\/uploads\/usu2358\/2023\/11\/1682064146803-2-2048x1030.jpg 2048w\" sizes=\"auto, (max-width: 654px) 100vw, 654px\" \/><\/a><\/p>\n<p>&nbsp;<\/p>\n<p>Tampoc hi pot faltar la lectura compartida!!! \u00c9s bon dia per gaudir d&#8217;una lectura d&#8217;un conte amb bona companyia!!!<\/p>\n<p><a href=\"https:\/\/agora.xtec.cat\/escolajungfrau\/wp-content\/uploads\/usu2358\/2023\/11\/1682075762101a.jpg\"><img loading=\"lazy\" decoding=\"async\" class=\"size-large wp-image-9934 aligncenter\" src=\"https:\/\/agora.xtec.cat\/escolajungfrau\/wp-content\/uploads\/usu2358\/2023\/11\/1682075762101a-1024x398.jpg\" alt=\"\" width=\"1024\" height=\"398\" srcset=\"https:\/\/agora.xtec.cat\/escolajungfrau\/wp-content\/uploads\/usu2358\/2023\/11\/1682075762101a-1024x398.jpg 1024w, https:\/\/agora.xtec.cat\/escolajungfrau\/wp-content\/uploads\/usu2358\/2023\/11\/1682075762101a-300x117.jpg 300w, https:\/\/agora.xtec.cat\/escolajungfrau\/wp-content\/uploads\/usu2358\/2023\/11\/1682075762101a-768x298.jpg 768w, https:\/\/agora.xtec.cat\/escolajungfrau\/wp-content\/uploads\/usu2358\/2023\/11\/1682075762101a-1536x597.jpg 1536w, https:\/\/agora.xtec.cat\/escolajungfrau\/wp-content\/uploads\/usu2358\/2023\/11\/1682075762101a.jpg 1645w\" sizes=\"auto, (max-width: 1024px) 100vw, 1024px\" \/><\/a><\/p>\n<p>&nbsp;<\/p>\n<p><a href=\"https:\/\/agora.xtec.cat\/escolajungfrau\/wp-content\/uploads\/usu2358\/2023\/11\/1682075837858-2.jpg\"><img loading=\"lazy\" decoding=\"async\" class=\"aligncenter wp-image-9931\" src=\"https:\/\/agora.xtec.cat\/escolajungfrau\/wp-content\/uploads\/usu2358\/2023\/11\/1682075837858-2-1024x625.jpg\" alt=\"\" width=\"716\" height=\"437\" srcset=\"https:\/\/agora.xtec.cat\/escolajungfrau\/wp-content\/uploads\/usu2358\/2023\/11\/1682075837858-2-1024x625.jpg 1024w, https:\/\/agora.xtec.cat\/escolajungfrau\/wp-content\/uploads\/usu2358\/2023\/11\/1682075837858-2-300x183.jpg 300w, https:\/\/agora.xtec.cat\/escolajungfrau\/wp-content\/uploads\/usu2358\/2023\/11\/1682075837858-2-768x469.jpg 768w, https:\/\/agora.xtec.cat\/escolajungfrau\/wp-content\/uploads\/usu2358\/2023\/11\/1682075837858-2.jpg 1180w\" sizes=\"auto, (max-width: 716px) 100vw, 716px\" \/><\/a><\/p>\n<p>&nbsp;<\/p>\n<p><a href=\"https:\/\/agora.xtec.cat\/escolajungfrau\/wp-content\/uploads\/usu2358\/2023\/11\/IMG-20230421-WA0012.jpg\"><img loading=\"lazy\" decoding=\"async\" class=\"wp-image-9932 aligncenter\" src=\"https:\/\/agora.xtec.cat\/escolajungfrau\/wp-content\/uploads\/usu2358\/2023\/11\/IMG-20230421-WA0012-1024x478.jpg\" alt=\"\" width=\"733\" height=\"342\" srcset=\"https:\/\/agora.xtec.cat\/escolajungfrau\/wp-content\/uploads\/usu2358\/2023\/11\/IMG-20230421-WA0012-1024x478.jpg 1024w, https:\/\/agora.xtec.cat\/escolajungfrau\/wp-content\/uploads\/usu2358\/2023\/11\/IMG-20230421-WA0012-300x140.jpg 300w, https:\/\/agora.xtec.cat\/escolajungfrau\/wp-content\/uploads\/usu2358\/2023\/11\/IMG-20230421-WA0012-768x359.jpg 768w, https:\/\/agora.xtec.cat\/escolajungfrau\/wp-content\/uploads\/usu2358\/2023\/11\/IMG-20230421-WA0012-1536x717.jpg 1536w, https:\/\/agora.xtec.cat\/escolajungfrau\/wp-content\/uploads\/usu2358\/2023\/11\/IMG-20230421-WA0012.jpg 2000w\" sizes=\"auto, (max-width: 733px) 100vw, 733px\" \/><\/a><\/p>\n<p><a href=\"https:\/\/agora.xtec.cat\/escolajungfrau\/wp-content\/uploads\/usu2358\/2023\/11\/1682075795921-2.jpg\"><img loading=\"lazy\" decoding=\"async\" class=\"wp-image-9933 aligncenter\" src=\"https:\/\/agora.xtec.cat\/escolajungfrau\/wp-content\/uploads\/usu2358\/2023\/11\/1682075795921-2.jpg\" alt=\"\" width=\"717\" height=\"650\" srcset=\"https:\/\/agora.xtec.cat\/escolajungfrau\/wp-content\/uploads\/usu2358\/2023\/11\/1682075795921-2.jpg 921w, https:\/\/agora.xtec.cat\/escolajungfrau\/wp-content\/uploads\/usu2358\/2023\/11\/1682075795921-2-300x272.jpg 300w, https:\/\/agora.xtec.cat\/escolajungfrau\/wp-content\/uploads\/usu2358\/2023\/11\/1682075795921-2-768x697.jpg 768w\" sizes=\"auto, (max-width: 717px) 100vw, 717px\" \/><\/a><\/p>\n<p>&nbsp;<\/p>\n<p>&nbsp;<\/p>\n<h4 id=\"dimoni\"><\/h4>\n","protected":false},"excerpt":{"rendered":"<p>Cada any, a l\u2019escola es celebra la festa de Sant Jordi.<br \/>\n\u00c9s la festa de la nostra cultura catalana i com a tal, es pensen diverses activitats relacionades amb aquest fet. Cada curs se\u2019n fan algunes de noves i d\u2019altres que ja s\u00f3n tradici\u00f3 a la&hellip;  <a href=\"https:\/\/agora.xtec.cat\/escolajungfrau\/projecte-educatiu\/festes\/sant-jordi\/\" title=\"Read Sant Jordi\">Llegeix m\u00e9s\u00bb<\/a><\/p>\n","protected":false},"author":3,"featured_media":0,"parent":786,"menu_order":10,"comment_status":"closed","ping_status":"closed","template":"","meta":{"_bbp_topic_count":0,"_bbp_reply_count":0,"_bbp_total_topic_count":0,"_bbp_total_reply_count":0,"_bbp_voice_count":0,"_bbp_anonymous_reply_count":0,"_bbp_topic_count_hidden":0,"_bbp_reply_count_hidden":0,"_bbp_forum_subforum_count":0,"footnotes":""},"class_list":["post-10057","page","type-page","status-publish","hentry"],"post_mailing_queue_ids":[],"_links":{"self":[{"href":"https:\/\/agora.xtec.cat\/escolajungfrau\/wp-json\/wp\/v2\/pages\/10057","targetHints":{"allow":["GET"]}}],"collection":[{"href":"https:\/\/agora.xtec.cat\/escolajungfrau\/wp-json\/wp\/v2\/pages"}],"about":[{"href":"https:\/\/agora.xtec.cat\/escolajungfrau\/wp-json\/wp\/v2\/types\/page"}],"author":[{"embeddable":true,"href":"https:\/\/agora.xtec.cat\/escolajungfrau\/wp-json\/wp\/v2\/users\/3"}],"replies":[{"embeddable":true,"href":"https:\/\/agora.xtec.cat\/escolajungfrau\/wp-json\/wp\/v2\/comments?post=10057"}],"version-history":[{"count":3,"href":"https:\/\/agora.xtec.cat\/escolajungfrau\/wp-json\/wp\/v2\/pages\/10057\/revisions"}],"predecessor-version":[{"id":22330,"href":"https:\/\/agora.xtec.cat\/escolajungfrau\/wp-json\/wp\/v2\/pages\/10057\/revisions\/22330"}],"up":[{"embeddable":true,"href":"https:\/\/agora.xtec.cat\/escolajungfrau\/wp-json\/wp\/v2\/pages\/786"}],"wp:attachment":[{"href":"https:\/\/agora.xtec.cat\/escolajungfrau\/wp-json\/wp\/v2\/media?parent=10057"}],"curies":[{"name":"wp","href":"https:\/\/api.w.org\/{rel}","templated":true}]}}