{"id":687,"date":"2017-01-18T15:37:42","date_gmt":"2017-01-18T14:37:42","guid":{"rendered":"http:\/\/agora.xtec.cat\/escolajujol\/?page_id=687"},"modified":"2025-02-20T13:36:04","modified_gmt":"2025-02-20T12:36:04","slug":"apadrinament","status":"publish","type":"page","link":"https:\/\/agora.xtec.cat\/escolajujol\/projectes\/apadrinament\/","title":{"rendered":"Apadrinament"},"content":{"rendered":"<p>Donades les caracter\u00edstiques estructurals de la nostra escola el coneixement entre l&#8217;alumnat no sempre \u00e9s cosa f\u00e0cil, per aix\u00f2, a m\u00e9s de fer tantes activitats conjuntes com podem, la nostra escola promou l&#8217;apadrinament escolar entre els m\u00e9s grans i els m\u00e9s petits de l&#8217;escola. \u00c9s una activitat amb molt d&#8217;\u00e8xit i amb una gran satisfacci\u00f3 per a tothom.<\/p>\n<p><span style=\"font-weight: 400;\">\u00a0La finalitat principal \u00e9s incentivar i promoure actituds d\u2019ajuda, responsabilitat, respecte i conviv\u00e8ncia, i crear vincles entre l\u2019alumnat de l\u2019escola.\u00a0<\/span><\/p>\n<p><span style=\"font-weight: 400;\">L\u2019apadrinament comen\u00e7a a I3 amb l\u2019alumnat de 4t i els acompanyen fins al final d\u2019etapa. Durant tres anys comparteixen diverses activitats i moments: estones de lectura, jocs, activitats tem\u00e0tiques i celebracions d\u2019escola. A m\u00e9s, a 3r tamb\u00e9 es fa un pre-apadrinament amb una escola bressol del barri.\u00a0<\/span><\/p>\n<p><a href=\"https:\/\/agora.xtec.cat\/escolajujol\/wp-content\/uploads\/usu1013\/2025\/01\/Captura-de-pantalla-2025-01-27-134747-1.png\"><img loading=\"lazy\" decoding=\"async\" class=\"aligncenter wp-image-2675\" src=\"https:\/\/agora.xtec.cat\/escolajujol\/wp-content\/uploads\/usu1013\/2025\/01\/Captura-de-pantalla-2025-01-27-134747-1.png\" alt=\"\" width=\"254\" height=\"204\" srcset=\"https:\/\/agora.xtec.cat\/escolajujol\/wp-content\/uploads\/usu1013\/2025\/01\/Captura-de-pantalla-2025-01-27-134747-1.png 750w, https:\/\/agora.xtec.cat\/escolajujol\/wp-content\/uploads\/usu1013\/2025\/01\/Captura-de-pantalla-2025-01-27-134747-1-300x241.png 300w\" sizes=\"auto, (max-width: 254px) 100vw, 254px\" \/><\/a><\/p>\n","protected":false},"excerpt":{"rendered":"<p>Donades les caracter\u00edstiques estructurals de la nostra escola el coneixement entre l&#8217;alumnat no sempre \u00e9s cosa f\u00e0cil, per aix\u00f2, a m\u00e9s de fer tantes activitats conjuntes com podem, la nostra escola promou l&#8217;apadrinament escolar entre els m\u00e9s grans i els m\u00e9s petits de l&#8217;escola. \u00c9s&hellip;  <a href=\"https:\/\/agora.xtec.cat\/escolajujol\/projectes\/apadrinament\/\" title=\"Read Apadrinament\">Llegeix m\u00e9s\u00bb<\/a><\/p>\n","protected":false},"author":1,"featured_media":0,"parent":449,"menu_order":4,"comment_status":"closed","ping_status":"closed","template":"page-templates\/side-menu.php","meta":{"_bbp_topic_count":0,"_bbp_reply_count":0,"_bbp_total_topic_count":0,"_bbp_total_reply_count":0,"_bbp_voice_count":0,"_bbp_anonymous_reply_count":0,"_bbp_topic_count_hidden":0,"_bbp_reply_count_hidden":0,"_bbp_forum_subforum_count":0,"footnotes":""},"class_list":["post-687","page","type-page","status-publish","hentry"],"post_mailing_queue_ids":[],"_links":{"self":[{"href":"https:\/\/agora.xtec.cat\/escolajujol\/wp-json\/wp\/v2\/pages\/687","targetHints":{"allow":["GET"]}}],"collection":[{"href":"https:\/\/agora.xtec.cat\/escolajujol\/wp-json\/wp\/v2\/pages"}],"about":[{"href":"https:\/\/agora.xtec.cat\/escolajujol\/wp-json\/wp\/v2\/types\/page"}],"author":[{"embeddable":true,"href":"https:\/\/agora.xtec.cat\/escolajujol\/wp-json\/wp\/v2\/users\/1"}],"replies":[{"embeddable":true,"href":"https:\/\/agora.xtec.cat\/escolajujol\/wp-json\/wp\/v2\/comments?post=687"}],"version-history":[{"count":4,"href":"https:\/\/agora.xtec.cat\/escolajujol\/wp-json\/wp\/v2\/pages\/687\/revisions"}],"predecessor-version":[{"id":2856,"href":"https:\/\/agora.xtec.cat\/escolajujol\/wp-json\/wp\/v2\/pages\/687\/revisions\/2856"}],"up":[{"embeddable":true,"href":"https:\/\/agora.xtec.cat\/escolajujol\/wp-json\/wp\/v2\/pages\/449"}],"wp:attachment":[{"href":"https:\/\/agora.xtec.cat\/escolajujol\/wp-json\/wp\/v2\/media?parent=687"}],"curies":[{"name":"wp","href":"https:\/\/api.w.org\/{rel}","templated":true}]}}