{"id":593,"date":"2016-07-25T20:53:20","date_gmt":"2016-07-25T19:53:20","guid":{"rendered":"http:\/\/agora.xtec.cat\/escolajujol\/?page_id=593"},"modified":"2025-02-13T16:28:46","modified_gmt":"2025-02-13T15:28:46","slug":"menudeljujol","status":"publish","type":"page","link":"https:\/\/agora.xtec.cat\/escolajujol\/serveis\/menjador\/menudeljujol\/","title":{"rendered":"Men\u00fa del Jujol"},"content":{"rendered":"<p>Cada mes pengem els men\u00fas que s&#8217;elaboren des de la cuina de la nostra escola. Aqu\u00ed podreu consultar qu\u00e8 dinem cada dia. Quin \u00e9s el teu?<\/p>\n<p><strong>Bon profit!<\/strong><a href=\"https:\/\/drive.google.com\/drive\/folders\/0B-7jC4d5PqONRWJ0RnV2QnZTTEE?usp=sharing\" target=\"_blank\" rel=\"noopener noreferrer\"><br \/>\n<\/a><\/p>\n<p><a href=\"https:\/\/drive.google.com\/drive\/folders\/0B-7jC4d5PqONRWJ0RnV2QnZTTEE?resourcekey=0-H8uBhuJEmOQ98yaJ3PzyxQ&amp;usp=sharing\"><img loading=\"lazy\" decoding=\"async\" class=\"wp-image-632 aligncenter\" src=\"http:\/\/agora.xtec.cat\/escolajujol\/wp-content\/uploads\/usu1013\/2016\/07\/men\u00fa-general-1024x512.jpg\" alt=\"menu-general\" width=\"503\" height=\"252\" srcset=\"https:\/\/agora.xtec.cat\/escolajujol\/wp-content\/uploads\/usu1013\/2016\/07\/men\u00fa-general.jpg 1024w, https:\/\/agora.xtec.cat\/escolajujol\/wp-content\/uploads\/usu1013\/2016\/07\/men\u00fa-general-300x150.jpg 300w, https:\/\/agora.xtec.cat\/escolajujol\/wp-content\/uploads\/usu1013\/2016\/07\/men\u00fa-general-768x384.jpg 768w\" sizes=\"auto, (max-width: 503px) 100vw, 503px\" \/><\/a><\/p>\n","protected":false},"excerpt":{"rendered":"<p>Cada mes pengem els men\u00fas que s&#8217;elaboren des de la cuina de la nostra escola. Aqu\u00ed podreu consultar qu\u00e8 dinem cada dia. Quin \u00e9s el teu?<br \/>\nBon profit!<a href=\"https:\/\/drive.google.com\/drive\/folders\/0B-7jC4d5PqONRWJ0RnV2QnZTTEE?usp=sharing\" target=\"_blank\" rel=\"noopener noreferrer\"><br \/>\n<\/a><br \/>\n<a href=\"https:\/\/drive.google.com\/drive\/folders\/0B-7jC4d5PqONRWJ0RnV2QnZTTEE?resourcekey=0-H8uBhuJEmOQ98yaJ3PzyxQ&amp;usp=sharing\"><\/a><\/p>\n","protected":false},"author":1,"featured_media":0,"parent":73,"menu_order":0,"comment_status":"closed","ping_status":"closed","template":"","meta":{"_bbp_topic_count":0,"_bbp_reply_count":0,"_bbp_total_topic_count":0,"_bbp_total_reply_count":0,"_bbp_voice_count":0,"_bbp_anonymous_reply_count":0,"_bbp_topic_count_hidden":0,"_bbp_reply_count_hidden":0,"_bbp_forum_subforum_count":0,"footnotes":""},"class_list":["post-593","page","type-page","status-publish","hentry"],"post_mailing_queue_ids":[],"_links":{"self":[{"href":"https:\/\/agora.xtec.cat\/escolajujol\/wp-json\/wp\/v2\/pages\/593","targetHints":{"allow":["GET"]}}],"collection":[{"href":"https:\/\/agora.xtec.cat\/escolajujol\/wp-json\/wp\/v2\/pages"}],"about":[{"href":"https:\/\/agora.xtec.cat\/escolajujol\/wp-json\/wp\/v2\/types\/page"}],"author":[{"embeddable":true,"href":"https:\/\/agora.xtec.cat\/escolajujol\/wp-json\/wp\/v2\/users\/1"}],"replies":[{"embeddable":true,"href":"https:\/\/agora.xtec.cat\/escolajujol\/wp-json\/wp\/v2\/comments?post=593"}],"version-history":[{"count":4,"href":"https:\/\/agora.xtec.cat\/escolajujol\/wp-json\/wp\/v2\/pages\/593\/revisions"}],"predecessor-version":[{"id":1962,"href":"https:\/\/agora.xtec.cat\/escolajujol\/wp-json\/wp\/v2\/pages\/593\/revisions\/1962"}],"up":[{"embeddable":true,"href":"https:\/\/agora.xtec.cat\/escolajujol\/wp-json\/wp\/v2\/pages\/73"}],"wp:attachment":[{"href":"https:\/\/agora.xtec.cat\/escolajujol\/wp-json\/wp\/v2\/media?parent=593"}],"curies":[{"name":"wp","href":"https:\/\/api.w.org\/{rel}","templated":true}]}}