{"id":534,"date":"2016-07-22T11:30:44","date_gmt":"2016-07-22T10:30:44","guid":{"rendered":"http:\/\/agora.xtec.cat\/escolajujol\/?page_id=534"},"modified":"2025-02-13T16:39:02","modified_gmt":"2025-02-13T15:39:02","slug":"activitatsextraescolars","status":"publish","type":"page","link":"https:\/\/agora.xtec.cat\/escolajujol\/serveis\/activitatsextraescolars\/","title":{"rendered":"Activitats Extraescolars"},"content":{"rendered":"<p>Quan parlem d&#8217;activitats extraescolars ens referim a aquelles activitats organitzades pel\u00a0centre educatiu i\u00a0que es realitzen fora de les hores de classe: als descansos de l&#8217;<strong>hora de dinar<\/strong> o b\u00e9 despr\u00e9s de la jornada escolar ordin\u00e0ria de <strong>la tarda<\/strong>. A la nostra escola \u00e9s l<a href=\"https:\/\/afajujol.cat\/\" target=\"_blank\" rel=\"noopener noreferrer\">&#8216;AFA<\/a> qui les organitza.<\/p>\n<p style=\"text-align: justify;\">Les activitats extraescolars que oferim al nostre centre estan relacionades amb l&#8217;aprenentatge d&#8217;idiomes, amb el teatre, l&#8217;art, diferents esports i m\u00fasica. Aquestes activitats amplien els coneixements i les habilitats dels vostres fills i filles.\u00a0Alguns avantatges significatus s\u00f3n:<\/p>\n<p style=\"text-align: justify;\">La possibilitat de <strong>socialitzaci\u00f3<\/strong>: \u00e9s a dir, l&#8217;oportunitat d&#8217;aprendre, d&#8217;altres maneres i amb altres persones, normes, valors i pautes socials.<br \/>\nTrobar <strong>nous amics<\/strong>.<br \/>\nLa relaci\u00f3 amb <strong>nous referents<\/strong>: noves persones de qui aprendre coses, de qui rebre orientacions.<br \/>\nLa possibilitat de <strong>descobrir nous interessos i habilitats.<\/strong><\/p>\n<h5 style=\"text-align: justify;\">Com triar les activitats?<\/h5>\n<p style=\"text-align: justify;\">Tenint en compte que les activitats extraescolars es fan en el temps lliure de l&#8217;infant , aquestes han de ser prou atractives i interessants per a ells. Una bona manera d&#8217;encertar l&#8217;activitat extraescolar dels vostres fills \u00e9s <strong>preguntar-los directament quina activitat volen fer<\/strong>. No \u00e9s aconsellable obligar-los a escollir una activitat. \u00c9s m\u00e9s profit\u00f3s escoltar les seves prefer\u00e8ncies i motivar-los per fer l&#8217;activitat.<\/p>\n<p style=\"text-align: justify;\">El car\u00e0cter i les habilitats de l&#8217;infant ens poden servir de refer\u00e8ncia a l&#8217;hora de triar una activitat per a ells. De vegades tenim tend\u00e8ncia a intentar que el nostre fill o filla destaqui en una activitat que nosaltres no vam poder fer. A l&#8217;hora d&#8217;escollir heu de centrar-vos nom\u00e9s en els interessos dels vostres fills. Tamb\u00e9 heu d&#8217;evitar escollir una activitat per raons de g\u00e8nere, ja que ni sempre els nois s\u00f3n millors que les noies en esports, ni sempre les noies s\u00f3n millors que els nois en dansa.<\/p>\n<p style=\"text-align: justify;\">Heu de tenir en compte que hi ha activitats que poden afavorir la personalitat de l&#8217;infant. Per exemple:<\/p>\n<p style=\"text-align: justify;\">Si els vostres fills s\u00f3n m\u00e9s aviat t\u00edmids i introvertits, les activitats m\u00e9s adequades, seran les que es practiquen en grup, ja que els ajudaran a relacionar-se amb d&#8217;altres companys i a v\u00e8ncer les seves pors i temors.<\/p>\n<p style=\"text-align: justify;\">Si els vostres fills s\u00f3n una mica mandrosos poden practicar activitats individuals, que els obliguin a esfor\u00e7ar-se i no es puguin escudar en el grup, com per exemple: tocar algun instrument musical, l&#8217;esqu\u00ed, el tennis, el patinatge, la pintura\u2026<\/p>\n<p style=\"text-align: justify;\">Si tenen tend\u00e8ncia al nerviosisme o a l&#8217;agressivitat, les activitats m\u00e9s adequades s\u00f3n aquelles que els obliguin a dominar-se en situacions en qu\u00e8 hi ha una certa tensi\u00f3, com ara les arts marcials, la nataci\u00f3, l&#8217;h\u00edpica, els escacs\u2026<\/p>\n<p style=\"text-align: justify;\"><a href=\"http:\/\/familiaiescola.gencat.cat\/ca\/escolaritat\/lleure-activitats-extraescolars\/activitats-extraescolars\/\" target=\"_blank\" rel=\"noopener noreferrer\">Generalitat de Catalunya &#8211; Fam\u00edlia i Escola-.<\/a><\/p>\n<p><img loading=\"lazy\" decoding=\"async\" class=\"aligncenter size-full wp-image-1183\" src=\"https:\/\/agora.xtec.cat\/escolajujol\/wp-content\/uploads\/usu1013\/2020\/01\/extraescolars.jpg\" alt=\"\" width=\"1100\" height=\"792\" srcset=\"https:\/\/agora.xtec.cat\/escolajujol\/wp-content\/uploads\/usu1013\/2020\/01\/extraescolars.jpg 1100w, https:\/\/agora.xtec.cat\/escolajujol\/wp-content\/uploads\/usu1013\/2020\/01\/extraescolars-300x216.jpg 300w, https:\/\/agora.xtec.cat\/escolajujol\/wp-content\/uploads\/usu1013\/2020\/01\/extraescolars-768x553.jpg 768w, https:\/\/agora.xtec.cat\/escolajujol\/wp-content\/uploads\/usu1013\/2020\/01\/extraescolars-1024x737.jpg 1024w\" sizes=\"auto, (max-width: 1100px) 100vw, 1100px\" \/><\/p>\n<h4 style=\"text-align: center;\"><\/h4>\n<p style=\"text-align: center;\">\n","protected":false},"excerpt":{"rendered":"<p>Quan parlem d&#8217;activitats extraescolars ens referim a aquelles activitats organitzades pel\u00a0centre educatiu i\u00a0que es realitzen fora de les hores de classe: als descansos de l&#8217;hora de dinar o b\u00e9 despr\u00e9s de la jornada escolar ordin\u00e0ria de la tarda. A la nostra escola \u00e9s l<a href=\"https:\/\/afajujol.cat\/\"&hellip;  <a href=\"https:\/\/agora.xtec.cat\/escolajujol\/serveis\/activitatsextraescolars\/\" title=\"Read Activitats Extraescolars\">Llegeix m\u00e9s\u00bb<\/a><\/p>\n","protected":false},"author":1,"featured_media":0,"parent":66,"menu_order":4,"comment_status":"closed","ping_status":"closed","template":"page-templates\/side-menu.php","meta":{"_bbp_topic_count":0,"_bbp_reply_count":0,"_bbp_total_topic_count":0,"_bbp_total_reply_count":0,"_bbp_voice_count":0,"_bbp_anonymous_reply_count":0,"_bbp_topic_count_hidden":0,"_bbp_reply_count_hidden":0,"_bbp_forum_subforum_count":0,"footnotes":""},"class_list":["post-534","page","type-page","status-publish","hentry"],"post_mailing_queue_ids":[],"_links":{"self":[{"href":"https:\/\/agora.xtec.cat\/escolajujol\/wp-json\/wp\/v2\/pages\/534","targetHints":{"allow":["GET"]}}],"collection":[{"href":"https:\/\/agora.xtec.cat\/escolajujol\/wp-json\/wp\/v2\/pages"}],"about":[{"href":"https:\/\/agora.xtec.cat\/escolajujol\/wp-json\/wp\/v2\/types\/page"}],"author":[{"embeddable":true,"href":"https:\/\/agora.xtec.cat\/escolajujol\/wp-json\/wp\/v2\/users\/1"}],"replies":[{"embeddable":true,"href":"https:\/\/agora.xtec.cat\/escolajujol\/wp-json\/wp\/v2\/comments?post=534"}],"version-history":[{"count":3,"href":"https:\/\/agora.xtec.cat\/escolajujol\/wp-json\/wp\/v2\/pages\/534\/revisions"}],"predecessor-version":[{"id":1184,"href":"https:\/\/agora.xtec.cat\/escolajujol\/wp-json\/wp\/v2\/pages\/534\/revisions\/1184"}],"up":[{"embeddable":true,"href":"https:\/\/agora.xtec.cat\/escolajujol\/wp-json\/wp\/v2\/pages\/66"}],"wp:attachment":[{"href":"https:\/\/agora.xtec.cat\/escolajujol\/wp-json\/wp\/v2\/media?parent=534"}],"curies":[{"name":"wp","href":"https:\/\/api.w.org\/{rel}","templated":true}]}}