{"id":449,"date":"2016-02-25T00:00:37","date_gmt":"2016-02-24T23:00:37","guid":{"rendered":"http:\/\/agora.xtec.cat\/escolajujol\/?page_id=449"},"modified":"2025-02-13T16:40:22","modified_gmt":"2025-02-13T15:40:22","slug":"projectes","status":"publish","type":"page","link":"https:\/\/agora.xtec.cat\/escolajujol\/projectes\/","title":{"rendered":"Projectes d&#8217;escola"},"content":{"rendered":"<p style=\"text-align: justify;\">La nostra escola, seguint una pr\u00e0ctica educativa en construcci\u00f3 permanent, sempre est\u00e0 interessada en con\u00e8ixer els seus punts forts i el seus punt febles. Aquestes ganes d\u2019avan\u00e7ar en la nostra realitat i en el nostre context de la m\u00e0 dels nens i nenes amb qui creixem curs rere curs, fan que tinguem en molta consideraci\u00f3 les avaluacions internes i externes de la nostra tasca educativa.<br \/>\n\u00c9s per aix\u00f2 que, a m\u00e9s de treballar rigorosament el curr\u00edculum, l\u2019adquisici\u00f3 d\u2019aprenentatges, de les compet\u00e8ncies b\u00e0siques, de valors personals, col\u00b7lectius i de comunitat, utilitzem el concepte de projecte. Aquest ens serveix com a eina per tal d\u2019aprofundir certs aspectes que volem millorar, ampliar, subratllar&#8230; i li donem personalitat pr\u00f2pia permetent-nos treballar transversalment en els diferents nivells educatius de l\u2019escola i en les diferents mat\u00e8ries sobre les quals organitzem el curr\u00edculum escolar.<br \/>\nAix\u00ed doncs, ja fa temps que a la nostra escola venim treballant projectes de diferent tipologia i entitat, tenint en compte la millora t\u00e8cnica, el coneixement de l\u2019entorn, la cooperaci\u00f3, la descoberta, l&#8217;obertura i l&#8217;aprofundiment.<\/p>\n<p style=\"text-align: justify;\">\n","protected":false},"excerpt":{"rendered":"<p>La nostra escola, seguint una pr\u00e0ctica educativa en construcci\u00f3 permanent, sempre est\u00e0 interessada en con\u00e8ixer els seus punts forts i el seus punt febles. Aquestes ganes d\u2019avan\u00e7ar en la nostra realitat i en el nostre context de la m\u00e0 dels nens i nenes amb qui&hellip;  <a href=\"https:\/\/agora.xtec.cat\/escolajujol\/projectes\/\" title=\"Read Projectes d&#8217;escola\">Llegeix m\u00e9s\u00bb<\/a><\/p>\n","protected":false},"author":1,"featured_media":0,"parent":0,"menu_order":0,"comment_status":"closed","ping_status":"closed","template":"page-templates\/side-menu.php","meta":{"_bbp_topic_count":0,"_bbp_reply_count":0,"_bbp_total_topic_count":0,"_bbp_total_reply_count":0,"_bbp_voice_count":0,"_bbp_anonymous_reply_count":0,"_bbp_topic_count_hidden":0,"_bbp_reply_count_hidden":0,"_bbp_forum_subforum_count":0,"footnotes":""},"class_list":["post-449","page","type-page","status-publish","hentry"],"post_mailing_queue_ids":[],"_links":{"self":[{"href":"https:\/\/agora.xtec.cat\/escolajujol\/wp-json\/wp\/v2\/pages\/449","targetHints":{"allow":["GET"]}}],"collection":[{"href":"https:\/\/agora.xtec.cat\/escolajujol\/wp-json\/wp\/v2\/pages"}],"about":[{"href":"https:\/\/agora.xtec.cat\/escolajujol\/wp-json\/wp\/v2\/types\/page"}],"author":[{"embeddable":true,"href":"https:\/\/agora.xtec.cat\/escolajujol\/wp-json\/wp\/v2\/users\/1"}],"replies":[{"embeddable":true,"href":"https:\/\/agora.xtec.cat\/escolajujol\/wp-json\/wp\/v2\/comments?post=449"}],"version-history":[{"count":4,"href":"https:\/\/agora.xtec.cat\/escolajujol\/wp-json\/wp\/v2\/pages\/449\/revisions"}],"predecessor-version":[{"id":775,"href":"https:\/\/agora.xtec.cat\/escolajujol\/wp-json\/wp\/v2\/pages\/449\/revisions\/775"}],"wp:attachment":[{"href":"https:\/\/agora.xtec.cat\/escolajujol\/wp-json\/wp\/v2\/media?parent=449"}],"curies":[{"name":"wp","href":"https:\/\/api.w.org\/{rel}","templated":true}]}}

<p style="text-align: justify;">La nostra escola, seguint una pràctica educativa en construcció permanent, sempre està interessada en conèixer els seus punts forts i el seus punt febles. Aquestes ganes d’avançar en la nostra realitat i en el nostre context de la mà dels nens i nenes amb qui creixem curs rere curs, fan que tinguem en molta consideració les avaluacions internes i externes de la nostra tasca educativa.<br />
És per això que, a més de treballar rigorosament el currículum, l’adquisició d’aprenentatges, de les competències bàsiques, de valors personals, col·lectius i de comunitat, utilitzem el concepte de projecte. Aquest ens serveix com a eina per tal d’aprofundir certs aspectes que volem millorar, ampliar, subratllar&#8230; i li donem personalitat pròpia permetent-nos treballar transversalment en els diferents nivells educatius de l’escola i en les diferents matèries sobre les quals organitzem el currículum escolar.<br />
Així doncs, ja fa temps que a la nostra escola venim treballant projectes de diferent tipologia i entitat, tenint en compte la millora tècnica, el coneixement de l’entorn, la cooperació, la descoberta, l&#8217;obertura i l&#8217;aprofundiment.</p>
<p style="text-align: justify;">

<p>La nostra escola, seguint una pràctica educativa en construcció permanent, sempre està interessada en conèixer els seus punts forts i el seus punt febles. Aquestes ganes d’avançar en la nostra realitat i en el nostre context de la mà dels nens i nenes amb qui&hellip;  <a href="https://agora.xtec.cat/escolajujol/projectes/" title="Read Projectes d&#8217;escola">Llegeix més»</a></p>
