{"id":34,"date":"2016-02-25T00:00:18","date_gmt":"2016-02-24T23:00:18","guid":{"rendered":"http:\/\/agora.xtec.cat\/escolajujol\/?page_id=34"},"modified":"2025-01-27T12:18:56","modified_gmt":"2025-01-27T11:18:56","slug":"projecte-educatiu","status":"publish","type":"page","link":"https:\/\/agora.xtec.cat\/escolajujol\/documents-de-centre\/projecte-educatiu\/","title":{"rendered":"Projecte Educatiu de Centre"},"content":{"rendered":"<p style=\"text-align: justify;\">En aquest apartat podeu trobar el nostre <strong>Projecte Educatiu de Centre.\u00a0<\/strong><\/p>\n<p style=\"text-align: justify;\">La nostra escola t\u00e9 com a finalitat proporcionar a totes les nenes i nens les compet\u00e8ncies que els permetin assegurar el seu desenvolupament personal i social i adquirir les habilitats i i les compet\u00e8ncies necess\u00e0ries pel seu dia a dia i aix\u00ed es concreta en aquest document que podeu llegir a continuaci\u00f3:<\/p>\n<p style=\"text-align: center;\"><iframe loading=\"lazy\" src=\"https:\/\/www.yumpu.com\/xx\/embed\/view\/NdcGiKmM0TEnHQh7\" width=\"940px\" height=\"793px\" frameborder=\"0\" allowfullscreen=\"allowfullscreen\"><\/iframe><br \/>\n<a title=\"PEC_EscolaJujol\" href=\"https:\/\/www.yumpu.com\/xx\/document\/view\/67755654\/pec-escolajujol\" target=\"_blank\" rel=\"noopener\">PEC_EscolaJujol<\/a><\/p>\n<p style=\"text-align: justify;\">\n","protected":false},"excerpt":{"rendered":"<p>En aquest apartat podeu trobar el nostre Projecte Educatiu de Centre.\u00a0<br \/>\nLa nostra escola t\u00e9 com a finalitat proporcionar a totes les nenes i nens les compet\u00e8ncies que els permetin assegurar el seu desenvolupament personal i social i adquirir les habilitats i i les compet\u00e8ncies necess\u00e0ries&hellip;  <a href=\"https:\/\/agora.xtec.cat\/escolajujol\/documents-de-centre\/projecte-educatiu\/\" title=\"Read Projecte Educatiu de Centre\">Llegeix m\u00e9s\u00bb<\/a><\/p>\n","protected":false},"author":1,"featured_media":0,"parent":2605,"menu_order":1,"comment_status":"closed","ping_status":"closed","template":"page-templates\/side-menu.php","meta":{"_bbp_topic_count":0,"_bbp_reply_count":0,"_bbp_total_topic_count":0,"_bbp_total_reply_count":0,"_bbp_voice_count":0,"_bbp_anonymous_reply_count":0,"_bbp_topic_count_hidden":0,"_bbp_reply_count_hidden":0,"_bbp_forum_subforum_count":0,"footnotes":""},"class_list":["post-34","page","type-page","status-publish","hentry"],"post_mailing_queue_ids":[],"_links":{"self":[{"href":"https:\/\/agora.xtec.cat\/escolajujol\/wp-json\/wp\/v2\/pages\/34","targetHints":{"allow":["GET"]}}],"collection":[{"href":"https:\/\/agora.xtec.cat\/escolajujol\/wp-json\/wp\/v2\/pages"}],"about":[{"href":"https:\/\/agora.xtec.cat\/escolajujol\/wp-json\/wp\/v2\/types\/page"}],"author":[{"embeddable":true,"href":"https:\/\/agora.xtec.cat\/escolajujol\/wp-json\/wp\/v2\/users\/1"}],"replies":[{"embeddable":true,"href":"https:\/\/agora.xtec.cat\/escolajujol\/wp-json\/wp\/v2\/comments?post=34"}],"version-history":[{"count":4,"href":"https:\/\/agora.xtec.cat\/escolajujol\/wp-json\/wp\/v2\/pages\/34\/revisions"}],"predecessor-version":[{"id":2645,"href":"https:\/\/agora.xtec.cat\/escolajujol\/wp-json\/wp\/v2\/pages\/34\/revisions\/2645"}],"up":[{"embeddable":true,"href":"https:\/\/agora.xtec.cat\/escolajujol\/wp-json\/wp\/v2\/pages\/2605"}],"wp:attachment":[{"href":"https:\/\/agora.xtec.cat\/escolajujol\/wp-json\/wp\/v2\/media?parent=34"}],"curies":[{"name":"wp","href":"https:\/\/api.w.org\/{rel}","templated":true}]}}