{"id":2549,"date":"2024-10-08T20:46:03","date_gmt":"2024-10-08T18:46:03","guid":{"rendered":"https:\/\/agora.xtec.cat\/escolajujol\/?page_id=2549"},"modified":"2025-02-13T16:08:10","modified_gmt":"2025-02-13T15:08:10","slug":"siei","status":"publish","type":"page","link":"https:\/\/agora.xtec.cat\/escolajujol\/documents-de-centre\/siei\/","title":{"rendered":"SIEI"},"content":{"rendered":"<p><b>Qu\u00e8 \u00e9s el SIEI?<\/b><\/p>\n<p><span style=\"font-weight: 400;\">El SIEI \u00e9s un recurs, que se suma als suports universals i addicionals per a la inclusi\u00f3.<\/span><span style=\"font-weight: 400;\"> Els suports intensius per a l\u2019escolaritzaci\u00f3 inclusiva (SIEI) s\u00f3n dotacions extraordin\u00e0ries de professionals que s\u2019incorporen a les plantilles d\u2019escoles i instituts com a recursos intensius per atendre els alumnes amb necessitats educatives especials que ho necessitin. <\/span><\/p>\n<p><span style=\"font-weight: 400;\">Disposem d\u2019una mestra d\u2019atenci\u00f3 a la diversitat m\u00e9s i una educadora d\u2019educaci\u00f3 especial, que s\u2019han afegit a l\u2019equip de professional d\u2019atenci\u00f3 a la diversitat de l\u2019escola. <\/span><span style=\"font-weight: 400;\">Els centres compten tamb\u00e9 amb l\u2019assessorament de l\u2019equip d\u2019assessorament i orientaci\u00f3 psicopedag\u00f2gica (EAP).<\/span><\/p>\n<p>&nbsp;<\/p>\n<p><span style=\"font-weight: 400;\"><b>A qui s\u2019adre\u00e7a?<a href=\"https:\/\/agora.xtec.cat\/escolajujol\/wp-content\/uploads\/usu1013\/2024\/10\/Mans-dibuix-recurs.jpg\"><img loading=\"lazy\" decoding=\"async\" class=\"wp-image-2551 alignleft\" src=\"https:\/\/agora.xtec.cat\/escolajujol\/wp-content\/uploads\/usu1013\/2024\/10\/Mans-dibuix-recurs.jpg\" alt=\"\" width=\"348\" height=\"207\" srcset=\"https:\/\/agora.xtec.cat\/escolajujol\/wp-content\/uploads\/usu1013\/2024\/10\/Mans-dibuix-recurs.jpg 777w, https:\/\/agora.xtec.cat\/escolajujol\/wp-content\/uploads\/usu1013\/2024\/10\/Mans-dibuix-recurs-300x178.jpg 300w, https:\/\/agora.xtec.cat\/escolajujol\/wp-content\/uploads\/usu1013\/2024\/10\/Mans-dibuix-recurs-768x457.jpg 768w\" sizes=\"auto, (max-width: 348px) 100vw, 348px\" \/><\/a><\/b><\/span><\/p>\n<p><span style=\"font-weight: 400;\">S\u2019adre\u00e7a <\/span><span style=\"font-weight: 400;\">als alumnes amb necessitats educatives especials derivades de limitacions molt significatives, tant en el funcionament intel\u00b7lectual com en la conducta adaptativa, els quals requereixen al llarg de tota l\u2019escolaritat mesures i suports intensius per poder relacionar-se, participar i aprendre.\u00a0<\/span><\/p>\n<p><span style=\"font-weight: 400;\">Tot l\u2019alumnat amb SIEI compta amb un Pla Individualitzat on recullen les mesures necess\u00e0ries per a que l\u2019alumne segueixi el curs, responent a a les necessitats individuals de cadasc\u00fa.<\/span><\/p>\n<p>&nbsp;<\/p>\n<p><b>Com s\u2019organitza?<a href=\"https:\/\/agora.xtec.cat\/escolajujol\/wp-content\/uploads\/usu1013\/2024\/10\/eix-diversitat-cultural-134162-_1_.jpg\"><img loading=\"lazy\" decoding=\"async\" class=\" wp-image-2553 alignright\" src=\"https:\/\/agora.xtec.cat\/escolajujol\/wp-content\/uploads\/usu1013\/2024\/10\/eix-diversitat-cultural-134162-_1_.jpg\" alt=\"\" width=\"290\" height=\"217\" srcset=\"https:\/\/agora.xtec.cat\/escolajujol\/wp-content\/uploads\/usu1013\/2024\/10\/eix-diversitat-cultural-134162-_1_.jpg 1024w, https:\/\/agora.xtec.cat\/escolajujol\/wp-content\/uploads\/usu1013\/2024\/10\/eix-diversitat-cultural-134162-_1_-300x225.jpg 300w, https:\/\/agora.xtec.cat\/escolajujol\/wp-content\/uploads\/usu1013\/2024\/10\/eix-diversitat-cultural-134162-_1_-768x576.jpg 768w, https:\/\/agora.xtec.cat\/escolajujol\/wp-content\/uploads\/usu1013\/2024\/10\/eix-diversitat-cultural-134162-_1_-200x150.jpg 200w\" sizes=\"auto, (max-width: 290px) 100vw, 290px\" \/><\/a><\/b><\/p>\n<p><span style=\"font-weight: 400;\">L\u2019atenci\u00f3 dels alumnes que reben aquest suport \u00e9s responsabilitat de tot l\u2019equip docent i en concret del tutor del grup de refer\u00e8ncia. L\u2019alumne ha d\u2019anar al seu grup de refer\u00e8ncia, i \u00e9s aquest espai que ha d\u2019adaptar-se a la necessitat de l\u2019alumne. <\/span><span style=\"font-weight: 400;\">Es valoren altres modalitats de suport com (petits grups, atenci\u00f3 individualitzada en funci\u00f3 de les necessitats del moment de cada alumne). El SIEI tamb\u00e9 ajuda a fer un acolliment i orientaci\u00f3 per a les fam\u00edlies per tal de compartir l&#8217;educaci\u00f3 i\u00a0 el proc\u00e9s d&#8217;aprenentatge\u00a0 dels seus fills i filles. Considerem que una comunicaci\u00f3 flu\u00efda \u00e9s un factor clau per a poder fer un bon acompanyament.<\/span><\/p>\n","protected":false},"excerpt":{"rendered":"<p>Qu\u00e8 \u00e9s el SIEI?<br \/>\nEl SIEI \u00e9s un recurs, que se suma als suports universals i addicionals per a la inclusi\u00f3. Els suports intensius per a l\u2019escolaritzaci\u00f3 inclusiva (SIEI) s\u00f3n dotacions extraordin\u00e0ries de professionals que s\u2019incorporen a les plantilles d\u2019escoles i instituts com a recursos intensius&hellip;  <a href=\"https:\/\/agora.xtec.cat\/escolajujol\/documents-de-centre\/siei\/\" title=\"Read SIEI\">Llegeix m\u00e9s\u00bb<\/a><\/p>\n","protected":false},"author":1,"featured_media":0,"parent":2605,"menu_order":4,"comment_status":"closed","ping_status":"closed","template":"page-templates\/side-menu.php","meta":{"_bbp_topic_count":0,"_bbp_reply_count":0,"_bbp_total_topic_count":0,"_bbp_total_reply_count":0,"_bbp_voice_count":0,"_bbp_anonymous_reply_count":0,"_bbp_topic_count_hidden":0,"_bbp_reply_count_hidden":0,"_bbp_forum_subforum_count":0,"footnotes":""},"class_list":["post-2549","page","type-page","status-publish","hentry"],"post_mailing_queue_ids":[],"_links":{"self":[{"href":"https:\/\/agora.xtec.cat\/escolajujol\/wp-json\/wp\/v2\/pages\/2549","targetHints":{"allow":["GET"]}}],"collection":[{"href":"https:\/\/agora.xtec.cat\/escolajujol\/wp-json\/wp\/v2\/pages"}],"about":[{"href":"https:\/\/agora.xtec.cat\/escolajujol\/wp-json\/wp\/v2\/types\/page"}],"author":[{"embeddable":true,"href":"https:\/\/agora.xtec.cat\/escolajujol\/wp-json\/wp\/v2\/users\/1"}],"replies":[{"embeddable":true,"href":"https:\/\/agora.xtec.cat\/escolajujol\/wp-json\/wp\/v2\/comments?post=2549"}],"version-history":[{"count":3,"href":"https:\/\/agora.xtec.cat\/escolajujol\/wp-json\/wp\/v2\/pages\/2549\/revisions"}],"predecessor-version":[{"id":2554,"href":"https:\/\/agora.xtec.cat\/escolajujol\/wp-json\/wp\/v2\/pages\/2549\/revisions\/2554"}],"up":[{"embeddable":true,"href":"https:\/\/agora.xtec.cat\/escolajujol\/wp-json\/wp\/v2\/pages\/2605"}],"wp:attachment":[{"href":"https:\/\/agora.xtec.cat\/escolajujol\/wp-json\/wp\/v2\/media?parent=2549"}],"curies":[{"name":"wp","href":"https:\/\/api.w.org\/{rel}","templated":true}]}}

<p><b>Què és el SIEI?</b></p>
<p><span style="font-weight: 400;">El SIEI és un recurs, que se suma als suports universals i addicionals per a la inclusió.</span><span style="font-weight: 400;"> Els suports intensius per a l’escolarització inclusiva (SIEI) són dotacions extraordinàries de professionals que s’incorporen a les plantilles d’escoles i instituts com a recursos intensius per atendre els alumnes amb necessitats educatives especials que ho necessitin. </span></p>
<p><span style="font-weight: 400;">Disposem d’una mestra d’atenció a la diversitat més i una educadora d’educació especial, que s’han afegit a l’equip de professional d’atenció a la diversitat de l’escola. </span><span style="font-weight: 400;">Els centres compten també amb l’assessorament de l’equip d’assessorament i orientació psicopedagògica (EAP).</span></p>
<p>&nbsp;</p>
<p><span style="font-weight: 400;"><b>A qui s’adreça?<a href="https://agora.xtec.cat/escolajujol/wp-content/uploads/usu1013/2024/10/Mans-dibuix-recurs.jpg"><img loading="lazy" decoding="async" class="wp-image-2551 alignleft" src="https://agora.xtec.cat/escolajujol/wp-content/uploads/usu1013/2024/10/Mans-dibuix-recurs.jpg" alt="" width="348" height="207" srcset="https://agora.xtec.cat/escolajujol/wp-content/uploads/usu1013/2024/10/Mans-dibuix-recurs.jpg 777w, https://agora.xtec.cat/escolajujol/wp-content/uploads/usu1013/2024/10/Mans-dibuix-recurs-300x178.jpg 300w, https://agora.xtec.cat/escolajujol/wp-content/uploads/usu1013/2024/10/Mans-dibuix-recurs-768x457.jpg 768w" sizes="auto, (max-width: 348px) 100vw, 348px" /></a></b></span></p>
<p><span style="font-weight: 400;">S’adreça </span><span style="font-weight: 400;">als alumnes amb necessitats educatives especials derivades de limitacions molt significatives, tant en el funcionament intel·lectual com en la conducta adaptativa, els quals requereixen al llarg de tota l’escolaritat mesures i suports intensius per poder relacionar-se, participar i aprendre. </span></p>
<p><span style="font-weight: 400;">Tot l’alumnat amb SIEI compta amb un Pla Individualitzat on recullen les mesures necessàries per a que l’alumne segueixi el curs, responent a a les necessitats individuals de cadascú.</span></p>
<p>&nbsp;</p>
<p><b>Com s’organitza?<a href="https://agora.xtec.cat/escolajujol/wp-content/uploads/usu1013/2024/10/eix-diversitat-cultural-134162-_1_.jpg"><img loading="lazy" decoding="async" class=" wp-image-2553 alignright" src="https://agora.xtec.cat/escolajujol/wp-content/uploads/usu1013/2024/10/eix-diversitat-cultural-134162-_1_.jpg" alt="" width="290" height="217" srcset="https://agora.xtec.cat/escolajujol/wp-content/uploads/usu1013/2024/10/eix-diversitat-cultural-134162-_1_.jpg 1024w, https://agora.xtec.cat/escolajujol/wp-content/uploads/usu1013/2024/10/eix-diversitat-cultural-134162-_1_-300x225.jpg 300w, https://agora.xtec.cat/escolajujol/wp-content/uploads/usu1013/2024/10/eix-diversitat-cultural-134162-_1_-768x576.jpg 768w, https://agora.xtec.cat/escolajujol/wp-content/uploads/usu1013/2024/10/eix-diversitat-cultural-134162-_1_-200x150.jpg 200w" sizes="auto, (max-width: 290px) 100vw, 290px" /></a></b></p>
<p><span style="font-weight: 400;">L’atenció dels alumnes que reben aquest suport és responsabilitat de tot l’equip docent i en concret del tutor del grup de referència. L’alumne ha d’anar al seu grup de referència, i és aquest espai que ha d’adaptar-se a la necessitat de l’alumne. </span><span style="font-weight: 400;">Es valoren altres modalitats de suport com (petits grups, atenció individualitzada en funció de les necessitats del moment de cada alumne). El SIEI també ajuda a fer un acolliment i orientació per a les famílies per tal de compartir l&#8217;educació i  el procés d&#8217;aprenentatge  dels seus fills i filles. Considerem que una comunicació fluïda és un factor clau per a poder fer un bon acompanyament.</span></p>

<p>Què és el SIEI?<br />
El SIEI és un recurs, que se suma als suports universals i addicionals per a la inclusió. Els suports intensius per a l’escolarització inclusiva (SIEI) són dotacions extraordinàries de professionals que s’incorporen a les plantilles d’escoles i instituts com a recursos intensius&hellip;  <a href="https://agora.xtec.cat/escolajujol/documents-de-centre/siei/" title="Read SIEI">Llegeix més»</a></p>
