{"id":22,"date":"2026-01-20T10:00:57","date_gmt":"2026-01-20T09:00:57","guid":{"rendered":"http:\/\/agora.xtec.cat\/escolajujol\/?page_id=22"},"modified":"2026-04-15T09:28:37","modified_gmt":"2026-04-15T07:28:37","slug":"escola","status":"publish","type":"page","link":"https:\/\/agora.xtec.cat\/escolajujol\/","title":{"rendered":"Preinscripci\u00f3 2026-27"},"content":{"rendered":"<p>Benvolgudes fam\u00edlies, ja s&#8217;ha publicat el barem provisional. Per veure&#8217;l\u00a0 feu clic a la imatge.<\/p>\n<p><a href=\"https:\/\/view.genially.com\/69a5518289e1e84d7c4586cf\/guide-preinscripcio-26-27\"><img loading=\"lazy\" decoding=\"async\" class=\"aligncenter size-full wp-image-2957\" src=\"https:\/\/agora.xtec.cat\/escolajujol\/wp-content\/uploads\/usu1013\/2026\/03\/PREINSCRIPCIO-24-25-ALLARGAT.png\" alt=\"\" width=\"1584\" height=\"396\" srcset=\"https:\/\/agora.xtec.cat\/escolajujol\/wp-content\/uploads\/usu1013\/2026\/03\/PREINSCRIPCIO-24-25-ALLARGAT.png 1584w, https:\/\/agora.xtec.cat\/escolajujol\/wp-content\/uploads\/usu1013\/2026\/03\/PREINSCRIPCIO-24-25-ALLARGAT-300x75.png 300w, https:\/\/agora.xtec.cat\/escolajujol\/wp-content\/uploads\/usu1013\/2026\/03\/PREINSCRIPCIO-24-25-ALLARGAT-1024x256.png 1024w, https:\/\/agora.xtec.cat\/escolajujol\/wp-content\/uploads\/usu1013\/2026\/03\/PREINSCRIPCIO-24-25-ALLARGAT-768x192.png 768w, https:\/\/agora.xtec.cat\/escolajujol\/wp-content\/uploads\/usu1013\/2026\/03\/PREINSCRIPCIO-24-25-ALLARGAT-1536x384.png 1536w\" sizes=\"auto, (max-width: 1584px) 100vw, 1584px\" \/><\/a><\/p>\n<p>Trobareu m\u00e9s informaci\u00f3 a la p\u00e0gina web de preinscripci\u00f3 del<a href=\"https:\/\/preinscripcio.gencat.cat\/ca\/inici\" target=\"_blank\" rel=\"noopener\">\u00a0Departament d\u2019Educaci\u00f3<\/a><a href=\"https:\/\/agora.xtec.cat\/escolajujol\/general\/preinscripcio-2022-2023\/\" target=\"_blank\" rel=\"noopener\">\u00a0i a la del\u00a0<\/a><a href=\"https:\/\/www.edubcn.cat\/ca\/alumnat_i_familia\/informacio_general_matriculacio\/preinscripcio\" target=\"_blank\" rel=\"noopener\">Consorci d\u2019Educaci\u00f3<\/a>.<\/p>\n","protected":false},"excerpt":{"rendered":"<p>Benvolgudes fam\u00edlies, ja s&#8217;ha publicat el barem provisional. Per veure&#8217;l\u00a0 feu clic a la imatge.<br \/>\n<a href=\"https:\/\/view.genially.com\/69a5518289e1e84d7c4586cf\/guide-preinscripcio-26-27\"><\/a><br \/>\nTrobareu m\u00e9s informaci\u00f3 a la p\u00e0gina web de preinscripci\u00f3 del<a href=\"https:\/\/preinscripcio.gencat.cat\/ca\/inici\" target=\"_blank\" rel=\"noopener\">\u00a0Departament d\u2019Educaci\u00f3<\/a><a href=\"https:\/\/agora.xtec.cat\/escolajujol\/general\/preinscripcio-2022-2023\/\" target=\"_blank\" rel=\"noopener\">\u00a0i a la del\u00a0<\/a><a href=\"https:\/\/www.edubcn.cat\/ca\/alumnat_i_familia\/informacio_general_matriculacio\/preinscripcio\" target=\"_blank\" rel=\"noopener\">Consorci d\u2019Educaci\u00f3<\/a>.<\/p>\n","protected":false},"author":1,"featured_media":0,"parent":454,"menu_order":4,"comment_status":"closed","ping_status":"closed","template":"","meta":{"_bbp_topic_count":0,"_bbp_reply_count":0,"_bbp_total_topic_count":0,"_bbp_total_reply_count":0,"_bbp_voice_count":0,"_bbp_anonymous_reply_count":0,"_bbp_topic_count_hidden":0,"_bbp_reply_count_hidden":0,"_bbp_forum_subforum_count":0,"footnotes":""},"class_list":["post-22","page","type-page","status-publish","hentry"],"post_mailing_queue_ids":[],"_links":{"self":[{"href":"https:\/\/agora.xtec.cat\/escolajujol\/wp-json\/wp\/v2\/pages\/22","targetHints":{"allow":["GET"]}}],"collection":[{"href":"https:\/\/agora.xtec.cat\/escolajujol\/wp-json\/wp\/v2\/pages"}],"about":[{"href":"https:\/\/agora.xtec.cat\/escolajujol\/wp-json\/wp\/v2\/types\/page"}],"author":[{"embeddable":true,"href":"https:\/\/agora.xtec.cat\/escolajujol\/wp-json\/wp\/v2\/users\/1"}],"replies":[{"embeddable":true,"href":"https:\/\/agora.xtec.cat\/escolajujol\/wp-json\/wp\/v2\/comments?post=22"}],"version-history":[{"count":7,"href":"https:\/\/agora.xtec.cat\/escolajujol\/wp-json\/wp\/v2\/pages\/22\/revisions"}],"predecessor-version":[{"id":2965,"href":"https:\/\/agora.xtec.cat\/escolajujol\/wp-json\/wp\/v2\/pages\/22\/revisions\/2965"}],"up":[{"embeddable":true,"href":"https:\/\/agora.xtec.cat\/escolajujol\/wp-json\/wp\/v2\/pages\/454"}],"wp:attachment":[{"href":"https:\/\/agora.xtec.cat\/escolajujol\/wp-json\/wp\/v2\/media?parent=22"}],"curies":[{"name":"wp","href":"https:\/\/api.w.org\/{rel}","templated":true}]}}