{"id":1265,"date":"2020-03-10T10:40:43","date_gmt":"2020-03-10T09:40:43","guid":{"rendered":"http:\/\/agora.xtec.cat\/escolajujol\/?page_id=1265"},"modified":"2025-02-13T16:24:52","modified_gmt":"2025-02-13T15:24:52","slug":"informacions-generals-de-lespai-migdia","status":"publish","type":"page","link":"https:\/\/agora.xtec.cat\/escolajujol\/serveis\/informacions-generals-de-lespai-migdia\/","title":{"rendered":"Informaci\u00f3 general de l&#8217;Espai Migida"},"content":{"rendered":"<p style=\"text-align: left;\"><strong>Com \u00e9s un migdia al Jujol?<\/strong><\/p>\n<p><iframe loading=\"lazy\" title=\"JUJOL MIGDIA\" width=\"500\" height=\"281\" src=\"https:\/\/www.youtube.com\/embed\/JlEIaci0aBc?feature=oembed\" frameborder=\"0\" allow=\"accelerometer; autoplay; clipboard-write; encrypted-media; gyroscope; picture-in-picture; web-share\" referrerpolicy=\"strict-origin-when-cross-origin\" allowfullscreen><\/iframe><\/p>\n<p><center><\/center><center>Amb la col\u00b7laboraci\u00f3 de\u00a0<a class=\"customize-unpreviewable\" href=\"http:\/\/www.minimes.tv\/\" target=\"_blank\" rel=\"noopener noreferrer\">Produccions M\u00ednimes<\/a><\/center><\/p>\n<h3 style=\"text-align: left;\"><\/h3>\n<h3>Com \u00e9s el nostre menjador?<\/h3>\n<p><center><\/center><center><\/center><center><\/center><center><\/center><center><\/center><a class=\"customize-unpreviewable\" href=\"https:\/\/agora.xtec.cat\/escolajujol\/wp-content\/uploads\/usu1013\/2016\/02\/IMGP7781b.jpg\"><img loading=\"lazy\" decoding=\"async\" class=\"size-full wp-image-514 alignleft\" src=\"http:\/\/agora.xtec.cat\/escolajujol\/wp-content\/uploads\/usu1013\/2016\/02\/IMGP7781b.jpg\" sizes=\"auto, (max-width: 343px) 100vw, 343px\" srcset=\"https:\/\/agora.xtec.cat\/escolajujol\/wp-content\/uploads\/usu1013\/2016\/02\/IMGP7781b.jpg 343w, https:\/\/agora.xtec.cat\/escolajujol\/wp-content\/uploads\/usu1013\/2016\/02\/IMGP7781b-300x201.jpg 300w\" alt=\"Menjador Prim\u00e0ria\" width=\"343\" height=\"230\" \/><\/a><\/p>\n<p>L\u2019escola disposa de\u00a0<strong>dos menjadors<\/strong>:\u00a0un pels alumnes d\u2019Educaci\u00f3 Infantil\u00a0i un altre pels alumnes de Prim\u00e0ria.<\/p>\n<p>Cada mes publiquem a la web el\u00a0<a href=\"https:\/\/agora.xtec.cat\/escolajujol\/serveis\/menjador\/menudeljujol\/?customize_changeset_uuid=88890d2f-3a1f-4d2e-a3de-d2ca02de6e19&amp;customize_messenger_channel=preview-0\" target=\"_blank\" rel=\"noopener noreferrer\">\u201cMen\u00fa del mes\u201d\u00a0<\/a>i aix\u00ed sabem el que dinarem cada dia.<\/p>\n<p>L\u2019equip de cuina ens fan cada dia el dinar i procuren que sigui bo i equilibrat.<\/p>\n<p>Es fan fins a 10 variants del men\u00fa per adaptar-se a les necessitats que puguin tenir els alumnes i\u00a0<strong>mengem productes frescos i de proximitat.<\/strong><\/p>\n<p>Per organitzar-nos fem dos torns de menjador i quan no estem menjant, durant el temps de migdia alguns dormim i uns altres realitzem\u00a0activitats extraescolars, juguem al pati o fem\u00a0activitats en els diferents espais de\u00a0l\u2019escola.<\/p>\n<p>Els monitors tamb\u00e9 ens ajuden a assolir h\u00e0bits alimentaris i a crear un bon ambient al menjador!<\/p>\n<p>&nbsp;<\/p>\n<h3>NORMATIVA DEL FUNCIONAMENT DEL SERVEI DE MENJADOR<\/h3>\n<p>S\u2019ent\u00e9n per menjador escolar el servei de car\u00e0cter\u00a0<strong>no obligatori<\/strong>\u00a0que es d\u00f3na a l\u2019alumnat del centre i que implica la seva perman\u00e8ncia fins a les 15h.\u00a0L\u2019\u00fas del Servei de Menjador \u00e9s lliure i volunt\u00e0ria per a cada fam\u00edlia.<\/p>\n<p>Com espai educatiu, aquest servei comporta a m\u00e9s del dinar i la vigil\u00e0ncia, el respecte vers les normes acordades pel Consell Escolar, el treball dels h\u00e0bits segons el projecte educatiu de l\u2019escola i la participaci\u00f3 en les activitats que organitza el centre.<\/p>\n<p>El dinar es fa a la cuina de l\u2019escola. Consta d\u2019un men\u00fa variat i un de r\u00e8gim per a aquells alumnes que espor\u00e0dicament ho necessitin.<br \/>\nEn cas d\u2019algun tipus d\u2019al\u00b7l\u00e8rgia, r\u00e8gim o dieta especial s\u2019ha de comunicar a la Coordinadora del menjador, Srta. Martha Pozuelo, adjuntant un certificat m\u00e8dic. Hi ha men\u00fa espec\u00edfics per als alumnes que pateixen intoler\u00e0ncies aliment\u00e0ries.<\/p>\n<p>Malauradament, degut a la manca d\u2019espai, l\u2019\u00faltim dia de trimestre no es podran quedar alumnes per tiquet al menjador. Nom\u00e9s l\u2019\u00faltim dia de curs es podran quedar els alumnes de 6\u00e8.<\/p>\n<p>Hi ha dues modalitats d\u2019inscripcions al servei de menjador:<br \/>\nAlumnes fixos:\u00a0s\u00f3n aquells que es queden tots els dies de la setmana (de dilluns a divendres) durant tot el curs des del seu inici al Setembre fins al Juny. Tindran un preus fixos marcats pel Consell Escolar del Centre.<br \/>\nEl cobrament dels rebuts del servei pels alumnes fixos, es far\u00e0 entre l\u20191 i el 5 de cada mes mitjan\u00e7ant domiciliaci\u00f3 banc\u00e0ria.\u00a0Els rebuts retornats pel banc, a partir de la reclamaci\u00f3 de l\u2019escola hi haur\u00e0 5 dies per fer-los efectius al centre. En cas contrari es donar\u00e0 autom\u00e0ticament a l\u2019alumne de baixa del servei.<\/p>\n<p>Alumnes eventuals:\u00a0Utilitzen espor\u00e0dicament el servei de menjador, pagant per tiquets i el preu ser\u00e0 inferior o igual al preu m\u00e0xim establert anualment pel Departament d\u2019Educaci\u00f3.<br \/>\nAquests usuaris espor\u00e0dics hauran d\u2019anotar el seu nom a la llibreta espec\u00edfica que hi ha a consergeria i abonar\u00a0l\u2019import del tiquet de menjador el dia abans o el mateix dia a la coordinadora de menjador, Martha.<\/p>\n<p><strong>Tractaments dels Impagats<\/strong><\/p>\n<p>Quan una fam\u00edlia incompleix la seva obligaci\u00f3 de pagar el rebut mensual de menjador, ser\u00e0 requerida per tal que liquidi el deute pendent. Si no es liquida de forma immediata, mitjan\u00e7ant comunicaci\u00f3 escrita als pares, se\u2019ls informar\u00e0 que a partir del dia seg\u00fcent, perdran el dret a seguir utilitzant el servei de menjador, fet que comunicar\u00e0 la Direcci\u00f3 del centre.<br \/>\nEn casos concrets, per tal que el nen\/s pugui seguir utilitzant el servei de menjador, es podr\u00e0 acceptar el comprom\u00eds escrit i pactat amb els pares a fi que puguin liquidar el deute a terminis.<br \/>\nLes despeses ocasionades per devolucions siguin de la \u00edndole que siguin, banc\u00e0ries, de reclamaci\u00f3 etc\u2026, de rebuts aniran a c\u00e0rrec dels usuaris.<\/p>\n<p><strong>Tractament de les baixes<\/strong><\/p>\n<p>Tots els alumnes que es donin de baixa o facin modificacions del servei, han de comunica-ho a la coordinadora abans del 20 del mes anterior al que es produir\u00e0 la modificaci\u00f3. D\u2019altra manera no es podr\u00e0 canviar la facturaci\u00f3. En cas de baixa , l\u2019usuari no podr\u00e0 tornar a quedar-se com a fix durant el mateix curs escolar, si podr\u00e0 fer- ho com a usuari eventual, pagant el preu marcat pels tiquets individuals.<\/p>\n<p><strong>Altres informacions d\u2019inter\u00e8s<\/strong><\/p>\n<ul>\n<li>Les quotes de menjador per cada comensal seran fixades pel Consell Escolar i aprovades abans de comen\u00e7ar cada curs escolar.<\/li>\n<li>Els alumnes becats s\u2019els s\u2019aplicar\u00e0 l\u2019import de la beca quan el Consorci aboni aquesta al Centre i hauran d\u2019abonar la difer\u00e8ncia entre l\u2019import de l\u2019ajut i la quota del menjador. El pagament de la quota de beca ser\u00e0 fix durant tot el curs, no hi hauran excepcions per baixes o per vacances.<\/li>\n<li>En cas de malaltia es retornar\u00e0 la part equivalent al dinar a partir del tercer dia previ justificant m\u00e8dic.<\/li>\n<li>Es privar\u00e0 de l\u2019\u00fas del servei de menjador al comensal que no atengui el pagament de les quotes que li corresponguin. El pagament del servei es far\u00e0 per mensualitats avan\u00e7ades i a trav\u00e9s de l\u2019entitat banc\u00e0ria que determini el centre, en el rebut retornat pel banc \u00e9s carregar\u00e0 4 \u20ac de comissions, si ha un 2n rebut retornat l\u2019alumne ser\u00e0 donat de baixa i no podr\u00e0 accedir al servei fins que no hi hagu\u00ed liquidat el deute. L\u2019esmentada privaci\u00f3 de fer \u00fas del servei de menjador es far\u00e0 sempre d\u2019acord amb el criteri de la Direcci\u00f3\u00a0del centre, la qual sospesar\u00e0 les circumst\u00e0ncies d\u2019excepcionalitat.<\/li>\n<li>No ser\u00e0 adm\u00e8s cap comensal que tingui pendents de liquidaci\u00f3 quotes anteriors encara que aquestes\u00a0siguin de cursos anteriors, i\/o de germans\/es.<\/li>\n<\/ul>\n<div class=\"page\" title=\"Page 1\"><\/div>\n<h3 class=\"layoutArea\">Ajuts de menjador escolar.<\/h3>\n<p>L\u2019alumnat de P-3 a 4t d\u2019ESO escolaritzat en centres p\u00fablics i concertats de fam\u00edlies amb ingressos baixos pot sol\u00b7licitar l\u2019ajut individual de menjador a trav\u00e9s del seu centre educatiu. A la ciutat de Barcelona tots aquests ajuts s\u00f3n gestionats pel Consorci d\u2019Educaci\u00f3 de Barcelona, mitjan\u00e7ant convocat\u00f2ria p\u00fablica.<\/p>\n<p>A la web del\u00a0<a class=\"customize-unpreviewable\" href=\"http:\/\/www.edubcn.cat\/ca\/alumnat_i_familia\/ajuts_beques_i_subvencions\/convocatories_ceb\/ajuts_de_menjador\" target=\"_blank\" rel=\"noopener noreferrer\">Consorci d\u2019Educaci\u00f3<\/a>\u00a0trobareu els\u00a0documents i formularis per presentar la sol\u00b7licitut de beca.<\/p>\n","protected":false},"excerpt":{"rendered":"<p>Com \u00e9s un migdia al Jujol?<\/p>\n<p>Amb la col\u00b7laboraci\u00f3 de\u00a0<a class=\"customize-unpreviewable\" href=\"http:\/\/www.minimes.tv\/\" target=\"_blank\" rel=\"noopener noreferrer\">Produccions M\u00ednimes<\/a><\/p>\n<p>Com \u00e9s el nostre menjador?<br \/>\n<a class=\"customize-unpreviewable\" href=\"https:\/\/agora.xtec.cat\/escolajujol\/wp-content\/uploads\/usu1013\/2016\/02\/IMGP7781b.jpg\"><\/a><br \/>\nL\u2019escola disposa de\u00a0dos menjadors:\u00a0un pels alumnes d\u2019Educaci\u00f3 Infantil\u00a0i un altre pels alumnes de Prim\u00e0ria.<br \/>\nCada mes publiquem a la web el\u00a0<a href=\"https:\/\/agora.xtec.cat\/escolajujol\/serveis\/menjador\/menudeljujol\/?customize_changeset_uuid=88890d2f-3a1f-4d2e-a3de-d2ca02de6e19&amp;customize_messenger_channel=preview-0\" target=\"_blank\" rel=\"noopener noreferrer\">\u201cMen\u00fa del&hellip;  <a href=\"https:\/\/agora.xtec.cat\/escolajujol\/serveis\/informacions-generals-de-lespai-migdia\/\" title=\"Read Informaci\u00f3 general de l&#8217;Espai Migida\">Llegeix m\u00e9s\u00bb<\/a><\/p>\n","protected":false},"author":1,"featured_media":0,"parent":66,"menu_order":2,"comment_status":"closed","ping_status":"closed","template":"page-templates\/side-menu.php","meta":{"_bbp_topic_count":0,"_bbp_reply_count":0,"_bbp_total_topic_count":0,"_bbp_total_reply_count":0,"_bbp_voice_count":0,"_bbp_anonymous_reply_count":0,"_bbp_topic_count_hidden":0,"_bbp_reply_count_hidden":0,"_bbp_forum_subforum_count":0,"footnotes":""},"class_list":["post-1265","page","type-page","status-publish","hentry"],"post_mailing_queue_ids":[],"_links":{"self":[{"href":"https:\/\/agora.xtec.cat\/escolajujol\/wp-json\/wp\/v2\/pages\/1265","targetHints":{"allow":["GET"]}}],"collection":[{"href":"https:\/\/agora.xtec.cat\/escolajujol\/wp-json\/wp\/v2\/pages"}],"about":[{"href":"https:\/\/agora.xtec.cat\/escolajujol\/wp-json\/wp\/v2\/types\/page"}],"author":[{"embeddable":true,"href":"https:\/\/agora.xtec.cat\/escolajujol\/wp-json\/wp\/v2\/users\/1"}],"replies":[{"embeddable":true,"href":"https:\/\/agora.xtec.cat\/escolajujol\/wp-json\/wp\/v2\/comments?post=1265"}],"version-history":[{"count":3,"href":"https:\/\/agora.xtec.cat\/escolajujol\/wp-json\/wp\/v2\/pages\/1265\/revisions"}],"predecessor-version":[{"id":1533,"href":"https:\/\/agora.xtec.cat\/escolajujol\/wp-json\/wp\/v2\/pages\/1265\/revisions\/1533"}],"up":[{"embeddable":true,"href":"https:\/\/agora.xtec.cat\/escolajujol\/wp-json\/wp\/v2\/pages\/66"}],"wp:attachment":[{"href":"https:\/\/agora.xtec.cat\/escolajujol\/wp-json\/wp\/v2\/media?parent=1265"}],"curies":[{"name":"wp","href":"https:\/\/api.w.org\/{rel}","templated":true}]}}