{"id":1188,"date":"2020-01-17T18:46:58","date_gmt":"2020-01-17T17:46:58","guid":{"rendered":"http:\/\/agora.xtec.cat\/escolajujol\/?page_id=1188"},"modified":"2020-01-17T18:46:58","modified_gmt":"2020-01-17T17:46:58","slug":"mediambientalitzat","status":"publish","type":"page","link":"https:\/\/agora.xtec.cat\/escolajujol\/mediambientalitzat\/","title":{"rendered":"Mediambientalitza&#8217;t"},"content":{"rendered":"<div data-block=\"true\" data-editor=\"70ki4\" data-offset-key=\"6lh7e-0-0\">\n<h2 data-offset-key=\"6lh7e-0-0\">Primer Butllet\u00ed Informatiu!<\/h2>\n<\/div>\n<p>Des de l&#8217;escola volem que estigueu informats com anem avan\u00e7ant en el nostre treball del Monogr\u00e0fic, aquest curs dedicat al Medi Ambient.<\/p>\n<p>Hem elaborat un butllet\u00ed informatiu on cada mes coneixereu les novetats i les accions que des de l&#8217;escola portem a terme per esdevenir un centre m\u00e9s ecol\u00f2gic, sostenible i de proximitat.<\/p>\n<p>Trobareu el butllet\u00ed penjat a l&#8217;entrada de l&#8217;escola i farem difusi\u00f3 a la nostra p\u00e0gina web i xarxes socials.<\/p>\n<p>Un projecte sense logotip no seria el mateix. Per aquest motiu es va demanar als alumnes de 3r, 4t, 5\u00e8 i 6\u00e8 que dissenyessin un logo que represent\u00e9s el lema del Monogr\u00e0fic: MEDIAMBIENTALITZA&#8217;T.<br \/>\nDurant la setmana tots els alumnes de l&#8217;escola han votat i han escollit un dibuix guanyador.<br \/>\nVoleu saber qui ha estat el logo m\u00e9s triat? Al butllet\u00ed el trobareu!<\/p>\n<p>Aquest curs volem proposar als alumnes que assoleixin diferents <strong>M<\/strong>issions <strong>M<\/strong>ediambientals <strong>M<\/strong>ensuals, la <strong>MMM<\/strong>.<br \/>\nEl primer repte \u00e9s el seg\u00fcent: <strong>ELIMINEM ELS EMBOLCALLS DE PL\u00c0STIC I D&#8217;ALUMINI DEL NOSTRE ESMORZAR. <\/strong>Podeu ajudar des de casa fent servir tovallons i bosses de roba, carmanyoles reutilitzables, boc&#8217;n rolls,&#8230;<\/p>\n<p>No perdeu el fil i&#8230;<\/p>\n<h3 data-offset-key=\"4uhts-0-0\">&#8230;aquest any, MEDIAMBIENTALITZA&#8217;T amb nosaltres!<\/h3>\n<p>&nbsp;<\/p>\n<p><img loading=\"lazy\" decoding=\"async\" class=\"aligncenter wp-image-1191 size-full\" src=\"https:\/\/agora.xtec.cat\/escolajujol\/wp-content\/uploads\/usu1013\/2020\/01\/MEDIAMBIENTALITZAT.jpg\" alt=\"\" width=\"1414\" height=\"2000\" srcset=\"https:\/\/agora.xtec.cat\/escolajujol\/wp-content\/uploads\/usu1013\/2020\/01\/MEDIAMBIENTALITZAT.jpg 1414w, https:\/\/agora.xtec.cat\/escolajujol\/wp-content\/uploads\/usu1013\/2020\/01\/MEDIAMBIENTALITZAT-212x300.jpg 212w, https:\/\/agora.xtec.cat\/escolajujol\/wp-content\/uploads\/usu1013\/2020\/01\/MEDIAMBIENTALITZAT-768x1086.jpg 768w, https:\/\/agora.xtec.cat\/escolajujol\/wp-content\/uploads\/usu1013\/2020\/01\/MEDIAMBIENTALITZAT-724x1024.jpg 724w\" sizes=\"auto, (max-width: 1414px) 100vw, 1414px\" \/><\/p>\n","protected":false},"excerpt":{"rendered":"<p>Primer Butllet\u00ed Informatiu!<\/p>\n<p>Des de l&#8217;escola volem que estigueu informats com anem avan\u00e7ant en el nostre treball del Monogr\u00e0fic, aquest curs dedicat al Medi Ambient.<br \/>\nHem elaborat un butllet\u00ed informatiu on cada mes coneixereu les novetats i les accions que des de l&#8217;escola portem a terme per&hellip;  <a href=\"https:\/\/agora.xtec.cat\/escolajujol\/mediambientalitzat\/\" title=\"Read Mediambientalitza&#8217;t\">Llegeix m\u00e9s\u00bb<\/a><\/p>\n","protected":false},"author":1,"featured_media":0,"parent":0,"menu_order":0,"comment_status":"closed","ping_status":"closed","template":"","meta":{"_bbp_topic_count":0,"_bbp_reply_count":0,"_bbp_total_topic_count":0,"_bbp_total_reply_count":0,"_bbp_voice_count":0,"_bbp_anonymous_reply_count":0,"_bbp_topic_count_hidden":0,"_bbp_reply_count_hidden":0,"_bbp_forum_subforum_count":0,"footnotes":""},"class_list":["post-1188","page","type-page","status-publish","hentry"],"post_mailing_queue_ids":[],"_links":{"self":[{"href":"https:\/\/agora.xtec.cat\/escolajujol\/wp-json\/wp\/v2\/pages\/1188","targetHints":{"allow":["GET"]}}],"collection":[{"href":"https:\/\/agora.xtec.cat\/escolajujol\/wp-json\/wp\/v2\/pages"}],"about":[{"href":"https:\/\/agora.xtec.cat\/escolajujol\/wp-json\/wp\/v2\/types\/page"}],"author":[{"embeddable":true,"href":"https:\/\/agora.xtec.cat\/escolajujol\/wp-json\/wp\/v2\/users\/1"}],"replies":[{"embeddable":true,"href":"https:\/\/agora.xtec.cat\/escolajujol\/wp-json\/wp\/v2\/comments?post=1188"}],"version-history":[{"count":3,"href":"https:\/\/agora.xtec.cat\/escolajujol\/wp-json\/wp\/v2\/pages\/1188\/revisions"}],"predecessor-version":[{"id":1194,"href":"https:\/\/agora.xtec.cat\/escolajujol\/wp-json\/wp\/v2\/pages\/1188\/revisions\/1194"}],"wp:attachment":[{"href":"https:\/\/agora.xtec.cat\/escolajujol\/wp-json\/wp\/v2\/media?parent=1188"}],"curies":[{"name":"wp","href":"https:\/\/api.w.org\/{rel}","templated":true}]}}