{"id":936,"date":"2023-12-01T10:20:29","date_gmt":"2023-12-01T09:20:29","guid":{"rendered":"https:\/\/agora.xtec.cat\/escolajuansalamero\/?page_id=936"},"modified":"2025-07-09T11:08:25","modified_gmt":"2025-07-09T09:08:25","slug":"tallers-intercicles","status":"publish","type":"page","link":"https:\/\/agora.xtec.cat\/escolajuansalamero\/projecte-educatiu\/tallers-intercicles\/","title":{"rendered":"Tallers art\u00edstics"},"content":{"rendered":"<p>A partir d&#8217;aquest curs, realitzarem 6 tallers art\u00edstics. Cada taller descobrir\u00e0 un autor\/a, \u00e8poca o tem\u00e0tica de cadascun dels 6 \u00e0mbits que es treballaran. Els tallers es realitzaran trimestralment durant 3 sessions. Es faran dues sessions d&#8217;una hora, dues tardes setmanals, i seran internivells des d&#8217;I3 fins a 6\u00e8.<\/p>\n<p><a href=\"https:\/\/agora.xtec.cat\/escolajuansalamero\/wp-content\/uploads\/usu2941\/2023\/12\/321.jpg\"><img loading=\"lazy\" decoding=\"async\" class=\"size-medium wp-image-995 aligncenter\" src=\"https:\/\/agora.xtec.cat\/escolajuansalamero\/wp-content\/uploads\/usu2941\/2023\/12\/321-300x225.jpg\" alt=\"\" width=\"300\" height=\"225\" srcset=\"https:\/\/agora.xtec.cat\/escolajuansalamero\/wp-content\/uploads\/usu2941\/2023\/12\/321-300x225.jpg 300w, https:\/\/agora.xtec.cat\/escolajuansalamero\/wp-content\/uploads\/usu2941\/2023\/12\/321-200x150.jpg 200w, https:\/\/agora.xtec.cat\/escolajuansalamero\/wp-content\/uploads\/usu2941\/2023\/12\/321.jpg 750w\" sizes=\"auto, (max-width: 300px) 100vw, 300px\" \/><\/a><\/p>\n<p>&nbsp;<\/p>\n<p>Aquest curs 2025-2026 els tallers que realitzem s\u00f3n:<\/p>\n<ul>\n<li>Taller de fotografia<\/li>\n<li>Taller de cinema i televisi\u00f3<\/li>\n<li>Taller de r\u00e0dio<\/li>\n<li>Taller de pintura, arquitectura i escultura<\/li>\n<li>Taller de m\u00fasica<\/li>\n<li>Taller de dansa<\/li>\n<\/ul>\n","protected":false},"excerpt":{"rendered":"<p>A partir d&#8217;aquest curs, realitzarem 6 tallers art\u00edstics. Cada taller descobrir\u00e0 un autor\/a, \u00e8poca o tem\u00e0tica de cadascun dels 6 [&hellip;]<\/p>\n","protected":false},"author":1,"featured_media":0,"parent":64,"menu_order":8,"comment_status":"closed","ping_status":"closed","template":"","meta":{"_bbp_topic_count":0,"_bbp_reply_count":0,"_bbp_total_topic_count":0,"_bbp_total_reply_count":0,"_bbp_voice_count":0,"_bbp_anonymous_reply_count":0,"_bbp_topic_count_hidden":0,"_bbp_reply_count_hidden":0,"_bbp_forum_subforum_count":0,"site-sidebar-layout":"default","site-content-layout":"","ast-site-content-layout":"default","site-content-style":"default","site-sidebar-style":"default","ast-global-header-display":"","ast-banner-title-visibility":"","ast-main-header-display":"","ast-hfb-above-header-display":"","ast-hfb-below-header-display":"","ast-hfb-mobile-header-display":"","site-post-title":"","ast-breadcrumbs-content":"","ast-featured-img":"","footer-sml-layout":"","theme-transparent-header-meta":"default","adv-header-id-meta":"","stick-header-meta":"","header-above-stick-meta":"","header-main-stick-meta":"","header-below-stick-meta":"","astra-migrate-meta-layouts":"set","ast-page-background-enabled":"default","ast-page-background-meta":{"desktop":{"background-color":"var(--ast-global-color-4)","background-image":"","background-repeat":"repeat","background-position":"center center","background-size":"auto","background-attachment":"scroll","background-type":"","background-media":"","overlay-type":"","overlay-color":"","overlay-opacity":"","overlay-gradient":""},"tablet":{"background-color":"","background-image":"","background-repeat":"repeat","background-position":"center center","background-size":"auto","background-attachment":"scroll","background-type":"","background-media":"","overlay-type":"","overlay-color":"","overlay-opacity":"","overlay-gradient":""},"mobile":{"background-color":"","background-image":"","background-repeat":"repeat","background-position":"center center","background-size":"auto","background-attachment":"scroll","background-type":"","background-media":"","overlay-type":"","overlay-color":"","overlay-opacity":"","overlay-gradient":""}},"ast-content-background-meta":{"desktop":{"background-color":"var(--ast-global-color-5)","background-image":"","background-repeat":"repeat","background-position":"center center","background-size":"auto","background-attachment":"scroll","background-type":"","background-media":"","overlay-type":"","overlay-color":"","overlay-opacity":"","overlay-gradient":""},"tablet":{"background-color":"var(--ast-global-color-5)","background-image":"","background-repeat":"repeat","background-position":"center center","background-size":"auto","background-attachment":"scroll","background-type":"","background-media":"","overlay-type":"","overlay-color":"","overlay-opacity":"","overlay-gradient":""},"mobile":{"background-color":"var(--ast-global-color-5)","background-image":"","background-repeat":"repeat","background-position":"center center","background-size":"auto","background-attachment":"scroll","background-type":"","background-media":"","overlay-type":"","overlay-color":"","overlay-opacity":"","overlay-gradient":""}},"footnotes":""},"class_list":["post-936","page","type-page","status-publish","hentry"],"post_mailing_queue_ids":[],"_links":{"self":[{"href":"https:\/\/agora.xtec.cat\/escolajuansalamero\/wp-json\/wp\/v2\/pages\/936","targetHints":{"allow":["GET"]}}],"collection":[{"href":"https:\/\/agora.xtec.cat\/escolajuansalamero\/wp-json\/wp\/v2\/pages"}],"about":[{"href":"https:\/\/agora.xtec.cat\/escolajuansalamero\/wp-json\/wp\/v2\/types\/page"}],"author":[{"embeddable":true,"href":"https:\/\/agora.xtec.cat\/escolajuansalamero\/wp-json\/wp\/v2\/users\/1"}],"replies":[{"embeddable":true,"href":"https:\/\/agora.xtec.cat\/escolajuansalamero\/wp-json\/wp\/v2\/comments?post=936"}],"version-history":[{"count":6,"href":"https:\/\/agora.xtec.cat\/escolajuansalamero\/wp-json\/wp\/v2\/pages\/936\/revisions"}],"predecessor-version":[{"id":2062,"href":"https:\/\/agora.xtec.cat\/escolajuansalamero\/wp-json\/wp\/v2\/pages\/936\/revisions\/2062"}],"up":[{"embeddable":true,"href":"https:\/\/agora.xtec.cat\/escolajuansalamero\/wp-json\/wp\/v2\/pages\/64"}],"wp:attachment":[{"href":"https:\/\/agora.xtec.cat\/escolajuansalamero\/wp-json\/wp\/v2\/media?parent=936"}],"curies":[{"name":"wp","href":"https:\/\/api.w.org\/{rel}","templated":true}]}}

Tallers artístics

<p>A partir d&#8217;aquest curs, realitzarem 6 tallers artístics. Cada taller descobrirà un autor/a, època o temàtica de cadascun dels 6 àmbits que es treballaran. Els tallers es realitzaran trimestralment durant 3 sessions. Es faran dues sessions d&#8217;una hora, dues tardes setmanals, i seran internivells des d&#8217;I3 fins a 6è.</p>
<p><a href="https://agora.xtec.cat/escolajuansalamero/wp-content/uploads/usu2941/2023/12/321.jpg"><img loading="lazy" decoding="async" class="size-medium wp-image-995 aligncenter" src="https://agora.xtec.cat/escolajuansalamero/wp-content/uploads/usu2941/2023/12/321-300x225.jpg" alt="" width="300" height="225" srcset="https://agora.xtec.cat/escolajuansalamero/wp-content/uploads/usu2941/2023/12/321-300x225.jpg 300w, https://agora.xtec.cat/escolajuansalamero/wp-content/uploads/usu2941/2023/12/321-200x150.jpg 200w, https://agora.xtec.cat/escolajuansalamero/wp-content/uploads/usu2941/2023/12/321.jpg 750w" sizes="auto, (max-width: 300px) 100vw, 300px" /></a></p>
<p>&nbsp;</p>
<p>Aquest curs 2025-2026 els tallers que realitzem són:</p>
<ul>
<li>Taller de fotografia</li>
<li>Taller de cinema i televisió</li>
<li>Taller de ràdio</li>
<li>Taller de pintura, arquitectura i escultura</li>
<li>Taller de música</li>
<li>Taller de dansa</li>
</ul>

<p>A partir d&#8217;aquest curs, realitzarem 6 tallers artístics. Cada taller descobrirà un autor/a, època o temàtica de cadascun dels 6 [&hellip;]</p>
