{"id":32,"date":"2014-09-18T12:31:33","date_gmt":"2014-09-18T11:31:33","guid":{"rendered":"http:\/\/agora.xtec.cat\/escolajuansalamero\/?page_id=32"},"modified":"2025-09-12T18:57:11","modified_gmt":"2025-09-12T16:57:11","slug":"calendari-del-curs","status":"publish","type":"page","link":"https:\/\/agora.xtec.cat\/escolajuansalamero\/lescola\/calendari-del-curs\/","title":{"rendered":"Curs 2025-26"},"content":{"rendered":"<p><strong>Inici de curs<\/strong><\/p>\n<ul style=\"list-style-type: square;\">\n<li>8 de setembre de 2025<\/li>\n<\/ul>\n<p>&nbsp;<\/p>\n<p><strong>Horari<\/strong><\/p>\n<p>El nostres\u00a0<strong>horaris<\/strong>\u00a0s\u00f3n:<\/p>\n<ul>\n<li>Al mat\u00ed de 9:00 a 13:00h<\/li>\n<li>A la tarda de 15:00 a 17:00 h<\/li>\n<\/ul>\n<p>Educaci\u00f3 Infantil i Cicle Inicial: entraran per la porta petita de l&#8217;escala.<\/p>\n<p>Cicle Mitj\u00e0 i Cicle Superior: entraran per la porta corredissa.<\/p>\n<p>&nbsp;<\/p>\n<p><strong>Adaptaci\u00f3 d&#8217;I3 i Nouvinguts d&#8217;I4 i I5<\/strong><\/p>\n<p>Ser\u00e0 els dies 8, 9 i 10 de setembre de 9 a 12h.<\/p>\n<p>&nbsp;<\/p>\n<p><strong>Vacances<\/strong><\/p>\n<ul>\n<li>Del 20 de desembre de 2024 al 7 de gener de 2026 (ambd\u00f3s inclosos)<\/li>\n<li>Del 28 de mar\u00e7 de 2025 al 6 d&#8217;abril de 2026 (ambd\u00f3s inclosos)<\/li>\n<li>A partir del 20 de juny de 2026<\/li>\n<\/ul>\n<p>&nbsp;<\/p>\n<p><strong>Dies festius i de lliure disposici\u00f3<\/strong><\/p>\n<ul style=\"list-style-type: square;\">\n<li>11 de setembre de 2025<\/li>\n<li>31 d&#8217;octubre de 2025<\/li>\n<li>1 de novembre de 2025<\/li>\n<li>5, 6, 7 i 8 de desembre de 2025<\/li>\n<li>15 de desembre de 2025<\/li>\n<li>16 de febrer de 2026<\/li>\n<li>30 d&#8217;abril de 2026<\/li>\n<li>1 de maig de 2026<\/li>\n<li>25 de maig de 2026<\/li>\n<\/ul>\n<p>&nbsp;<\/p>\n<p><strong>Jornada intensiva<\/strong><\/p>\n<p>L\u2019<b>horari lectiu<\/b> del centre \u00e9s de 9 a 13h i de 15 a 17h per a tot l&#8217;alumnat del centre. Per\u00f2 hi ha uns dies determinats on es fa jonada intensiva. S\u00f3n en el 21 de desembre de 2025 i del 8 al 19 de juny de 2026 (ambd\u00f3s inclosos). L&#8217;horari de la jornada intensiva \u00e9s de 9 a 13h (horari d&#8217;escola) i de 13 a 15h (servei de menjador).<\/p>\n<p>&nbsp;<\/p>\n<p><strong>Calendari escolar<\/strong><\/p>\n<p><a href=\"https:\/\/agora.xtec.cat\/escolajuansalamero\/wp-content\/uploads\/usu2941\/2025\/09\/Calendari-escolar-escola-Juan-Salamero-25-26.jpg\"><img loading=\"lazy\" decoding=\"async\" class=\"alignnone size-medium wp-image-2086\" src=\"https:\/\/agora.xtec.cat\/escolajuansalamero\/wp-content\/uploads\/usu2941\/2025\/09\/Calendari-escolar-escola-Juan-Salamero-25-26-212x300.jpg\" alt=\"\" width=\"212\" height=\"300\" srcset=\"https:\/\/agora.xtec.cat\/escolajuansalamero\/wp-content\/uploads\/usu2941\/2025\/09\/Calendari-escolar-escola-Juan-Salamero-25-26-212x300.jpg 212w, https:\/\/agora.xtec.cat\/escolajuansalamero\/wp-content\/uploads\/usu2941\/2025\/09\/Calendari-escolar-escola-Juan-Salamero-25-26-724x1024.jpg 724w, https:\/\/agora.xtec.cat\/escolajuansalamero\/wp-content\/uploads\/usu2941\/2025\/09\/Calendari-escolar-escola-Juan-Salamero-25-26-768x1086.jpg 768w, https:\/\/agora.xtec.cat\/escolajuansalamero\/wp-content\/uploads\/usu2941\/2025\/09\/Calendari-escolar-escola-Juan-Salamero-25-26-1086x1536.jpg 1086w, https:\/\/agora.xtec.cat\/escolajuansalamero\/wp-content\/uploads\/usu2941\/2025\/09\/Calendari-escolar-escola-Juan-Salamero-25-26.jpg 1414w\" sizes=\"auto, (max-width: 212px) 100vw, 212px\" \/><\/a><\/p>\n","protected":false},"excerpt":{"rendered":"<p>Inici de curs 8 de setembre de 2025 &nbsp; Horari El nostres\u00a0horaris\u00a0s\u00f3n: Al mat\u00ed de 9:00 a 13:00h A la [&hellip;]<\/p>\n","protected":false},"author":1,"featured_media":0,"parent":22,"menu_order":6,"comment_status":"closed","ping_status":"closed","template":"","meta":{"_bbp_topic_count":0,"_bbp_reply_count":0,"_bbp_total_topic_count":0,"_bbp_total_reply_count":0,"_bbp_voice_count":0,"_bbp_anonymous_reply_count":0,"_bbp_topic_count_hidden":0,"_bbp_reply_count_hidden":0,"_bbp_forum_subforum_count":0,"site-sidebar-layout":"default","site-content-layout":"","ast-site-content-layout":"default","site-content-style":"default","site-sidebar-style":"default","ast-global-header-display":"","ast-banner-title-visibility":"","ast-main-header-display":"","ast-hfb-above-header-display":"","ast-hfb-below-header-display":"","ast-hfb-mobile-header-display":"","site-post-title":"","ast-breadcrumbs-content":"","ast-featured-img":"","footer-sml-layout":"","theme-transparent-header-meta":"default","adv-header-id-meta":"","stick-header-meta":"","header-above-stick-meta":"","header-main-stick-meta":"","header-below-stick-meta":"","astra-migrate-meta-layouts":"set","ast-page-background-enabled":"default","ast-page-background-meta":{"desktop":{"background-color":"var(--ast-global-color-4)","background-image":"","background-repeat":"repeat","background-position":"center center","background-size":"auto","background-attachment":"scroll","background-type":"","background-media":"","overlay-type":"","overlay-color":"","overlay-opacity":"","overlay-gradient":""},"tablet":{"background-color":"","background-image":"","background-repeat":"repeat","background-position":"center center","background-size":"auto","background-attachment":"scroll","background-type":"","background-media":"","overlay-type":"","overlay-color":"","overlay-opacity":"","overlay-gradient":""},"mobile":{"background-color":"","background-image":"","background-repeat":"repeat","background-position":"center center","background-size":"auto","background-attachment":"scroll","background-type":"","background-media":"","overlay-type":"","overlay-color":"","overlay-opacity":"","overlay-gradient":""}},"ast-content-background-meta":{"desktop":{"background-color":"var(--ast-global-color-5)","background-image":"","background-repeat":"repeat","background-position":"center center","background-size":"auto","background-attachment":"scroll","background-type":"","background-media":"","overlay-type":"","overlay-color":"","overlay-opacity":"","overlay-gradient":""},"tablet":{"background-color":"var(--ast-global-color-5)","background-image":"","background-repeat":"repeat","background-position":"center center","background-size":"auto","background-attachment":"scroll","background-type":"","background-media":"","overlay-type":"","overlay-color":"","overlay-opacity":"","overlay-gradient":""},"mobile":{"background-color":"var(--ast-global-color-5)","background-image":"","background-repeat":"repeat","background-position":"center center","background-size":"auto","background-attachment":"scroll","background-type":"","background-media":"","overlay-type":"","overlay-color":"","overlay-opacity":"","overlay-gradient":""}},"footnotes":""},"class_list":["post-32","page","type-page","status-publish","hentry"],"post_mailing_queue_ids":[],"_links":{"self":[{"href":"https:\/\/agora.xtec.cat\/escolajuansalamero\/wp-json\/wp\/v2\/pages\/32","targetHints":{"allow":["GET"]}}],"collection":[{"href":"https:\/\/agora.xtec.cat\/escolajuansalamero\/wp-json\/wp\/v2\/pages"}],"about":[{"href":"https:\/\/agora.xtec.cat\/escolajuansalamero\/wp-json\/wp\/v2\/types\/page"}],"author":[{"embeddable":true,"href":"https:\/\/agora.xtec.cat\/escolajuansalamero\/wp-json\/wp\/v2\/users\/1"}],"replies":[{"embeddable":true,"href":"https:\/\/agora.xtec.cat\/escolajuansalamero\/wp-json\/wp\/v2\/comments?post=32"}],"version-history":[{"count":6,"href":"https:\/\/agora.xtec.cat\/escolajuansalamero\/wp-json\/wp\/v2\/pages\/32\/revisions"}],"predecessor-version":[{"id":2087,"href":"https:\/\/agora.xtec.cat\/escolajuansalamero\/wp-json\/wp\/v2\/pages\/32\/revisions\/2087"}],"up":[{"embeddable":true,"href":"https:\/\/agora.xtec.cat\/escolajuansalamero\/wp-json\/wp\/v2\/pages\/22"}],"wp:attachment":[{"href":"https:\/\/agora.xtec.cat\/escolajuansalamero\/wp-json\/wp\/v2\/media?parent=32"}],"curies":[{"name":"wp","href":"https:\/\/api.w.org\/{rel}","templated":true}]}}

<p><strong>Inici de curs</strong></p>
<ul style="list-style-type: square;">
<li>8 de setembre de 2025</li>
</ul>
<p>&nbsp;</p>
<p><strong>Horari</strong></p>
<p>El nostres <strong>horaris</strong> són:</p>
<ul>
<li>Al matí de 9:00 a 13:00h</li>
<li>A la tarda de 15:00 a 17:00 h</li>
</ul>
<p>Educació Infantil i Cicle Inicial: entraran per la porta petita de l&#8217;escala.</p>
<p>Cicle Mitjà i Cicle Superior: entraran per la porta corredissa.</p>
<p>&nbsp;</p>
<p><strong>Adaptació d&#8217;I3 i Nouvinguts d&#8217;I4 i I5</strong></p>
<p>Serà els dies 8, 9 i 10 de setembre de 9 a 12h.</p>
<p>&nbsp;</p>
<p><strong>Vacances</strong></p>
<ul>
<li>Del 20 de desembre de 2024 al 7 de gener de 2026 (ambdós inclosos)</li>
<li>Del 28 de març de 2025 al 6 d&#8217;abril de 2026 (ambdós inclosos)</li>
<li>A partir del 20 de juny de 2026</li>
</ul>
<p>&nbsp;</p>
<p><strong>Dies festius i de lliure disposició</strong></p>
<ul style="list-style-type: square;">
<li>11 de setembre de 2025</li>
<li>31 d&#8217;octubre de 2025</li>
<li>1 de novembre de 2025</li>
<li>5, 6, 7 i 8 de desembre de 2025</li>
<li>15 de desembre de 2025</li>
<li>16 de febrer de 2026</li>
<li>30 d&#8217;abril de 2026</li>
<li>1 de maig de 2026</li>
<li>25 de maig de 2026</li>
</ul>
<p>&nbsp;</p>
<p><strong>Jornada intensiva</strong></p>
<p>L’<b>horari lectiu</b> del centre és de 9 a 13h i de 15 a 17h per a tot l&#8217;alumnat del centre. Però hi ha uns dies determinats on es fa jonada intensiva. Són en el 21 de desembre de 2025 i del 8 al 19 de juny de 2026 (ambdós inclosos). L&#8217;horari de la jornada intensiva és de 9 a 13h (horari d&#8217;escola) i de 13 a 15h (servei de menjador).</p>
<p>&nbsp;</p>
<p><strong>Calendari escolar</strong></p>
<p><a href="https://agora.xtec.cat/escolajuansalamero/wp-content/uploads/usu2941/2025/09/Calendari-escolar-escola-Juan-Salamero-25-26.jpg"><img loading="lazy" decoding="async" class="alignnone size-medium wp-image-2086" src="https://agora.xtec.cat/escolajuansalamero/wp-content/uploads/usu2941/2025/09/Calendari-escolar-escola-Juan-Salamero-25-26-212x300.jpg" alt="" width="212" height="300" srcset="https://agora.xtec.cat/escolajuansalamero/wp-content/uploads/usu2941/2025/09/Calendari-escolar-escola-Juan-Salamero-25-26-212x300.jpg 212w, https://agora.xtec.cat/escolajuansalamero/wp-content/uploads/usu2941/2025/09/Calendari-escolar-escola-Juan-Salamero-25-26-724x1024.jpg 724w, https://agora.xtec.cat/escolajuansalamero/wp-content/uploads/usu2941/2025/09/Calendari-escolar-escola-Juan-Salamero-25-26-768x1086.jpg 768w, https://agora.xtec.cat/escolajuansalamero/wp-content/uploads/usu2941/2025/09/Calendari-escolar-escola-Juan-Salamero-25-26-1086x1536.jpg 1086w, https://agora.xtec.cat/escolajuansalamero/wp-content/uploads/usu2941/2025/09/Calendari-escolar-escola-Juan-Salamero-25-26.jpg 1414w" sizes="auto, (max-width: 212px) 100vw, 212px" /></a></p>

<p>Inici de curs 8 de setembre de 2025 &nbsp; Horari El nostres horaris són: Al matí de 9:00 a 13:00h A la [&hellip;]</p>
