{"id":26,"date":"2014-09-18T12:24:32","date_gmt":"2014-09-18T11:24:32","guid":{"rendered":"http:\/\/agora.xtec.cat\/escolajuansalamero\/?page_id=26"},"modified":"2024-03-14T09:52:59","modified_gmt":"2024-03-14T08:52:59","slug":"historia","status":"publish","type":"page","link":"https:\/\/agora.xtec.cat\/escolajuansalamero\/lescola\/historia\/","title":{"rendered":"Hist\u00f2ria"},"content":{"rendered":"<p>Juan Salamero va ser un mestre un mestre que va n\u00e9ixer a Begues l\u2019any 1880 i que va exercir la seva professi\u00f3 a Gav\u00e0 als anys 30 arribant a ser director del col.legi <strong>Salvador Lluch<\/strong> (l\u2019\u00fanica escola p\u00fablica de Gav\u00e0 aleshores). Juan Salamero va ser reconegut per la seva lluita social i el seu desig d\u2019una escola p\u00fablica per a tothom.<\/p>\n<p>Anys despr\u00e9s, el <strong>14 d&#8217;abril de 1975<\/strong>, es va inaugurar l&#8217;escola que portaria el seu nom, <strong>Juan Salamero<\/strong>. Una escola situada al barri de Les Ferreres de Gav\u00e0.<\/p>\n<p>Per falta d\u2019espai, degut al creixement de natalitat, l\u2019any 1979 es va iniciar la construcci\u00f3 d\u2019un edifici annex per a alumnat d\u2019Educaci\u00f3 Infantil que es posa en funcionament el curs 1980\/81.<\/p>\n<p>Al curs 1989\/90 es proposa la remodelaci\u00f3 de la planta baixa en funci\u00f3 del projecte \u201cPla Zona Nord\u201d i s\u2019adequa ls biblioteca, el gimn\u00e0s, la sala d\u2019audiovisuals i l\u2019aula d\u2019ensenyament compensatori amb la finalitat d\u2019obrir l\u2019escola al barri fent classes d\u2019adults i oferint altres serveis a la comunitat.<\/p>\n<p>L\u2019any 1994 es cedeix l\u2019edifici annex al serveis de CRP i EAP de la zona i l\u2019Educaci\u00f3 Infantil es torna a ubicar a l\u2019edifici principal.<\/p>\n<p>&nbsp;<\/p>\n","protected":false},"excerpt":{"rendered":"<p>Juan Salamero va ser un mestre un mestre que va n\u00e9ixer a Begues l\u2019any 1880 i que va exercir la [&hellip;]<\/p>\n","protected":false},"author":1,"featured_media":0,"parent":22,"menu_order":2,"comment_status":"closed","ping_status":"closed","template":"page-templates\/side-menu.php","meta":{"_bbp_topic_count":0,"_bbp_reply_count":0,"_bbp_total_topic_count":0,"_bbp_total_reply_count":0,"_bbp_voice_count":0,"_bbp_anonymous_reply_count":0,"_bbp_topic_count_hidden":0,"_bbp_reply_count_hidden":0,"_bbp_forum_subforum_count":0,"site-sidebar-layout":"default","site-content-layout":"","ast-site-content-layout":"","site-content-style":"default","site-sidebar-style":"default","ast-global-header-display":"","ast-banner-title-visibility":"","ast-main-header-display":"","ast-hfb-above-header-display":"","ast-hfb-below-header-display":"","ast-hfb-mobile-header-display":"","site-post-title":"","ast-breadcrumbs-content":"","ast-featured-img":"","footer-sml-layout":"","theme-transparent-header-meta":"","adv-header-id-meta":"","stick-header-meta":"","header-above-stick-meta":"","header-main-stick-meta":"","header-below-stick-meta":"","astra-migrate-meta-layouts":"default","ast-page-background-enabled":"default","ast-page-background-meta":{"desktop":{"background-color":"var(--ast-global-color-4)","background-image":"","background-repeat":"repeat","background-position":"center center","background-size":"auto","background-attachment":"scroll","background-type":"","background-media":"","overlay-type":"","overlay-color":"","overlay-opacity":"","overlay-gradient":""},"tablet":{"background-color":"","background-image":"","background-repeat":"repeat","background-position":"center center","background-size":"auto","background-attachment":"scroll","background-type":"","background-media":"","overlay-type":"","overlay-color":"","overlay-opacity":"","overlay-gradient":""},"mobile":{"background-color":"","background-image":"","background-repeat":"repeat","background-position":"center center","background-size":"auto","background-attachment":"scroll","background-type":"","background-media":"","overlay-type":"","overlay-color":"","overlay-opacity":"","overlay-gradient":""}},"ast-content-background-meta":{"desktop":{"background-color":"var(--ast-global-color-5)","background-image":"","background-repeat":"repeat","background-position":"center center","background-size":"auto","background-attachment":"scroll","background-type":"","background-media":"","overlay-type":"","overlay-color":"","overlay-opacity":"","overlay-gradient":""},"tablet":{"background-color":"var(--ast-global-color-5)","background-image":"","background-repeat":"repeat","background-position":"center center","background-size":"auto","background-attachment":"scroll","background-type":"","background-media":"","overlay-type":"","overlay-color":"","overlay-opacity":"","overlay-gradient":""},"mobile":{"background-color":"var(--ast-global-color-5)","background-image":"","background-repeat":"repeat","background-position":"center center","background-size":"auto","background-attachment":"scroll","background-type":"","background-media":"","overlay-type":"","overlay-color":"","overlay-opacity":"","overlay-gradient":""}},"footnotes":""},"class_list":["post-26","page","type-page","status-publish","hentry"],"post_mailing_queue_ids":[],"_links":{"self":[{"href":"https:\/\/agora.xtec.cat\/escolajuansalamero\/wp-json\/wp\/v2\/pages\/26","targetHints":{"allow":["GET"]}}],"collection":[{"href":"https:\/\/agora.xtec.cat\/escolajuansalamero\/wp-json\/wp\/v2\/pages"}],"about":[{"href":"https:\/\/agora.xtec.cat\/escolajuansalamero\/wp-json\/wp\/v2\/types\/page"}],"author":[{"embeddable":true,"href":"https:\/\/agora.xtec.cat\/escolajuansalamero\/wp-json\/wp\/v2\/users\/1"}],"replies":[{"embeddable":true,"href":"https:\/\/agora.xtec.cat\/escolajuansalamero\/wp-json\/wp\/v2\/comments?post=26"}],"version-history":[{"count":4,"href":"https:\/\/agora.xtec.cat\/escolajuansalamero\/wp-json\/wp\/v2\/pages\/26\/revisions"}],"predecessor-version":[{"id":1149,"href":"https:\/\/agora.xtec.cat\/escolajuansalamero\/wp-json\/wp\/v2\/pages\/26\/revisions\/1149"}],"up":[{"embeddable":true,"href":"https:\/\/agora.xtec.cat\/escolajuansalamero\/wp-json\/wp\/v2\/pages\/22"}],"wp:attachment":[{"href":"https:\/\/agora.xtec.cat\/escolajuansalamero\/wp-json\/wp\/v2\/media?parent=26"}],"curies":[{"name":"wp","href":"https:\/\/api.w.org\/{rel}","templated":true}]}}

Història

<p>Juan Salamero va ser un mestre un mestre que va néixer a Begues l’any 1880 i que va exercir la seva professió a Gavà als anys 30 arribant a ser director del col.legi <strong>Salvador Lluch</strong> (l’única escola pública de Gavà aleshores). Juan Salamero va ser reconegut per la seva lluita social i el seu desig d’una escola pública per a tothom.</p>
<p>Anys després, el <strong>14 d&#8217;abril de 1975</strong>, es va inaugurar l&#8217;escola que portaria el seu nom, <strong>Juan Salamero</strong>. Una escola situada al barri de Les Ferreres de Gavà.</p>
<p>Per falta d’espai, degut al creixement de natalitat, l’any 1979 es va iniciar la construcció d’un edifici annex per a alumnat d’Educació Infantil que es posa en funcionament el curs 1980/81.</p>
<p>Al curs 1989/90 es proposa la remodelació de la planta baixa en funció del projecte “Pla Zona Nord” i s’adequa ls biblioteca, el gimnàs, la sala d’audiovisuals i l’aula d’ensenyament compensatori amb la finalitat d’obrir l’escola al barri fent classes d’adults i oferint altres serveis a la comunitat.</p>
<p>L’any 1994 es cedeix l’edifici annex al serveis de CRP i EAP de la zona i l’Educació Infantil es torna a ubicar a l’edifici principal.</p>
<p>&nbsp;</p>

<p>Juan Salamero va ser un mestre un mestre que va néixer a Begues l’any 1880 i que va exercir la [&hellip;]</p>
