{"id":2367,"date":"2026-02-24T11:35:22","date_gmt":"2026-02-24T10:35:22","guid":{"rendered":"https:\/\/agora.xtec.cat\/escolajuansalamero\/?page_id=2367"},"modified":"2026-02-24T11:35:22","modified_gmt":"2026-02-24T10:35:22","slug":"equip-dassessorament","status":"publish","type":"page","link":"https:\/\/agora.xtec.cat\/escolajuansalamero\/equip-dassessorament\/","title":{"rendered":"Equip d&#8217;assessorament"},"content":{"rendered":"<h3 data-start=\"119\" data-end=\"183\"><strong data-start=\"123\" data-end=\"183\">EAP (Equips d\u2019Assessorament i Orientaci\u00f3 Psicopedag\u00f2gic)<\/strong><\/h3>\n<p data-start=\"185\" data-end=\"485\">Els EAP s\u00f3n equips d\u2019assessorament i orientaci\u00f3 psicopedag\u00f2gic que donen suport als centres educatius i al professorat en la resposta educativa a la variabilitat de l\u2019alumnat i, especialment, en relaci\u00f3 amb els alumnes que presenten necessitats educatives espec\u00edfiques, aix\u00ed com a les seves fam\u00edlies.<\/p>\n<p data-start=\"487\" data-end=\"584\"><strong data-start=\"487\" data-end=\"500\">Referent:<\/strong> Victoria Villatoro<br data-start=\"519\" data-end=\"522\" \/><strong data-start=\"522\" data-end=\"543\">Horari d\u2019atenci\u00f3:<\/strong> dijous quinzenals i un dilluns mensual<\/p>\n<hr data-start=\"586\" data-end=\"589\" \/>\n<h3 data-start=\"591\" data-end=\"676\"><strong data-start=\"595\" data-end=\"676\">CREDA (Centres de Recursos Educatius per a alumnes amb Discapacitat Auditiva)<\/strong><\/h3>\n<p data-start=\"678\" data-end=\"936\">Els CREDA s\u00f3n Centres de Recursos Educatius per a alumnes amb Discapacitat Auditiva i per a alumnes amb trastorns greus del llenguatge i\/o la comunicaci\u00f3, aix\u00ed com per a les seves fam\u00edlies, i tamb\u00e9 ofereixen assessorament a la tasca docent del professorat.<\/p>\n<p data-start=\"938\" data-end=\"1089\">Tenen la finalitat d\u2019afavorir l\u2019\u00e8xit escolar, la inclusi\u00f3 educativa i l\u2019equitat d\u2019aquest alumnat en el seu desenvolupament personal, social i acad\u00e8mic.<\/p>\n<p data-start=\"1091\" data-end=\"1118\"><strong data-start=\"1091\" data-end=\"1104\">Referent:<\/strong> Judith Mota<\/p>\n","protected":false},"excerpt":{"rendered":"<p>EAP (Equips d\u2019Assessorament i Orientaci\u00f3 Psicopedag\u00f2gic) Els EAP s\u00f3n equips d\u2019assessorament i orientaci\u00f3 psicopedag\u00f2gic que donen suport als centres educatius [&hellip;]<\/p>\n","protected":false},"author":1,"featured_media":0,"parent":0,"menu_order":0,"comment_status":"closed","ping_status":"closed","template":"","meta":{"_bbp_topic_count":0,"_bbp_reply_count":0,"_bbp_total_topic_count":0,"_bbp_total_reply_count":0,"_bbp_voice_count":0,"_bbp_anonymous_reply_count":0,"_bbp_topic_count_hidden":0,"_bbp_reply_count_hidden":0,"_bbp_forum_subforum_count":0,"site-sidebar-layout":"default","site-content-layout":"","ast-site-content-layout":"default","site-content-style":"default","site-sidebar-style":"default","ast-global-header-display":"","ast-banner-title-visibility":"","ast-main-header-display":"","ast-hfb-above-header-display":"","ast-hfb-below-header-display":"","ast-hfb-mobile-header-display":"","site-post-title":"","ast-breadcrumbs-content":"","ast-featured-img":"","footer-sml-layout":"","theme-transparent-header-meta":"default","adv-header-id-meta":"","stick-header-meta":"","header-above-stick-meta":"","header-main-stick-meta":"","header-below-stick-meta":"","astra-migrate-meta-layouts":"set","ast-page-background-enabled":"default","ast-page-background-meta":{"desktop":{"background-color":"var(--ast-global-color-4)","background-image":"","background-repeat":"repeat","background-position":"center center","background-size":"auto","background-attachment":"scroll","background-type":"","background-media":"","overlay-type":"","overlay-color":"","overlay-opacity":"","overlay-gradient":""},"tablet":{"background-color":"","background-image":"","background-repeat":"repeat","background-position":"center center","background-size":"auto","background-attachment":"scroll","background-type":"","background-media":"","overlay-type":"","overlay-color":"","overlay-opacity":"","overlay-gradient":""},"mobile":{"background-color":"","background-image":"","background-repeat":"repeat","background-position":"center center","background-size":"auto","background-attachment":"scroll","background-type":"","background-media":"","overlay-type":"","overlay-color":"","overlay-opacity":"","overlay-gradient":""}},"ast-content-background-meta":{"desktop":{"background-color":"var(--ast-global-color-5)","background-image":"","background-repeat":"repeat","background-position":"center center","background-size":"auto","background-attachment":"scroll","background-type":"","background-media":"","overlay-type":"","overlay-color":"","overlay-opacity":"","overlay-gradient":""},"tablet":{"background-color":"var(--ast-global-color-5)","background-image":"","background-repeat":"repeat","background-position":"center center","background-size":"auto","background-attachment":"scroll","background-type":"","background-media":"","overlay-type":"","overlay-color":"","overlay-opacity":"","overlay-gradient":""},"mobile":{"background-color":"var(--ast-global-color-5)","background-image":"","background-repeat":"repeat","background-position":"center center","background-size":"auto","background-attachment":"scroll","background-type":"","background-media":"","overlay-type":"","overlay-color":"","overlay-opacity":"","overlay-gradient":""}},"footnotes":""},"class_list":["post-2367","page","type-page","status-publish","hentry"],"post_mailing_queue_ids":[],"_links":{"self":[{"href":"https:\/\/agora.xtec.cat\/escolajuansalamero\/wp-json\/wp\/v2\/pages\/2367","targetHints":{"allow":["GET"]}}],"collection":[{"href":"https:\/\/agora.xtec.cat\/escolajuansalamero\/wp-json\/wp\/v2\/pages"}],"about":[{"href":"https:\/\/agora.xtec.cat\/escolajuansalamero\/wp-json\/wp\/v2\/types\/page"}],"author":[{"embeddable":true,"href":"https:\/\/agora.xtec.cat\/escolajuansalamero\/wp-json\/wp\/v2\/users\/1"}],"replies":[{"embeddable":true,"href":"https:\/\/agora.xtec.cat\/escolajuansalamero\/wp-json\/wp\/v2\/comments?post=2367"}],"version-history":[{"count":1,"href":"https:\/\/agora.xtec.cat\/escolajuansalamero\/wp-json\/wp\/v2\/pages\/2367\/revisions"}],"predecessor-version":[{"id":2368,"href":"https:\/\/agora.xtec.cat\/escolajuansalamero\/wp-json\/wp\/v2\/pages\/2367\/revisions\/2368"}],"wp:attachment":[{"href":"https:\/\/agora.xtec.cat\/escolajuansalamero\/wp-json\/wp\/v2\/media?parent=2367"}],"curies":[{"name":"wp","href":"https:\/\/api.w.org\/{rel}","templated":true}]}}

<h3 data-start="119" data-end="183"><strong data-start="123" data-end="183">EAP (Equips d’Assessorament i Orientació Psicopedagògic)</strong></h3>
<p data-start="185" data-end="485">Els EAP són equips d’assessorament i orientació psicopedagògic que donen suport als centres educatius i al professorat en la resposta educativa a la variabilitat de l’alumnat i, especialment, en relació amb els alumnes que presenten necessitats educatives específiques, així com a les seves famílies.</p>
<p data-start="487" data-end="584"><strong data-start="487" data-end="500">Referent:</strong> Victoria Villatoro<br data-start="519" data-end="522" /><strong data-start="522" data-end="543">Horari d’atenció:</strong> dijous quinzenals i un dilluns mensual</p>
<hr data-start="586" data-end="589" />
<h3 data-start="591" data-end="676"><strong data-start="595" data-end="676">CREDA (Centres de Recursos Educatius per a alumnes amb Discapacitat Auditiva)</strong></h3>
<p data-start="678" data-end="936">Els CREDA són Centres de Recursos Educatius per a alumnes amb Discapacitat Auditiva i per a alumnes amb trastorns greus del llenguatge i/o la comunicació, així com per a les seves famílies, i també ofereixen assessorament a la tasca docent del professorat.</p>
<p data-start="938" data-end="1089">Tenen la finalitat d’afavorir l’èxit escolar, la inclusió educativa i l’equitat d’aquest alumnat en el seu desenvolupament personal, social i acadèmic.</p>
<p data-start="1091" data-end="1118"><strong data-start="1091" data-end="1104">Referent:</strong> Judith Mota</p>

<p>EAP (Equips d’Assessorament i Orientació Psicopedagògic) Els EAP són equips d’assessorament i orientació psicopedagògic que donen suport als centres educatius [&hellip;]</p>
