{"id":2060,"date":"2025-07-09T11:03:14","date_gmt":"2025-07-09T09:03:14","guid":{"rendered":"https:\/\/agora.xtec.cat\/escolajuansalamero\/?page_id=2060"},"modified":"2025-07-09T16:29:24","modified_gmt":"2025-07-09T14:29:24","slug":"estacions-daprenentatge","status":"publish","type":"page","link":"https:\/\/agora.xtec.cat\/escolajuansalamero\/projecte-educatiu\/estacions-daprenentatge\/","title":{"rendered":"Comunitat d&#8217;aprenentatge"},"content":{"rendered":"<div class=\"flex basis-auto flex-col -mb-(--composer-overlap-px) [--composer-overlap-px:55px] grow overflow-hidden\">\n<div class=\"relative h-full\">\n<div class=\"flex h-full flex-col overflow-y-auto [scrollbar-gutter:stable_both-edges] @[84rem]\/thread:pt-(--header-height)\">\n<div class=\"@thread-xl\/thread:pt-header-height flex flex-col text-sm pb-25\">\n<article class=\"text-token-text-primary w-full\" dir=\"auto\" data-testid=\"conversation-turn-74\" data-scroll-anchor=\"true\">\n<div class=\"text-base my-auto mx-auto py-5 [--thread-content-margin:--spacing(4)] @[37rem]:[--thread-content-margin:--spacing(6)] @[72rem]:[--thread-content-margin:--spacing(16)] px-(--thread-content-margin)\">\n<div class=\"[--thread-content-max-width:32rem] @[34rem]:[--thread-content-max-width:40rem] @[64rem]:[--thread-content-max-width:48rem] mx-auto flex max-w-(--thread-content-max-width) flex-1 text-base gap-4 md:gap-5 lg:gap-6 group\/turn-messages focus-visible:outline-hidden\" tabindex=\"-1\">\n<div class=\"group\/conversation-turn relative flex w-full min-w-0 flex-col agent-turn\">\n<div class=\"relative flex-col gap-1 md:gap-3\">\n<div class=\"flex max-w-full flex-col grow\">\n<div class=\"min-h-8 text-message relative flex w-full flex-col items-end gap-2 text-start break-words whitespace-normal [.text-message+&amp;]:mt-5\" dir=\"auto\" data-message-author-role=\"assistant\" data-message-id=\"52a69f56-2f5a-400a-8966-82de6b526afd\" data-message-model-slug=\"gpt-4o\">\n<div class=\"flex w-full flex-col gap-1 empty:hidden first:pt-[3px]\">\n<div class=\"markdown prose dark:prose-invert w-full break-words light\">\n<p data-start=\"255\" data-end=\"525\">A partir del curs <strong data-start=\"273\" data-end=\"284\">2025-26<\/strong>, la nostra escola inicia el cam\u00ed per esdevenir una <strong data-start=\"336\" data-end=\"364\">Comunitat d\u2019Aprenentatge<\/strong>, un projecte educatiu que se sustenta en les <strong data-start=\"410\" data-end=\"431\">Actuacions d\u2019\u00e8xit<\/strong>, avalades per la recerca cient\u00edfica, i que promouen la participaci\u00f3, la inclusi\u00f3 i l\u2019equitat.<\/p>\n<p data-start=\"527\" data-end=\"806\">Aquestes actuacions es desenvolupen en formats diversos, adaptats a cada etapa i a les necessitats dels infants, amb l\u2019objectiu d\u2019aconseguir <strong data-start=\"668\" data-end=\"707\">l\u2019\u00e8xit educatiu per a tot l\u2019alumnat<\/strong>, potenciant la implicaci\u00f3 de tota la comunitat educativa: mestres, fam\u00edlies, voluntariat i entorn.<\/p>\n<p data-start=\"808\" data-end=\"1106\">Dins aquest marc, organitzem les <strong data-start=\"841\" data-end=\"869\">estacions d\u2019aprenentatge<\/strong>, espais on l\u2019alumnat treballa en petits grups, de manera rotativa, amb propostes diverses i estimulants. L\u2019objectiu \u00e9s afavorir la cooperaci\u00f3, l\u2019autonomia i la interacci\u00f3 entre iguals, tot respectant els diferents ritmes d\u2019aprenentatge.<\/p>\n<p data-start=\"1108\" data-end=\"1340\">Tamb\u00e9 duem a terme <strong data-start=\"1127\" data-end=\"1148\">grups interactius<\/strong>, en qu\u00e8 infants de diferents nivells i realitats col\u00b7laboren en activitats dirigides, amb la participaci\u00f3 activa d\u2019adults. Aquesta interacci\u00f3 fomenta l\u2019ajuda m\u00fatua i l\u2019aprenentatge compartit.<\/p>\n<p data-start=\"1342\" data-end=\"1628\">Finalment, impulsem <strong data-start=\"1362\" data-end=\"1387\">tert\u00falies dial\u00f2giques<\/strong> (liter\u00e0ries, art\u00edstiques i cient\u00edfiques), en qu\u00e8 l\u2019alumnat reflexiona, escolta i expressa les seves opinions a partir d\u2019obres rellevants. S\u00f3n espais de di\u00e0leg ric i respectu\u00f3s, que ajuden a construir pensament cr\u00edtic i significat compartit.<\/p>\n<p data-start=\"1630\" data-end=\"1788\">Amb aquest pas, fem una aposta ferma per una educaci\u00f3 transformadora, oberta i participativa, que posa l\u2019alumnat i la comunitat al centre del proc\u00e9s educatiu.<\/p>\n<\/div>\n<\/div>\n<\/div>\n<\/div>\n<\/div>\n<div class=\"aria-live=polite absolute\">\n<div class=\"flex items-center justify-center\"><\/div>\n<\/div>\n<\/div>\n<\/div>\n<\/div>\n<\/article>\n<div class=\"pointer-events-none h-px w-px\" aria-hidden=\"true\" data-edge=\"true\"><\/div>\n<div><\/div>\n<\/div>\n<\/div>\n<\/div>\n<\/div>\n<div id=\"thread-bottom-container\" class=\"content-fade relative isolate z-10 w-full basis-auto has-data-has-thread-error:pt-2 has-data-has-thread-error:[box-shadow:var(--sharp-edge-bottom-shadow)] md:border-transparent md:pt-0 dark:border-white\/20 md:dark:border-transparent flex flex-col\">\n<div id=\"thread-bottom\">\n<div class=\"text-base mx-auto [--thread-content-margin:--spacing(4)] @[37rem]:[--thread-content-margin:--spacing(6)] @[72rem]:[--thread-content-margin:--spacing(16)] px-(--thread-content-margin)\">\n<div class=\"[--thread-content-max-width:32rem] @[34rem]:[--thread-content-max-width:40rem] @[64rem]:[--thread-content-max-width:48rem] mx-auto flex max-w-(--thread-content-max-width) flex-1 text-base gap-4 md:gap-5 lg:gap-6\">\n<div class=\"flex justify-center empty:hidden\"><\/div>\n<div class=\"max-xs:[--force-hide-label:none] relative z-1 flex h-full max-w-full flex-1 flex-col\" role=\"button\" aria-haspopup=\"dialog\" aria-expanded=\"false\" aria-controls=\"radix-\u00abr1c\u00bb\" data-state=\"closed\">\n<div class=\"absolute start-0 end-0 bottom-full z-20\"><\/div>\n<form class=\"w-full [view-transition-name:var(--vt-composer)]\" role=\"region\" aria-label=\"Compositor de mensajes\" data-type=\"unified-composer\">\n<div class=\"bg-token-bg-primary flex w-full cursor-text flex-col items-center justify-center overflow-clip bg-clip-padding contain-inline-size dark:bg-[#303030] shadow-short rounded-[28px]\">\n<div class=\"relative flex w-full items-end px-2.5 py-2.5\">\n<div class=\"relative flex w-full flex-auto flex-col\">\n<div class=\"relative mx-2.5 grid grid-cols-[auto_minmax(0,1fr)]\">\n<div class=\"items-top flex justify-center\">\n<div><\/div>\n<\/div>\n<\/div>\n<\/div>\n<\/div>\n<\/div>\n<\/form>\n<\/div>\n<\/div>\n<\/div>\n<\/div>\n<\/div>\n","protected":false},"excerpt":{"rendered":"<p>A partir del curs 2025-26, la nostra escola inicia el cam\u00ed per esdevenir una Comunitat d\u2019Aprenentatge, un projecte educatiu que [&hellip;]<\/p>\n","protected":false},"author":1,"featured_media":0,"parent":64,"menu_order":0,"comment_status":"closed","ping_status":"closed","template":"","meta":{"_bbp_topic_count":0,"_bbp_reply_count":0,"_bbp_total_topic_count":0,"_bbp_total_reply_count":0,"_bbp_voice_count":0,"_bbp_anonymous_reply_count":0,"_bbp_topic_count_hidden":0,"_bbp_reply_count_hidden":0,"_bbp_forum_subforum_count":0,"site-sidebar-layout":"default","site-content-layout":"","ast-site-content-layout":"default","site-content-style":"default","site-sidebar-style":"default","ast-global-header-display":"","ast-banner-title-visibility":"","ast-main-header-display":"","ast-hfb-above-header-display":"","ast-hfb-below-header-display":"","ast-hfb-mobile-header-display":"","site-post-title":"","ast-breadcrumbs-content":"","ast-featured-img":"","footer-sml-layout":"","theme-transparent-header-meta":"default","adv-header-id-meta":"","stick-header-meta":"","header-above-stick-meta":"","header-main-stick-meta":"","header-below-stick-meta":"","astra-migrate-meta-layouts":"set","ast-page-background-enabled":"default","ast-page-background-meta":{"desktop":{"background-color":"var(--ast-global-color-4)","background-image":"","background-repeat":"repeat","background-position":"center center","background-size":"auto","background-attachment":"scroll","background-type":"","background-media":"","overlay-type":"","overlay-color":"","overlay-opacity":"","overlay-gradient":""},"tablet":{"background-color":"","background-image":"","background-repeat":"repeat","background-position":"center center","background-size":"auto","background-attachment":"scroll","background-type":"","background-media":"","overlay-type":"","overlay-color":"","overlay-opacity":"","overlay-gradient":""},"mobile":{"background-color":"","background-image":"","background-repeat":"repeat","background-position":"center center","background-size":"auto","background-attachment":"scroll","background-type":"","background-media":"","overlay-type":"","overlay-color":"","overlay-opacity":"","overlay-gradient":""}},"ast-content-background-meta":{"desktop":{"background-color":"var(--ast-global-color-5)","background-image":"","background-repeat":"repeat","background-position":"center center","background-size":"auto","background-attachment":"scroll","background-type":"","background-media":"","overlay-type":"","overlay-color":"","overlay-opacity":"","overlay-gradient":""},"tablet":{"background-color":"var(--ast-global-color-5)","background-image":"","background-repeat":"repeat","background-position":"center center","background-size":"auto","background-attachment":"scroll","background-type":"","background-media":"","overlay-type":"","overlay-color":"","overlay-opacity":"","overlay-gradient":""},"mobile":{"background-color":"var(--ast-global-color-5)","background-image":"","background-repeat":"repeat","background-position":"center center","background-size":"auto","background-attachment":"scroll","background-type":"","background-media":"","overlay-type":"","overlay-color":"","overlay-opacity":"","overlay-gradient":""}},"footnotes":""},"class_list":["post-2060","page","type-page","status-publish","hentry"],"post_mailing_queue_ids":[],"_links":{"self":[{"href":"https:\/\/agora.xtec.cat\/escolajuansalamero\/wp-json\/wp\/v2\/pages\/2060","targetHints":{"allow":["GET"]}}],"collection":[{"href":"https:\/\/agora.xtec.cat\/escolajuansalamero\/wp-json\/wp\/v2\/pages"}],"about":[{"href":"https:\/\/agora.xtec.cat\/escolajuansalamero\/wp-json\/wp\/v2\/types\/page"}],"author":[{"embeddable":true,"href":"https:\/\/agora.xtec.cat\/escolajuansalamero\/wp-json\/wp\/v2\/users\/1"}],"replies":[{"embeddable":true,"href":"https:\/\/agora.xtec.cat\/escolajuansalamero\/wp-json\/wp\/v2\/comments?post=2060"}],"version-history":[{"count":3,"href":"https:\/\/agora.xtec.cat\/escolajuansalamero\/wp-json\/wp\/v2\/pages\/2060\/revisions"}],"predecessor-version":[{"id":2065,"href":"https:\/\/agora.xtec.cat\/escolajuansalamero\/wp-json\/wp\/v2\/pages\/2060\/revisions\/2065"}],"up":[{"embeddable":true,"href":"https:\/\/agora.xtec.cat\/escolajuansalamero\/wp-json\/wp\/v2\/pages\/64"}],"wp:attachment":[{"href":"https:\/\/agora.xtec.cat\/escolajuansalamero\/wp-json\/wp\/v2\/media?parent=2060"}],"curies":[{"name":"wp","href":"https:\/\/api.w.org\/{rel}","templated":true}]}}

<div class="flex basis-auto flex-col -mb-(--composer-overlap-px) [--composer-overlap-px:55px] grow overflow-hidden">
<div class="relative h-full">
<div class="flex h-full flex-col overflow-y-auto [scrollbar-gutter:stable_both-edges] @[84rem]/thread:pt-(--header-height)">
<div class="@thread-xl/thread:pt-header-height flex flex-col text-sm pb-25">
<article class="text-token-text-primary w-full" dir="auto" data-testid="conversation-turn-74" data-scroll-anchor="true">
<div class="text-base my-auto mx-auto py-5 [--thread-content-margin:--spacing(4)] @[37rem]:[--thread-content-margin:--spacing(6)] @[72rem]:[--thread-content-margin:--spacing(16)] px-(--thread-content-margin)">
<div class="[--thread-content-max-width:32rem] @[34rem]:[--thread-content-max-width:40rem] @[64rem]:[--thread-content-max-width:48rem] mx-auto flex max-w-(--thread-content-max-width) flex-1 text-base gap-4 md:gap-5 lg:gap-6 group/turn-messages focus-visible:outline-hidden" tabindex="-1">
<div class="group/conversation-turn relative flex w-full min-w-0 flex-col agent-turn">
<div class="relative flex-col gap-1 md:gap-3">
<div class="flex max-w-full flex-col grow">
<div class="min-h-8 text-message relative flex w-full flex-col items-end gap-2 text-start break-words whitespace-normal [.text-message+&amp;]:mt-5" dir="auto" data-message-author-role="assistant" data-message-id="52a69f56-2f5a-400a-8966-82de6b526afd" data-message-model-slug="gpt-4o">
<div class="flex w-full flex-col gap-1 empty:hidden first:pt-[3px]">
<div class="markdown prose dark:prose-invert w-full break-words light">
<p data-start="255" data-end="525">A partir del curs <strong data-start="273" data-end="284">2025-26</strong>, la nostra escola inicia el camí per esdevenir una <strong data-start="336" data-end="364">Comunitat d’Aprenentatge</strong>, un projecte educatiu que se sustenta en les <strong data-start="410" data-end="431">Actuacions d’èxit</strong>, avalades per la recerca científica, i que promouen la participació, la inclusió i l’equitat.</p>
<p data-start="527" data-end="806">Aquestes actuacions es desenvolupen en formats diversos, adaptats a cada etapa i a les necessitats dels infants, amb l’objectiu d’aconseguir <strong data-start="668" data-end="707">l’èxit educatiu per a tot l’alumnat</strong>, potenciant la implicació de tota la comunitat educativa: mestres, famílies, voluntariat i entorn.</p>
<p data-start="808" data-end="1106">Dins aquest marc, organitzem les <strong data-start="841" data-end="869">estacions d’aprenentatge</strong>, espais on l’alumnat treballa en petits grups, de manera rotativa, amb propostes diverses i estimulants. L’objectiu és afavorir la cooperació, l’autonomia i la interacció entre iguals, tot respectant els diferents ritmes d’aprenentatge.</p>
<p data-start="1108" data-end="1340">També duem a terme <strong data-start="1127" data-end="1148">grups interactius</strong>, en què infants de diferents nivells i realitats col·laboren en activitats dirigides, amb la participació activa d’adults. Aquesta interacció fomenta l’ajuda mútua i l’aprenentatge compartit.</p>
<p data-start="1342" data-end="1628">Finalment, impulsem <strong data-start="1362" data-end="1387">tertúlies dialògiques</strong> (literàries, artístiques i científiques), en què l’alumnat reflexiona, escolta i expressa les seves opinions a partir d’obres rellevants. Són espais de diàleg ric i respectuós, que ajuden a construir pensament crític i significat compartit.</p>
<p data-start="1630" data-end="1788">Amb aquest pas, fem una aposta ferma per una educació transformadora, oberta i participativa, que posa l’alumnat i la comunitat al centre del procés educatiu.</p>
</div>
</div>
</div>
</div>
</div>
<div class="aria-live=polite absolute">
<div class="flex items-center justify-center"></div>
</div>
</div>
</div>
</div>
</article>
<div class="pointer-events-none h-px w-px" aria-hidden="true" data-edge="true"></div>
<div></div>
</div>
</div>
</div>
</div>
<div id="thread-bottom-container" class="content-fade relative isolate z-10 w-full basis-auto has-data-has-thread-error:pt-2 has-data-has-thread-error:[box-shadow:var(--sharp-edge-bottom-shadow)] md:border-transparent md:pt-0 dark:border-white/20 md:dark:border-transparent flex flex-col">
<div id="thread-bottom">
<div class="text-base mx-auto [--thread-content-margin:--spacing(4)] @[37rem]:[--thread-content-margin:--spacing(6)] @[72rem]:[--thread-content-margin:--spacing(16)] px-(--thread-content-margin)">
<div class="[--thread-content-max-width:32rem] @[34rem]:[--thread-content-max-width:40rem] @[64rem]:[--thread-content-max-width:48rem] mx-auto flex max-w-(--thread-content-max-width) flex-1 text-base gap-4 md:gap-5 lg:gap-6">
<div class="flex justify-center empty:hidden"></div>
<div class="max-xs:[--force-hide-label:none] relative z-1 flex h-full max-w-full flex-1 flex-col" role="button" aria-haspopup="dialog" aria-expanded="false" aria-controls="radix-«r1c»" data-state="closed">
<div class="absolute start-0 end-0 bottom-full z-20"></div>
<form class="w-full [view-transition-name:var(--vt-composer)]" role="region" aria-label="Compositor de mensajes" data-type="unified-composer">
<div class="bg-token-bg-primary flex w-full cursor-text flex-col items-center justify-center overflow-clip bg-clip-padding contain-inline-size dark:bg-[#303030] shadow-short rounded-[28px]">
<div class="relative flex w-full items-end px-2.5 py-2.5">
<div class="relative flex w-full flex-auto flex-col">
<div class="relative mx-2.5 grid grid-cols-[auto_minmax(0,1fr)]">
<div class="items-top flex justify-center">
<div></div>
</div>
</div>
</div>
</div>
</div>
</form>
</div>
</div>
</div>
</div>
</div>

<p>A partir del curs 2025-26, la nostra escola inicia el camí per esdevenir una Comunitat d’Aprenentatge, un projecte educatiu que [&hellip;]</p>
