{"id":1996,"date":"2025-06-03T14:18:43","date_gmt":"2025-06-03T12:18:43","guid":{"rendered":"https:\/\/agora.xtec.cat\/escolajuansalamero\/?page_id=1996"},"modified":"2025-06-03T14:18:43","modified_gmt":"2025-06-03T12:18:43","slug":"apren-a-nedar","status":"publish","type":"page","link":"https:\/\/agora.xtec.cat\/escolajuansalamero\/apren-a-nedar\/","title":{"rendered":"Apr\u00e8n a nedar"},"content":{"rendered":"<p data-start=\"170\" data-end=\"401\">A partir del curs 2025-26, a l\u2019escola posarem en marxa el programa <strong data-start=\"237\" data-end=\"256\">\u201cApr\u00e8n a nedar\u201d<\/strong>, una proposta educativa que t\u00e9 com a objectiu principal garantir que tots els infants adquireixin <strong data-start=\"355\" data-end=\"400\">seguretat, autonomia i gaudi dins l\u2019aigua<\/strong>.<\/p>\n<p data-start=\"403\" data-end=\"750\">Es tracta d\u2019una <strong data-start=\"419\" data-end=\"465\">activitat aqu\u00e0tica obligat\u00f2ria i avaluable<\/strong>, que es realitzar\u00e0 un cop per setmana al llarg de tot el curs escolar. Cada sessi\u00f3 inclour\u00e0 45 minuts d\u2019activitat a l\u2019aigua, i temps per canviar-se abans i despr\u00e9s. La iniciar\u00e0 l\u2019alumnat d\u2019I5 el primer any, i s\u2019anir\u00e0 ampliant progressivament fins a incloure tamb\u00e9 1r i 2n de Prim\u00e0ria.<\/p>\n<p data-start=\"752\" data-end=\"950\">L\u2019activitat estar\u00e0 guiada per <strong data-start=\"782\" data-end=\"813\">t\u00e8cnics de nataci\u00f3 titulats<\/strong> (1 per cada 8 infants a infantil i 1 per cada 10 a prim\u00e0ria), amb el suport del mestre d\u2019Educaci\u00f3 F\u00edsica, que acompanyar\u00e0 en tot moment.<\/p>\n<p data-start=\"952\" data-end=\"1081\">Al maig del 2026 s\u2019organitzar\u00e0 una <strong data-start=\"987\" data-end=\"1016\">jornada de portes obertes<\/strong> perqu\u00e8 les fam\u00edlies puguin veure com es desenvolupa l\u2019activitat.<\/p>\n<p data-start=\"1208\" data-end=\"1273\">Una gran oportunitat per cr\u00e9ixer, aprendre i gaudir a l\u2019aigua! \ud83d\udca6<\/p>\n<ul>\n<li data-start=\"1208\" data-end=\"1273\"><strong><a href=\"https:\/\/agora.xtec.cat\/escolajuansalamero\/wp-content\/uploads\/usu2941\/2025\/06\/Apren-a-nedar_-Escola-Juan-Salamero.pdf\">INFORMACI\u00d3 PROGRAMA APR\u00c8N A NEDAR<\/a><\/strong><\/li>\n<\/ul>\n","protected":false},"excerpt":{"rendered":"<p>A partir del curs 2025-26, a l\u2019escola posarem en marxa el programa \u201cApr\u00e8n a nedar\u201d, una proposta educativa que t\u00e9 [&hellip;]<\/p>\n","protected":false},"author":1,"featured_media":0,"parent":0,"menu_order":0,"comment_status":"closed","ping_status":"closed","template":"","meta":{"_bbp_topic_count":0,"_bbp_reply_count":0,"_bbp_total_topic_count":0,"_bbp_total_reply_count":0,"_bbp_voice_count":0,"_bbp_anonymous_reply_count":0,"_bbp_topic_count_hidden":0,"_bbp_reply_count_hidden":0,"_bbp_forum_subforum_count":0,"site-sidebar-layout":"default","site-content-layout":"","ast-site-content-layout":"default","site-content-style":"default","site-sidebar-style":"default","ast-global-header-display":"","ast-banner-title-visibility":"","ast-main-header-display":"","ast-hfb-above-header-display":"","ast-hfb-below-header-display":"","ast-hfb-mobile-header-display":"","site-post-title":"","ast-breadcrumbs-content":"","ast-featured-img":"","footer-sml-layout":"","theme-transparent-header-meta":"default","adv-header-id-meta":"","stick-header-meta":"","header-above-stick-meta":"","header-main-stick-meta":"","header-below-stick-meta":"","astra-migrate-meta-layouts":"set","ast-page-background-enabled":"default","ast-page-background-meta":{"desktop":{"background-color":"var(--ast-global-color-4)","background-image":"","background-repeat":"repeat","background-position":"center center","background-size":"auto","background-attachment":"scroll","background-type":"","background-media":"","overlay-type":"","overlay-color":"","overlay-opacity":"","overlay-gradient":""},"tablet":{"background-color":"","background-image":"","background-repeat":"repeat","background-position":"center center","background-size":"auto","background-attachment":"scroll","background-type":"","background-media":"","overlay-type":"","overlay-color":"","overlay-opacity":"","overlay-gradient":""},"mobile":{"background-color":"","background-image":"","background-repeat":"repeat","background-position":"center center","background-size":"auto","background-attachment":"scroll","background-type":"","background-media":"","overlay-type":"","overlay-color":"","overlay-opacity":"","overlay-gradient":""}},"ast-content-background-meta":{"desktop":{"background-color":"var(--ast-global-color-5)","background-image":"","background-repeat":"repeat","background-position":"center center","background-size":"auto","background-attachment":"scroll","background-type":"","background-media":"","overlay-type":"","overlay-color":"","overlay-opacity":"","overlay-gradient":""},"tablet":{"background-color":"var(--ast-global-color-5)","background-image":"","background-repeat":"repeat","background-position":"center center","background-size":"auto","background-attachment":"scroll","background-type":"","background-media":"","overlay-type":"","overlay-color":"","overlay-opacity":"","overlay-gradient":""},"mobile":{"background-color":"var(--ast-global-color-5)","background-image":"","background-repeat":"repeat","background-position":"center center","background-size":"auto","background-attachment":"scroll","background-type":"","background-media":"","overlay-type":"","overlay-color":"","overlay-opacity":"","overlay-gradient":""}},"footnotes":""},"class_list":["post-1996","page","type-page","status-publish","hentry"],"post_mailing_queue_ids":[],"_links":{"self":[{"href":"https:\/\/agora.xtec.cat\/escolajuansalamero\/wp-json\/wp\/v2\/pages\/1996","targetHints":{"allow":["GET"]}}],"collection":[{"href":"https:\/\/agora.xtec.cat\/escolajuansalamero\/wp-json\/wp\/v2\/pages"}],"about":[{"href":"https:\/\/agora.xtec.cat\/escolajuansalamero\/wp-json\/wp\/v2\/types\/page"}],"author":[{"embeddable":true,"href":"https:\/\/agora.xtec.cat\/escolajuansalamero\/wp-json\/wp\/v2\/users\/1"}],"replies":[{"embeddable":true,"href":"https:\/\/agora.xtec.cat\/escolajuansalamero\/wp-json\/wp\/v2\/comments?post=1996"}],"version-history":[{"count":1,"href":"https:\/\/agora.xtec.cat\/escolajuansalamero\/wp-json\/wp\/v2\/pages\/1996\/revisions"}],"predecessor-version":[{"id":1998,"href":"https:\/\/agora.xtec.cat\/escolajuansalamero\/wp-json\/wp\/v2\/pages\/1996\/revisions\/1998"}],"wp:attachment":[{"href":"https:\/\/agora.xtec.cat\/escolajuansalamero\/wp-json\/wp\/v2\/media?parent=1996"}],"curies":[{"name":"wp","href":"https:\/\/api.w.org\/{rel}","templated":true}]}}

Aprèn a nedar

<p data-start="170" data-end="401">A partir del curs 2025-26, a l’escola posarem en marxa el programa <strong data-start="237" data-end="256">“Aprèn a nedar”</strong>, una proposta educativa que té com a objectiu principal garantir que tots els infants adquireixin <strong data-start="355" data-end="400">seguretat, autonomia i gaudi dins l’aigua</strong>.</p>
<p data-start="403" data-end="750">Es tracta d’una <strong data-start="419" data-end="465">activitat aquàtica obligatòria i avaluable</strong>, que es realitzarà un cop per setmana al llarg de tot el curs escolar. Cada sessió inclourà 45 minuts d’activitat a l’aigua, i temps per canviar-se abans i després. La iniciarà l’alumnat d’I5 el primer any, i s’anirà ampliant progressivament fins a incloure també 1r i 2n de Primària.</p>
<p data-start="752" data-end="950">L’activitat estarà guiada per <strong data-start="782" data-end="813">tècnics de natació titulats</strong> (1 per cada 8 infants a infantil i 1 per cada 10 a primària), amb el suport del mestre d’Educació Física, que acompanyarà en tot moment.</p>
<p data-start="952" data-end="1081">Al maig del 2026 s’organitzarà una <strong data-start="987" data-end="1016">jornada de portes obertes</strong> perquè les famílies puguin veure com es desenvolupa l’activitat.</p>
<p data-start="1208" data-end="1273">Una gran oportunitat per créixer, aprendre i gaudir a l’aigua! 💦</p>
<ul>
<li data-start="1208" data-end="1273"><strong><a href="https://agora.xtec.cat/escolajuansalamero/wp-content/uploads/usu2941/2025/06/Apren-a-nedar_-Escola-Juan-Salamero.pdf">INFORMACIÓ PROGRAMA APRÈN A NEDAR</a></strong></li>
</ul>

<p>A partir del curs 2025-26, a l’escola posarem en marxa el programa “Aprèn a nedar”, una proposta educativa que té [&hellip;]</p>
