{"id":1323,"date":"2024-04-30T11:02:24","date_gmt":"2024-04-30T09:02:24","guid":{"rendered":"https:\/\/agora.xtec.cat\/escolajuansalamero\/?page_id=1323"},"modified":"2024-11-14T18:34:59","modified_gmt":"2024-11-14T17:34:59","slug":"pla-de-comunicacio","status":"publish","type":"page","link":"https:\/\/agora.xtec.cat\/escolajuansalamero\/pla-de-comunicacio\/","title":{"rendered":"Pla de Comunicaci\u00f3"},"content":{"rendered":"<p>El Pla de comunicaci\u00f3 de l \u0301escola Juan Salamero explica com s\u2019organitza la comunicaci\u00f3 al centre, de forma interna (incloent tota la comunitat educativa) i amb l \u0301entorn. Garantint que tothom dins l\u2019escola conegui quines s\u00f3n les l\u00ednies a seguir i objectius en aquest \u00e0mbit i marcant les estrat\u00e8gies, els recursos, els canals i les accions a desenvolupar per generar una comunicaci\u00f3 eficient i exitosa.<\/p>\n<ol>\n<li>Combinar i Millorar els sistemes de comunicaci\u00f3 tradicionals i digitals entre els diferents agents de la comunitat educativa i amb l \u0301entorn, establint una comunicaci\u00f3 bidireccional i entenedora.<\/li>\n<li>Donar visibilitat i enfortir la imatge positiva del centre a l \u0301entorn mitjan\u00e7ant diferents xarxes<br \/>\nsocials, generant un sentiment de vinculaci\u00f3 i pertinen\u00e7a al centre.<\/li>\n<li>Oferir transpar\u00e8ncia i obertura a trav\u00e9s de la publicaci\u00f3 dels nostres documents oficials i<br \/>\nles nostres pr\u00e0ctiques: di\u00e0ries i innovadores.<\/li>\n<li>Preveure i detectar necessitats respecte la comunicaci\u00f3.<\/li>\n<\/ol>\n<p>A continuaci\u00f3 us mostrem el nostre Pla de Comunicaci\u00f3:<\/p>\n<ul style=\"list-style-type: circle;\">\n<li><strong><a href=\"https:\/\/agora.xtec.cat\/escolajuansalamero\/wp-content\/uploads\/usu2941\/2024\/11\/Pla-de-Comunicacio-20-21.pdf\">Pla de Comunicaci\u00f3<\/a><\/strong><\/li>\n<\/ul>\n","protected":false},"excerpt":{"rendered":"<p>El Pla de comunicaci\u00f3 de l \u0301escola Juan Salamero explica com s\u2019organitza la comunicaci\u00f3 al centre, de forma interna (incloent [&hellip;]<\/p>\n","protected":false},"author":1,"featured_media":0,"parent":0,"menu_order":0,"comment_status":"closed","ping_status":"closed","template":"","meta":{"_bbp_topic_count":0,"_bbp_reply_count":0,"_bbp_total_topic_count":0,"_bbp_total_reply_count":0,"_bbp_voice_count":0,"_bbp_anonymous_reply_count":0,"_bbp_topic_count_hidden":0,"_bbp_reply_count_hidden":0,"_bbp_forum_subforum_count":0,"site-sidebar-layout":"default","site-content-layout":"","ast-site-content-layout":"","site-content-style":"default","site-sidebar-style":"default","ast-global-header-display":"","ast-banner-title-visibility":"","ast-main-header-display":"","ast-hfb-above-header-display":"","ast-hfb-below-header-display":"","ast-hfb-mobile-header-display":"","site-post-title":"","ast-breadcrumbs-content":"","ast-featured-img":"","footer-sml-layout":"","theme-transparent-header-meta":"","adv-header-id-meta":"","stick-header-meta":"","header-above-stick-meta":"","header-main-stick-meta":"","header-below-stick-meta":"","astra-migrate-meta-layouts":"default","ast-page-background-enabled":"default","ast-page-background-meta":{"desktop":{"background-color":"var(--ast-global-color-4)","background-image":"","background-repeat":"repeat","background-position":"center center","background-size":"auto","background-attachment":"scroll","background-type":"","background-media":"","overlay-type":"","overlay-color":"","overlay-opacity":"","overlay-gradient":""},"tablet":{"background-color":"","background-image":"","background-repeat":"repeat","background-position":"center center","background-size":"auto","background-attachment":"scroll","background-type":"","background-media":"","overlay-type":"","overlay-color":"","overlay-opacity":"","overlay-gradient":""},"mobile":{"background-color":"","background-image":"","background-repeat":"repeat","background-position":"center center","background-size":"auto","background-attachment":"scroll","background-type":"","background-media":"","overlay-type":"","overlay-color":"","overlay-opacity":"","overlay-gradient":""}},"ast-content-background-meta":{"desktop":{"background-color":"var(--ast-global-color-5)","background-image":"","background-repeat":"repeat","background-position":"center center","background-size":"auto","background-attachment":"scroll","background-type":"","background-media":"","overlay-type":"","overlay-color":"","overlay-opacity":"","overlay-gradient":""},"tablet":{"background-color":"var(--ast-global-color-5)","background-image":"","background-repeat":"repeat","background-position":"center center","background-size":"auto","background-attachment":"scroll","background-type":"","background-media":"","overlay-type":"","overlay-color":"","overlay-opacity":"","overlay-gradient":""},"mobile":{"background-color":"var(--ast-global-color-5)","background-image":"","background-repeat":"repeat","background-position":"center center","background-size":"auto","background-attachment":"scroll","background-type":"","background-media":"","overlay-type":"","overlay-color":"","overlay-opacity":"","overlay-gradient":""}},"footnotes":""},"class_list":["post-1323","page","type-page","status-publish","hentry"],"post_mailing_queue_ids":[],"_links":{"self":[{"href":"https:\/\/agora.xtec.cat\/escolajuansalamero\/wp-json\/wp\/v2\/pages\/1323","targetHints":{"allow":["GET"]}}],"collection":[{"href":"https:\/\/agora.xtec.cat\/escolajuansalamero\/wp-json\/wp\/v2\/pages"}],"about":[{"href":"https:\/\/agora.xtec.cat\/escolajuansalamero\/wp-json\/wp\/v2\/types\/page"}],"author":[{"embeddable":true,"href":"https:\/\/agora.xtec.cat\/escolajuansalamero\/wp-json\/wp\/v2\/users\/1"}],"replies":[{"embeddable":true,"href":"https:\/\/agora.xtec.cat\/escolajuansalamero\/wp-json\/wp\/v2\/comments?post=1323"}],"version-history":[{"count":5,"href":"https:\/\/agora.xtec.cat\/escolajuansalamero\/wp-json\/wp\/v2\/pages\/1323\/revisions"}],"predecessor-version":[{"id":1520,"href":"https:\/\/agora.xtec.cat\/escolajuansalamero\/wp-json\/wp\/v2\/pages\/1323\/revisions\/1520"}],"wp:attachment":[{"href":"https:\/\/agora.xtec.cat\/escolajuansalamero\/wp-json\/wp\/v2\/media?parent=1323"}],"curies":[{"name":"wp","href":"https:\/\/api.w.org\/{rel}","templated":true}]}}

Pla de Comunicació

<p>El Pla de comunicació de l ́escola Juan Salamero explica com s’organitza la comunicació al centre, de forma interna (incloent tota la comunitat educativa) i amb l ́entorn. Garantint que tothom dins l’escola conegui quines són les línies a seguir i objectius en aquest àmbit i marcant les estratègies, els recursos, els canals i les accions a desenvolupar per generar una comunicació eficient i exitosa.</p>
<ol>
<li>Combinar i Millorar els sistemes de comunicació tradicionals i digitals entre els diferents agents de la comunitat educativa i amb l ́entorn, establint una comunicació bidireccional i entenedora.</li>
<li>Donar visibilitat i enfortir la imatge positiva del centre a l ́entorn mitjançant diferents xarxes<br />
socials, generant un sentiment de vinculació i pertinença al centre.</li>
<li>Oferir transparència i obertura a través de la publicació dels nostres documents oficials i<br />
les nostres pràctiques: diàries i innovadores.</li>
<li>Preveure i detectar necessitats respecte la comunicació.</li>
</ol>
<p>A continuació us mostrem el nostre Pla de Comunicació:</p>
<ul style="list-style-type: circle;">
<li><strong><a href="https://agora.xtec.cat/escolajuansalamero/wp-content/uploads/usu2941/2024/11/Pla-de-Comunicacio-20-21.pdf">Pla de Comunicació</a></strong></li>
</ul>

<p>El Pla de comunicació de l ́escola Juan Salamero explica com s’organitza la comunicació al centre, de forma interna (incloent [&hellip;]</p>
