{"id":1187,"date":"2024-01-29T13:20:35","date_gmt":"2024-01-29T12:20:35","guid":{"rendered":"https:\/\/agora.xtec.cat\/escolajuansalamero\/?page_id=1187"},"modified":"2024-03-21T14:15:00","modified_gmt":"2024-03-21T13:15:00","slug":"consell-dinfants","status":"publish","type":"page","link":"https:\/\/agora.xtec.cat\/escolajuansalamero\/collaboracions\/ajuntament\/consell-dinfants\/","title":{"rendered":"Consell d&#8217;Infants"},"content":{"rendered":"<p>El Consell d\u2019Infants de Gav\u00e0 permet consolidar una estrat\u00e8gia de desenvolupament comunitari sostenible, a trav\u00e9s d\u2019un projecte de cocreaci\u00f3 entre Ajuntament i ciutadania. La seva finalitat \u00e9s recon\u00e8ixer les nenes i els nens de Gav\u00e0 com a ciutadania de ple dret. Alhora, ha de permetre potenciar i exercir el dret a la participaci\u00f3, que requereix tamb\u00e9 un proc\u00e9s d\u2019aprenentatge.<a href=\"https:\/\/agora.xtec.cat\/escolajuansalamero\/wp-content\/uploads\/usu2941\/2024\/01\/consell-infants.png\"><img loading=\"lazy\" decoding=\"async\" class=\"aligncenter wp-image-1196 size-medium\" src=\"https:\/\/agora.xtec.cat\/escolajuansalamero\/wp-content\/uploads\/usu2941\/2024\/01\/consell-infants-244x300.png\" alt=\"\" width=\"244\" height=\"300\" srcset=\"https:\/\/agora.xtec.cat\/escolajuansalamero\/wp-content\/uploads\/usu2941\/2024\/01\/consell-infants-244x300.png 244w, https:\/\/agora.xtec.cat\/escolajuansalamero\/wp-content\/uploads\/usu2941\/2024\/01\/consell-infants.png 403w\" sizes=\"auto, (max-width: 244px) 100vw, 244px\" \/><\/a>El Consell est\u00e0 format per nois i noies de 5\u00e8 a 6\u00e8 de prim\u00e0ria i de l\u2019escola d\u2019educaci\u00f3 especial Maria Felip. La participaci\u00f3 dels infants del municipi al Consell es vehicula a trav\u00e9s de les respectives aules, essent el conseller o la consellera de cada classe, triat pels companys\/es en unes eleccions o sorteig, la persona representant directa dels seus companys i les seves companyes. Aix\u00ed, els infants poden participar del Consell de manera representativa.<\/p>\n<p>Es pot trobar tota la informaci\u00f3 a <strong>https:\/\/cinfantsgava.wordpress.com\/<\/strong>.<\/p>\n","protected":false},"excerpt":{"rendered":"<p>El Consell d\u2019Infants de Gav\u00e0 permet consolidar una estrat\u00e8gia de desenvolupament comunitari sostenible, a trav\u00e9s d\u2019un projecte de cocreaci\u00f3 entre [&hellip;]<\/p>\n","protected":false},"author":1,"featured_media":0,"parent":1175,"menu_order":1,"comment_status":"closed","ping_status":"closed","template":"","meta":{"_bbp_topic_count":0,"_bbp_reply_count":0,"_bbp_total_topic_count":0,"_bbp_total_reply_count":0,"_bbp_voice_count":0,"_bbp_anonymous_reply_count":0,"_bbp_topic_count_hidden":0,"_bbp_reply_count_hidden":0,"_bbp_forum_subforum_count":0,"site-sidebar-layout":"default","site-content-layout":"","ast-site-content-layout":"","site-content-style":"default","site-sidebar-style":"default","ast-global-header-display":"","ast-banner-title-visibility":"","ast-main-header-display":"","ast-hfb-above-header-display":"","ast-hfb-below-header-display":"","ast-hfb-mobile-header-display":"","site-post-title":"","ast-breadcrumbs-content":"","ast-featured-img":"","footer-sml-layout":"","theme-transparent-header-meta":"","adv-header-id-meta":"","stick-header-meta":"","header-above-stick-meta":"","header-main-stick-meta":"","header-below-stick-meta":"","astra-migrate-meta-layouts":"default","ast-page-background-enabled":"default","ast-page-background-meta":{"desktop":{"background-color":"var(--ast-global-color-4)","background-image":"","background-repeat":"repeat","background-position":"center center","background-size":"auto","background-attachment":"scroll","background-type":"","background-media":"","overlay-type":"","overlay-color":"","overlay-opacity":"","overlay-gradient":""},"tablet":{"background-color":"","background-image":"","background-repeat":"repeat","background-position":"center center","background-size":"auto","background-attachment":"scroll","background-type":"","background-media":"","overlay-type":"","overlay-color":"","overlay-opacity":"","overlay-gradient":""},"mobile":{"background-color":"","background-image":"","background-repeat":"repeat","background-position":"center center","background-size":"auto","background-attachment":"scroll","background-type":"","background-media":"","overlay-type":"","overlay-color":"","overlay-opacity":"","overlay-gradient":""}},"ast-content-background-meta":{"desktop":{"background-color":"var(--ast-global-color-5)","background-image":"","background-repeat":"repeat","background-position":"center center","background-size":"auto","background-attachment":"scroll","background-type":"","background-media":"","overlay-type":"","overlay-color":"","overlay-opacity":"","overlay-gradient":""},"tablet":{"background-color":"var(--ast-global-color-5)","background-image":"","background-repeat":"repeat","background-position":"center center","background-size":"auto","background-attachment":"scroll","background-type":"","background-media":"","overlay-type":"","overlay-color":"","overlay-opacity":"","overlay-gradient":""},"mobile":{"background-color":"var(--ast-global-color-5)","background-image":"","background-repeat":"repeat","background-position":"center center","background-size":"auto","background-attachment":"scroll","background-type":"","background-media":"","overlay-type":"","overlay-color":"","overlay-opacity":"","overlay-gradient":""}},"footnotes":""},"class_list":["post-1187","page","type-page","status-publish","hentry"],"post_mailing_queue_ids":[],"_links":{"self":[{"href":"https:\/\/agora.xtec.cat\/escolajuansalamero\/wp-json\/wp\/v2\/pages\/1187","targetHints":{"allow":["GET"]}}],"collection":[{"href":"https:\/\/agora.xtec.cat\/escolajuansalamero\/wp-json\/wp\/v2\/pages"}],"about":[{"href":"https:\/\/agora.xtec.cat\/escolajuansalamero\/wp-json\/wp\/v2\/types\/page"}],"author":[{"embeddable":true,"href":"https:\/\/agora.xtec.cat\/escolajuansalamero\/wp-json\/wp\/v2\/users\/1"}],"replies":[{"embeddable":true,"href":"https:\/\/agora.xtec.cat\/escolajuansalamero\/wp-json\/wp\/v2\/comments?post=1187"}],"version-history":[{"count":3,"href":"https:\/\/agora.xtec.cat\/escolajuansalamero\/wp-json\/wp\/v2\/pages\/1187\/revisions"}],"predecessor-version":[{"id":1197,"href":"https:\/\/agora.xtec.cat\/escolajuansalamero\/wp-json\/wp\/v2\/pages\/1187\/revisions\/1197"}],"up":[{"embeddable":true,"href":"https:\/\/agora.xtec.cat\/escolajuansalamero\/wp-json\/wp\/v2\/pages\/1175"}],"wp:attachment":[{"href":"https:\/\/agora.xtec.cat\/escolajuansalamero\/wp-json\/wp\/v2\/media?parent=1187"}],"curies":[{"name":"wp","href":"https:\/\/api.w.org\/{rel}","templated":true}]}}

<p>El Consell d’Infants de Gavà permet consolidar una estratègia de desenvolupament comunitari sostenible, a través d’un projecte de cocreació entre Ajuntament i ciutadania. La seva finalitat és reconèixer les nenes i els nens de Gavà com a ciutadania de ple dret. Alhora, ha de permetre potenciar i exercir el dret a la participació, que requereix també un procés d’aprenentatge.<a href="https://agora.xtec.cat/escolajuansalamero/wp-content/uploads/usu2941/2024/01/consell-infants.png"><img loading="lazy" decoding="async" class="aligncenter wp-image-1196 size-medium" src="https://agora.xtec.cat/escolajuansalamero/wp-content/uploads/usu2941/2024/01/consell-infants-244x300.png" alt="" width="244" height="300" srcset="https://agora.xtec.cat/escolajuansalamero/wp-content/uploads/usu2941/2024/01/consell-infants-244x300.png 244w, https://agora.xtec.cat/escolajuansalamero/wp-content/uploads/usu2941/2024/01/consell-infants.png 403w" sizes="auto, (max-width: 244px) 100vw, 244px" /></a>El Consell està format per nois i noies de 5è a 6è de primària i de l’escola d’educació especial Maria Felip. La participació dels infants del municipi al Consell es vehicula a través de les respectives aules, essent el conseller o la consellera de cada classe, triat pels companys/es en unes eleccions o sorteig, la persona representant directa dels seus companys i les seves companyes. Així, els infants poden participar del Consell de manera representativa.</p>
<p>Es pot trobar tota la informació a <strong>https://cinfantsgava.wordpress.com/</strong>.</p>

<p>El Consell d’Infants de Gavà permet consolidar una estratègia de desenvolupament comunitari sostenible, a través d’un projecte de cocreació entre [&hellip;]</p>
