{"id":1172,"date":"2024-01-29T12:59:35","date_gmt":"2024-01-29T11:59:35","guid":{"rendered":"https:\/\/agora.xtec.cat\/escolajuansalamero\/?page_id=1172"},"modified":"2026-02-23T13:20:51","modified_gmt":"2026-02-23T12:20:51","slug":"omnium-cultural","status":"publish","type":"page","link":"https:\/\/agora.xtec.cat\/escolajuansalamero\/collaboracions\/omnium-cultural\/","title":{"rendered":"\u00d2mnium Cultural"},"content":{"rendered":"<p>Per treballar l&#8217;<strong>Enrola&#8217;t<\/strong> comptem amb la col.laboraci\u00f3 de persones volunt\u00e0ries d\u2019Omnium cultural de Gav\u00e0. Aix\u00f2 ens permet una atenci\u00f3 personalitzada on mestres i voluntaris actuen com a model ling\u00fc\u00edstic.<\/p>\n<p>A m\u00e9s, els voluntaris i volunt\u00e0ries d&#8217;\u00d2mnium Cultural participen cada setmana als <strong>tallers art\u00edstics<\/strong>\u00a0i a les tert\u00falies liter\u00e0ries.<\/p>\n<p><strong>\u00d2mnium Cultural<\/strong> \u00e9s una entitat sense \u00e0nim de lucre que, del 1961, treballa per fomentar la llengua catalana, la cohesi\u00f3 social, l\u2019educaci\u00f3 i la cultura i t\u00e9 com a objectiu construir, a trav\u00e9s d\u2019aquests valors, una societat activa, cr\u00edtica, integradora i c\u00edvica.<\/p>\n<p>El <strong>Sambori<\/strong> \u00e9s un projecte d\u2019\u00d2mnium Cultural basat en fomentar la creaci\u00f3 de propostes art\u00edstiques i culturals de creaci\u00f3 i autoria col\u00b7lectives, amb l\u2019objectiu de fomentar l\u2019empoderament cultural ,el sentiment de pertinen\u00e7a comunitari i l\u2019\u00fas de la llengua catalana com a eines de transformaci\u00f3 social generadores d\u2019oportunitats. Es tracta que l\u2019alumnat trobi un canal per expressar la seva veu ,incidint especialment en col\u00b7lectius tradicionalment infrarepresentats i creant sinergies entre els diferents membres de la comunitat educativa, per\u00f2 tamb\u00e9 amb altres entitats del seu entorn immediat.<\/p>\n","protected":false},"excerpt":{"rendered":"<p>Per treballar l&#8217;Enrola&#8217;t comptem amb la col.laboraci\u00f3 de persones volunt\u00e0ries d\u2019Omnium cultural de Gav\u00e0. Aix\u00f2 ens permet una atenci\u00f3 personalitzada [&hellip;]<\/p>\n","protected":false},"author":1,"featured_media":0,"parent":1170,"menu_order":1,"comment_status":"closed","ping_status":"closed","template":"","meta":{"_bbp_topic_count":0,"_bbp_reply_count":0,"_bbp_total_topic_count":0,"_bbp_total_reply_count":0,"_bbp_voice_count":0,"_bbp_anonymous_reply_count":0,"_bbp_topic_count_hidden":0,"_bbp_reply_count_hidden":0,"_bbp_forum_subforum_count":0,"site-sidebar-layout":"default","site-content-layout":"","ast-site-content-layout":"default","site-content-style":"default","site-sidebar-style":"default","ast-global-header-display":"","ast-banner-title-visibility":"","ast-main-header-display":"","ast-hfb-above-header-display":"","ast-hfb-below-header-display":"","ast-hfb-mobile-header-display":"","site-post-title":"","ast-breadcrumbs-content":"","ast-featured-img":"","footer-sml-layout":"","theme-transparent-header-meta":"default","adv-header-id-meta":"","stick-header-meta":"","header-above-stick-meta":"","header-main-stick-meta":"","header-below-stick-meta":"","astra-migrate-meta-layouts":"set","ast-page-background-enabled":"default","ast-page-background-meta":{"desktop":{"background-color":"var(--ast-global-color-4)","background-image":"","background-repeat":"repeat","background-position":"center center","background-size":"auto","background-attachment":"scroll","background-type":"","background-media":"","overlay-type":"","overlay-color":"","overlay-opacity":"","overlay-gradient":""},"tablet":{"background-color":"","background-image":"","background-repeat":"repeat","background-position":"center center","background-size":"auto","background-attachment":"scroll","background-type":"","background-media":"","overlay-type":"","overlay-color":"","overlay-opacity":"","overlay-gradient":""},"mobile":{"background-color":"","background-image":"","background-repeat":"repeat","background-position":"center center","background-size":"auto","background-attachment":"scroll","background-type":"","background-media":"","overlay-type":"","overlay-color":"","overlay-opacity":"","overlay-gradient":""}},"ast-content-background-meta":{"desktop":{"background-color":"var(--ast-global-color-5)","background-image":"","background-repeat":"repeat","background-position":"center center","background-size":"auto","background-attachment":"scroll","background-type":"","background-media":"","overlay-type":"","overlay-color":"","overlay-opacity":"","overlay-gradient":""},"tablet":{"background-color":"var(--ast-global-color-5)","background-image":"","background-repeat":"repeat","background-position":"center center","background-size":"auto","background-attachment":"scroll","background-type":"","background-media":"","overlay-type":"","overlay-color":"","overlay-opacity":"","overlay-gradient":""},"mobile":{"background-color":"var(--ast-global-color-5)","background-image":"","background-repeat":"repeat","background-position":"center center","background-size":"auto","background-attachment":"scroll","background-type":"","background-media":"","overlay-type":"","overlay-color":"","overlay-opacity":"","overlay-gradient":""}},"footnotes":""},"class_list":["post-1172","page","type-page","status-publish","hentry"],"post_mailing_queue_ids":[],"_links":{"self":[{"href":"https:\/\/agora.xtec.cat\/escolajuansalamero\/wp-json\/wp\/v2\/pages\/1172","targetHints":{"allow":["GET"]}}],"collection":[{"href":"https:\/\/agora.xtec.cat\/escolajuansalamero\/wp-json\/wp\/v2\/pages"}],"about":[{"href":"https:\/\/agora.xtec.cat\/escolajuansalamero\/wp-json\/wp\/v2\/types\/page"}],"author":[{"embeddable":true,"href":"https:\/\/agora.xtec.cat\/escolajuansalamero\/wp-json\/wp\/v2\/users\/1"}],"replies":[{"embeddable":true,"href":"https:\/\/agora.xtec.cat\/escolajuansalamero\/wp-json\/wp\/v2\/comments?post=1172"}],"version-history":[{"count":3,"href":"https:\/\/agora.xtec.cat\/escolajuansalamero\/wp-json\/wp\/v2\/pages\/1172\/revisions"}],"predecessor-version":[{"id":2337,"href":"https:\/\/agora.xtec.cat\/escolajuansalamero\/wp-json\/wp\/v2\/pages\/1172\/revisions\/2337"}],"up":[{"embeddable":true,"href":"https:\/\/agora.xtec.cat\/escolajuansalamero\/wp-json\/wp\/v2\/pages\/1170"}],"wp:attachment":[{"href":"https:\/\/agora.xtec.cat\/escolajuansalamero\/wp-json\/wp\/v2\/media?parent=1172"}],"curies":[{"name":"wp","href":"https:\/\/api.w.org\/{rel}","templated":true}]}}

Òmnium Cultural

<p>Per treballar l&#8217;<strong>Enrola&#8217;t</strong> comptem amb la col.laboració de persones voluntàries d’Omnium cultural de Gavà. Això ens permet una atenció personalitzada on mestres i voluntaris actuen com a model lingüístic.</p>
<p>A més, els voluntaris i voluntàries d&#8217;Òmnium Cultural participen cada setmana als <strong>tallers artístics</strong> i a les tertúlies literàries.</p>
<p><strong>Òmnium Cultural</strong> és una entitat sense ànim de lucre que, del 1961, treballa per fomentar la llengua catalana, la cohesió social, l’educació i la cultura i té com a objectiu construir, a través d’aquests valors, una societat activa, crítica, integradora i cívica.</p>
<p>El <strong>Sambori</strong> és un projecte d’Òmnium Cultural basat en fomentar la creació de propostes artístiques i culturals de creació i autoria col·lectives, amb l’objectiu de fomentar l’empoderament cultural ,el sentiment de pertinença comunitari i l’ús de la llengua catalana com a eines de transformació social generadores d’oportunitats. Es tracta que l’alumnat trobi un canal per expressar la seva veu ,incidint especialment en col·lectius tradicionalment infrarepresentats i creant sinergies entre els diferents membres de la comunitat educativa, però també amb altres entitats del seu entorn immediat.</p>

<p>Per treballar l&#8217;Enrola&#8217;t comptem amb la col.laboració de persones voluntàries d’Omnium cultural de Gavà. Això ens permet una atenció personalitzada [&hellip;]</p>
