{"id":1066,"date":"2024-01-23T16:40:31","date_gmt":"2024-01-23T15:40:31","guid":{"rendered":"https:\/\/agora.xtec.cat\/escolajuansalamero\/?page_id=1066"},"modified":"2025-02-13T14:04:11","modified_gmt":"2025-02-13T13:04:11","slug":"projecte-dinnovacio","status":"publish","type":"page","link":"https:\/\/agora.xtec.cat\/escolajuansalamero\/projecte-dinnovacio\/","title":{"rendered":"Tre-Ballem"},"content":{"rendered":"<p>El<strong> Tre-ballem<\/strong>\u00a0\u00e9s un projecte on la dansa \u00e9s promotora de la cultura i l&#8217;art en tots els seus vessants (dans\u00edstica, musical, esc\u00e8nica, popular&#8230;) donant sentit al curr\u00edculum integrant els aprenentatges (matem\u00e0tics, ling\u00fc\u00edstics i socials) al moviment del cos.<\/p>\n<p>El Tre-ballem \u00e9s tamb\u00e9 una eina d&#8217;atenci\u00f3 educativa vers la coeducaci\u00f3 i la perspectiva de g\u00e8nere. En col\u00b7laboraci\u00f3 amb el Departament d&#8217;Educaci\u00f3 i l&#8217;Ajuntament de Gav\u00e0, i amb previsi\u00f3 d&#8217;obertura a altres entitats culturals i dans\u00edstiques de la ciutat de Gav\u00e0.<\/p>\n<p><a href=\"https:\/\/agora.xtec.cat\/escolajuansalamero\/wp-content\/uploads\/usu2941\/2024\/01\/treballem.png\"><img loading=\"lazy\" decoding=\"async\" class=\"size-medium wp-image-1070 aligncenter\" src=\"https:\/\/agora.xtec.cat\/escolajuansalamero\/wp-content\/uploads\/usu2941\/2024\/01\/treballem-300x271.png\" alt=\"\" width=\"300\" height=\"271\" srcset=\"https:\/\/agora.xtec.cat\/escolajuansalamero\/wp-content\/uploads\/usu2941\/2024\/01\/treballem-300x271.png 300w, https:\/\/agora.xtec.cat\/escolajuansalamero\/wp-content\/uploads\/usu2941\/2024\/01\/treballem.png 652w\" sizes=\"auto, (max-width: 300px) 100vw, 300px\" \/><\/a><\/p>\n<p>La idea d\u2019aquest projecte neix, d\u2019una banda, de la teoria de les Intel\u00b7lig\u00e8ncies M\u00faltiples de Howard<br \/>\nGardner que postula la idea que no totes les persones aprenen de la mateixa manera; i d\u2019una altra,<br \/>\nde la pr\u00f2pia experi\u00e8ncia dins el m\u00f3n educatiu on hem pogut constatar les dificultats que molts dels<br \/>\nnostres alumnes mostren en l\u2019adquisici\u00f3 dels aprenentatges escolars i la conseg\u00fcent desmotivaci\u00f3.<\/p>\n<p>Tamb\u00e9 tenim en compte la predisposici\u00f3 que molts dels alumnes que presenten frac\u00e0s escolar, tenen<br \/>\nper les arts en general i especialment per la dansa i la m\u00fasica. Aix\u00f2 fa que ens replantegem<br \/>\nl\u2019ensenyament d\u2019una manera m\u00e9s amplia, on factors com s\u00f3n el manipulatiu, l\u2019experiencial, el<br \/>\nsensorial, el visual &#8230; hi siguin molt m\u00e9s presents.<\/p>\n<p>Teniu tota la informaci\u00f3 del projecte al seg\u00fcent document: <strong><a href=\"https:\/\/agora.xtec.cat\/escolajuansalamero\/wp-content\/uploads\/usu2941\/2025\/01\/Tre-ballem-24-25-1.pdf\">Tre-ballem 24-25<\/a><\/strong><\/p>\n","protected":false},"excerpt":{"rendered":"<p>El Tre-ballem\u00a0\u00e9s un projecte on la dansa \u00e9s promotora de la cultura i l&#8217;art en tots els seus vessants (dans\u00edstica, [&hellip;]<\/p>\n","protected":false},"author":1,"featured_media":0,"parent":0,"menu_order":0,"comment_status":"closed","ping_status":"closed","template":"","meta":{"_bbp_topic_count":0,"_bbp_reply_count":0,"_bbp_total_topic_count":0,"_bbp_total_reply_count":0,"_bbp_voice_count":0,"_bbp_anonymous_reply_count":0,"_bbp_topic_count_hidden":0,"_bbp_reply_count_hidden":0,"_bbp_forum_subforum_count":0,"site-sidebar-layout":"default","site-content-layout":"","ast-site-content-layout":"","site-content-style":"default","site-sidebar-style":"default","ast-global-header-display":"","ast-banner-title-visibility":"","ast-main-header-display":"","ast-hfb-above-header-display":"","ast-hfb-below-header-display":"","ast-hfb-mobile-header-display":"","site-post-title":"","ast-breadcrumbs-content":"","ast-featured-img":"","footer-sml-layout":"","theme-transparent-header-meta":"","adv-header-id-meta":"","stick-header-meta":"","header-above-stick-meta":"","header-main-stick-meta":"","header-below-stick-meta":"","astra-migrate-meta-layouts":"default","ast-page-background-enabled":"default","ast-page-background-meta":{"desktop":{"background-color":"var(--ast-global-color-4)","background-image":"","background-repeat":"repeat","background-position":"center center","background-size":"auto","background-attachment":"scroll","background-type":"","background-media":"","overlay-type":"","overlay-color":"","overlay-opacity":"","overlay-gradient":""},"tablet":{"background-color":"","background-image":"","background-repeat":"repeat","background-position":"center center","background-size":"auto","background-attachment":"scroll","background-type":"","background-media":"","overlay-type":"","overlay-color":"","overlay-opacity":"","overlay-gradient":""},"mobile":{"background-color":"","background-image":"","background-repeat":"repeat","background-position":"center center","background-size":"auto","background-attachment":"scroll","background-type":"","background-media":"","overlay-type":"","overlay-color":"","overlay-opacity":"","overlay-gradient":""}},"ast-content-background-meta":{"desktop":{"background-color":"var(--ast-global-color-5)","background-image":"","background-repeat":"repeat","background-position":"center center","background-size":"auto","background-attachment":"scroll","background-type":"","background-media":"","overlay-type":"","overlay-color":"","overlay-opacity":"","overlay-gradient":""},"tablet":{"background-color":"var(--ast-global-color-5)","background-image":"","background-repeat":"repeat","background-position":"center center","background-size":"auto","background-attachment":"scroll","background-type":"","background-media":"","overlay-type":"","overlay-color":"","overlay-opacity":"","overlay-gradient":""},"mobile":{"background-color":"var(--ast-global-color-5)","background-image":"","background-repeat":"repeat","background-position":"center center","background-size":"auto","background-attachment":"scroll","background-type":"","background-media":"","overlay-type":"","overlay-color":"","overlay-opacity":"","overlay-gradient":""}},"footnotes":""},"class_list":["post-1066","page","type-page","status-publish","hentry"],"post_mailing_queue_ids":[],"_links":{"self":[{"href":"https:\/\/agora.xtec.cat\/escolajuansalamero\/wp-json\/wp\/v2\/pages\/1066","targetHints":{"allow":["GET"]}}],"collection":[{"href":"https:\/\/agora.xtec.cat\/escolajuansalamero\/wp-json\/wp\/v2\/pages"}],"about":[{"href":"https:\/\/agora.xtec.cat\/escolajuansalamero\/wp-json\/wp\/v2\/types\/page"}],"author":[{"embeddable":true,"href":"https:\/\/agora.xtec.cat\/escolajuansalamero\/wp-json\/wp\/v2\/users\/1"}],"replies":[{"embeddable":true,"href":"https:\/\/agora.xtec.cat\/escolajuansalamero\/wp-json\/wp\/v2\/comments?post=1066"}],"version-history":[{"count":4,"href":"https:\/\/agora.xtec.cat\/escolajuansalamero\/wp-json\/wp\/v2\/pages\/1066\/revisions"}],"predecessor-version":[{"id":1639,"href":"https:\/\/agora.xtec.cat\/escolajuansalamero\/wp-json\/wp\/v2\/pages\/1066\/revisions\/1639"}],"wp:attachment":[{"href":"https:\/\/agora.xtec.cat\/escolajuansalamero\/wp-json\/wp\/v2\/media?parent=1066"}],"curies":[{"name":"wp","href":"https:\/\/api.w.org\/{rel}","templated":true}]}}

<p>El<strong> Tre-ballem</strong> és un projecte on la dansa és promotora de la cultura i l&#8217;art en tots els seus vessants (dansística, musical, escènica, popular&#8230;) donant sentit al currículum integrant els aprenentatges (matemàtics, lingüístics i socials) al moviment del cos.</p>
<p>El Tre-ballem és també una eina d&#8217;atenció educativa vers la coeducació i la perspectiva de gènere. En col·laboració amb el Departament d&#8217;Educació i l&#8217;Ajuntament de Gavà, i amb previsió d&#8217;obertura a altres entitats culturals i dansístiques de la ciutat de Gavà.</p>
<p><a href="https://agora.xtec.cat/escolajuansalamero/wp-content/uploads/usu2941/2024/01/treballem.png"><img loading="lazy" decoding="async" class="size-medium wp-image-1070 aligncenter" src="https://agora.xtec.cat/escolajuansalamero/wp-content/uploads/usu2941/2024/01/treballem-300x271.png" alt="" width="300" height="271" srcset="https://agora.xtec.cat/escolajuansalamero/wp-content/uploads/usu2941/2024/01/treballem-300x271.png 300w, https://agora.xtec.cat/escolajuansalamero/wp-content/uploads/usu2941/2024/01/treballem.png 652w" sizes="auto, (max-width: 300px) 100vw, 300px" /></a></p>
<p>La idea d’aquest projecte neix, d’una banda, de la teoria de les Intel·ligències Múltiples de Howard<br />
Gardner que postula la idea que no totes les persones aprenen de la mateixa manera; i d’una altra,<br />
de la pròpia experiència dins el món educatiu on hem pogut constatar les dificultats que molts dels<br />
nostres alumnes mostren en l’adquisició dels aprenentatges escolars i la consegüent desmotivació.</p>
<p>També tenim en compte la predisposició que molts dels alumnes que presenten fracàs escolar, tenen<br />
per les arts en general i especialment per la dansa i la música. Això fa que ens replantegem<br />
l’ensenyament d’una manera més amplia, on factors com són el manipulatiu, l’experiencial, el<br />
sensorial, el visual &#8230; hi siguin molt més presents.</p>
<p>Teniu tota la informació del projecte al següent document: <strong><a href="https://agora.xtec.cat/escolajuansalamero/wp-content/uploads/usu2941/2025/01/Tre-ballem-24-25-1.pdf">Tre-ballem 24-25</a></strong></p>

<p>El Tre-ballem és un projecte on la dansa és promotora de la cultura i l&#8217;art en tots els seus vessants (dansística, [&hellip;]</p>
