{"id":26,"date":"2014-09-18T12:24:32","date_gmt":"2014-09-18T11:24:32","guid":{"rendered":"http:\/\/agora.xtec.cat\/escolajoseppla\/?page_id=26"},"modified":"2020-03-16T21:42:03","modified_gmt":"2020-03-16T20:42:03","slug":"historia","status":"publish","type":"page","link":"https:\/\/agora.xtec.cat\/escolajoseppla\/escola\/historia\/","title":{"rendered":"Hist\u00f2ria"},"content":{"rendered":"<p style=\"text-align: justify;\">L&#8217;Escola Josep Pla va n\u00e9ixer el 1986 en el barri de la Solana, fruit d&#8217;una necessitat demogr\u00e0fica.<\/p>\n<p style=\"text-align: justify;\">Durant el per\u00edode que van durar les obres, hi va haver un gran nombre d&#8217;alumnes que van estar escolaritzats de manera provisional, primer, en l&#8217;edifici que hi havia al costat del cuartel de la Guardia Civil antic (actualment aquest edifici \u00e9s un magatzem de la brigada de treball de l&#8217;Ajuntament) i despr\u00e9s a les escoles velles.<\/p>\n<p style=\"text-align: justify;\">La inauguraci\u00f3 de\u00a0 l&#8217;Escola Josep Pla va coincidir amb una \u00e8poca de molta natalitat i va comen\u00e7ar acollint tres l\u00ednies.<\/p>\n<p style=\"text-align: justify;\">Fruit del pas del temps l&#8217;escola s&#8217;ha anat transformant, i un dels canvis m\u00e9s pronunciats ha estat la construcci\u00f3 del poliesportiu municipal (abans era una pista descoberta).<\/p>\n<table style=\"height: 430px; width: 1095px;\">\n<tbody>\n<tr style=\"height: 477px;\">\n<td style=\"width: 523px; text-align: center; height: 477px;\">\n<h5><a href=\"http:\/\/agora.xtec.cat\/escolajoseppla\/wp-content\/uploads\/usu1495\/2014\/09\/escolavella1.png\"><img loading=\"lazy\" decoding=\"async\" class=\"wp-image-1812 aligncenter\" src=\"http:\/\/agora.xtec.cat\/escolajoseppla\/wp-content\/uploads\/usu1495\/2014\/09\/escolavella1.png\" alt=\"escolavella1\" width=\"477\" height=\"379\" srcset=\"https:\/\/agora.xtec.cat\/escolajoseppla\/wp-content\/uploads\/usu1495\/2014\/09\/escolavella1.png 414w, https:\/\/agora.xtec.cat\/escolajoseppla\/wp-content\/uploads\/usu1495\/2014\/09\/escolavella1-300x238.png 300w\" sizes=\"auto, (max-width: 477px) 100vw, 477px\" \/><\/a>Escoles Velles.<\/h5>\n<\/td>\n<td style=\"text-align: center; width: 563px; height: 477px;\">\n<h5><a href=\"http:\/\/agora.xtec.cat\/escolajoseppla\/wp-content\/uploads\/usu1495\/2014\/09\/escolavella2.jpg\"><img loading=\"lazy\" decoding=\"async\" class=\"wp-image-1813 aligncenter\" src=\"http:\/\/agora.xtec.cat\/escolajoseppla\/wp-content\/uploads\/usu1495\/2014\/09\/escolavella2.jpg\" alt=\"escolavella2\" width=\"502\" height=\"377\" srcset=\"https:\/\/agora.xtec.cat\/escolajoseppla\/wp-content\/uploads\/usu1495\/2014\/09\/escolavella2.jpg 800w, https:\/\/agora.xtec.cat\/escolajoseppla\/wp-content\/uploads\/usu1495\/2014\/09\/escolavella2-300x225.jpg 300w, https:\/\/agora.xtec.cat\/escolajoseppla\/wp-content\/uploads\/usu1495\/2014\/09\/escolavella2-768x576.jpg 768w, https:\/\/agora.xtec.cat\/escolajoseppla\/wp-content\/uploads\/usu1495\/2014\/09\/escolavella2-200x150.jpg 200w\" sizes=\"auto, (max-width: 502px) 100vw, 502px\" \/><\/a>Primer edifici en el que es van ubicar els\u00a0 alumnes que posteriorment anirien a l&#8217;Escola Josep Pla.<\/h5>\n<\/td>\n<\/tr>\n<\/tbody>\n<\/table>\n<p>&nbsp;<\/p>\n<p><img loading=\"lazy\" decoding=\"async\" class=\"aligncenter\" src=\"https:\/\/78462f86-a-b76ac950-s-sites.googlegroups.com\/a\/escjoseppla.com\/www\/home\/projectes\/lescriptor\/jpla.png?attachauth=ANoY7crIz9-5EbDZwR-YLFmWsviqyf_IJIyp_Fz6WkDaixI2Ub7B7ZweoKkiuUwZD-Etq21x_hhE0ObiR9TmJm4RZ8jGl8wgEvko2csoLHYAs1uL-Fb8lGJWtG3_5-ijRK6By5jY8MkXIpGG7Q5k8kwcWxTfBniTsmFhGRtlY4qySaDPmikpOp6paXlN23yPgxpr1_HvKehCLT4OGB3VP2usPQAxpqkzRKZE8LIyZCOlHvN9JIH1SJk%3D&amp;attredirects=0\" width=\"373\" height=\"89\" \/><a href=\"http:\/\/issuu.com\/escjoseppla\/docs\/josep_pla_vist_?e=6830833\/3557855\"><img loading=\"lazy\" decoding=\"async\" class=\"alignleft\" src=\"https:\/\/sites.google.com\/a\/escjoseppla.com\/www\/_\/rsrc\/1395695573564\/home\/projectes\/lescriptor\/llibre_pla.png\" width=\"130\" height=\"145\" \/><\/a><\/p>\n<p><i>En celebrar l&#8217;aniversari d&#8217;En Josep Pla, el 8 de mar\u00e7 de 1997, v\u00e0rem pensar que seria bo, i una oportunitat extraordin\u00e0ria, donar a con\u00e8ixer a l&#8217;escriptor, al personatge, al geni, entre el nostre alumnat. <\/i><i>Vam realitzar un llibre <\/i><i>on en vint par\u00e0grafs (un par\u00e0graf per aula), es va fer un resum dels aspectes m\u00e9s destacats de la vida i l&#8217;obra de Josep Pla, tot alternant les il.lustracions de l&#8217;alumnat i les fotografies cedides per la <a href=\"http:\/\/www.fundaciojoseppla.cat\/\" rel=\"nofollow\">Fundaci\u00f3 Josep Pla<\/a>.<\/i><em><img loading=\"lazy\" decoding=\"async\" class=\"alignright\" src=\"https:\/\/78462f86-a-b76ac950-s-sites.googlegroups.com\/a\/escjoseppla.com\/www\/home\/projectes\/lescriptor\/2placa.gif?attachauth=ANoY7cr0HmVwxZ5uFfl4B9KQI633rwkB5EPtJ9u1a3DductsFSB3TMIEEwIBrHWRHe2G0B1MWynzYf8OV1JnE8Wyci_f3mN6aUrBwDDze7BGZevBPFsvO8FlzjVATYhUUpesq105oJoYMJDF44U7mc6eUCZ-e_UVLtKItlX4i4esNjU39k_lbrGyHeJ0BiLt-gR2Jni94pJHrUsKwEdDGJ156gXBQk1iAuFlwZFrf0a-Ug2rFsyZdJA%3D&amp;attredirects=0\" width=\"189\" height=\"166\" \/><\/em><\/p>\n<p><em>Amb motiu d&#8217;aquesta celebraci\u00f3 vam destapar la placa commemorativa &#8211; un paisatge ampurdan\u00e8s &#8211; que va quedar col\u00b7locada a l&#8217;entrada de l&#8217;escola.<\/em><\/p>\n<h4><\/h4>\n<h4>El nostre Quadern de Treball.<\/h4>\n<p align=\"justify\">Cada curs, pels voltants del 8 de mar\u00e7, tots els nens i les nenes de l\u2019escola tenen l\u2019oportunitat de con\u00e8ixer una mica m\u00e9s a un dels escriptors m\u00e9s prol\u00edfics en llengua catalana; en Josep Pla, que va n\u00e9ixer en aquesta data i que d\u00f3na nom al nostre\u00a0 centre.<\/p>\n<p align=\"justify\">El treball qu<span style=\"font-size: large;\"><span style=\"font-size: small;\"><img loading=\"lazy\" decoding=\"async\" class=\"alignleft\" src=\"https:\/\/78462f86-a-b76ac950-s-sites.googlegroups.com\/a\/escjoseppla.com\/www\/home\/projectes\/lescriptor\/quadern_pla.jpg?attachauth=ANoY7cpd-ByQ0uC8f_QAaR3OlpD8Z78UdZM_n52e8pjeqsHERhbMdROCwRd0m4PpuLZxGBshY5ZvUfGakvf4WOSOc96SDJY81nTc4V3kj2lBcHtQXjweo_0y08tbmjKNc0EAZ4ddu8Ls9FYGevDoYSSQbe38WBPdIW_VL0WTjaZTUla8HL2qgkTUcaqvcfPY-7Hs-n02SZYk41r3jtEeNaVZCtNjlsNpvf075d3mmei3rxM5fpR8sa5Gt0wqcSsxxvirc33TqBMp&amp;attredirects=0\" width=\"143\" height=\"181\" \/><\/span><\/span>e fem \u00e9s variat i gira entorn a un quadern de treball que es va realitzant al llarg de tota l\u2019escolaritat, des de P3 fins a sis\u00e8. En aquest quadern l\u2019alumnat descobrir\u00e0 els aspectes m\u00e9s rellevants de l\u2019obra planiana: el mar, els aliments, el paisatge, els fen\u00f2mens meteorol\u00f2gics i el periodisme. Totes elles tem\u00e0tiques que se\u2019ls faran ben properes ja que formen part del seu curr\u00edculum escolar. Igualment podran descobrir, per etapes, els fets m\u00e9s destacats d\u2019una vida que va transc\u00f3rrer a cavall entre L\u2019Empord\u00e0, Barcelona i moltes ciutats d\u2019Europa on va viure com a corresponsal dels diversos diaris on va treballar.<\/p>\n<p align=\"justify\">Quan els nens i nenes arriben a sis\u00e8 posen punt i final a aquest quadern . Quan se l\u2019emporten a casa de ben segur que els despertar\u00e0 molts records del seu pas per l\u2019escola amb els diversos treballs fets al llargs dels anys i rellegint les seves p\u00e0gines seguiran aprenent noves coses d\u2019aquest escriptor que mai ens deixar\u00e0 de sorprendre per l\u2019excel\u00b7l\u00e8ncia i magnitud de la seva obra.<\/p>\n<p><a href=\"http:\/\/agora.xtec.cat\/escolajoseppla\/wp-content\/uploads\/usu1495\/2014\/09\/escolavella1.png\">\u00a0 \u00a0\u00a0<\/a><\/p>\n<p>&nbsp;<\/p>\n<p>&nbsp;<\/p>\n<p>&nbsp;<\/p>\n<p>&nbsp;<\/p>\n<p>&nbsp;<\/p>\n<p>&nbsp;<\/p>\n<p>&nbsp;<\/p>\n<p>&nbsp;<\/p>\n<p style=\"text-align: justify;\">\n","protected":false},"excerpt":{"rendered":"<p>L&#8217;Escola Josep Pla va n\u00e9ixer el 1986 en el barri de la Solana, fruit d&#8217;una necessitat demogr\u00e0fica. Durant el per\u00edode que van durar les obres, hi va haver un gran nombre d&#8217;alumnes que van estar escolaritzats de manera provisional, primer, en l&#8217;edifici que hi havia al costat del cuartel de la Guardia Civil antic (actualment [&hellip;]<\/p>\n","protected":false},"author":1,"featured_media":0,"parent":22,"menu_order":20,"comment_status":"closed","ping_status":"closed","template":"page-templates\/side-menu.php","meta":{"_bbp_topic_count":0,"_bbp_reply_count":0,"_bbp_total_topic_count":0,"_bbp_total_reply_count":0,"_bbp_voice_count":0,"_bbp_anonymous_reply_count":0,"_bbp_topic_count_hidden":0,"_bbp_reply_count_hidden":0,"_bbp_forum_subforum_count":0,"site-sidebar-layout":"default","site-content-layout":"","ast-site-content-layout":"","site-content-style":"default","site-sidebar-style":"default","ast-global-header-display":"","ast-banner-title-visibility":"","ast-main-header-display":"","ast-hfb-above-header-display":"","ast-hfb-below-header-display":"","ast-hfb-mobile-header-display":"","site-post-title":"","ast-breadcrumbs-content":"","ast-featured-img":"","footer-sml-layout":"","theme-transparent-header-meta":"","adv-header-id-meta":"","stick-header-meta":"","header-above-stick-meta":"","header-main-stick-meta":"","header-below-stick-meta":"","astra-migrate-meta-layouts":"default","ast-page-background-enabled":"default","ast-page-background-meta":{"desktop":{"background-color":"var(--ast-global-color-4)","background-image":"","background-repeat":"repeat","background-position":"center center","background-size":"auto","background-attachment":"scroll","background-type":"","background-media":"","overlay-type":"","overlay-color":"","overlay-opacity":"","overlay-gradient":""},"tablet":{"background-color":"","background-image":"","background-repeat":"repeat","background-position":"center center","background-size":"auto","background-attachment":"scroll","background-type":"","background-media":"","overlay-type":"","overlay-color":"","overlay-opacity":"","overlay-gradient":""},"mobile":{"background-color":"","background-image":"","background-repeat":"repeat","background-position":"center center","background-size":"auto","background-attachment":"scroll","background-type":"","background-media":"","overlay-type":"","overlay-color":"","overlay-opacity":"","overlay-gradient":""}},"ast-content-background-meta":{"desktop":{"background-color":"var(--ast-global-color-5)","background-image":"","background-repeat":"repeat","background-position":"center center","background-size":"auto","background-attachment":"scroll","background-type":"","background-media":"","overlay-type":"","overlay-color":"","overlay-opacity":"","overlay-gradient":""},"tablet":{"background-color":"var(--ast-global-color-5)","background-image":"","background-repeat":"repeat","background-position":"center center","background-size":"auto","background-attachment":"scroll","background-type":"","background-media":"","overlay-type":"","overlay-color":"","overlay-opacity":"","overlay-gradient":""},"mobile":{"background-color":"var(--ast-global-color-5)","background-image":"","background-repeat":"repeat","background-position":"center center","background-size":"auto","background-attachment":"scroll","background-type":"","background-media":"","overlay-type":"","overlay-color":"","overlay-opacity":"","overlay-gradient":""}},"footnotes":""},"class_list":["post-26","page","type-page","status-publish","hentry"],"post_mailing_queue_ids":[],"_links":{"self":[{"href":"https:\/\/agora.xtec.cat\/escolajoseppla\/wp-json\/wp\/v2\/pages\/26","targetHints":{"allow":["GET"]}}],"collection":[{"href":"https:\/\/agora.xtec.cat\/escolajoseppla\/wp-json\/wp\/v2\/pages"}],"about":[{"href":"https:\/\/agora.xtec.cat\/escolajoseppla\/wp-json\/wp\/v2\/types\/page"}],"author":[{"embeddable":true,"href":"https:\/\/agora.xtec.cat\/escolajoseppla\/wp-json\/wp\/v2\/users\/1"}],"replies":[{"embeddable":true,"href":"https:\/\/agora.xtec.cat\/escolajoseppla\/wp-json\/wp\/v2\/comments?post=26"}],"version-history":[{"count":5,"href":"https:\/\/agora.xtec.cat\/escolajoseppla\/wp-json\/wp\/v2\/pages\/26\/revisions"}],"predecessor-version":[{"id":4127,"href":"https:\/\/agora.xtec.cat\/escolajoseppla\/wp-json\/wp\/v2\/pages\/26\/revisions\/4127"}],"up":[{"embeddable":true,"href":"https:\/\/agora.xtec.cat\/escolajoseppla\/wp-json\/wp\/v2\/pages\/22"}],"wp:attachment":[{"href":"https:\/\/agora.xtec.cat\/escolajoseppla\/wp-json\/wp\/v2\/media?parent=26"}],"curies":[{"name":"wp","href":"https:\/\/api.w.org\/{rel}","templated":true}]}}