{"id":1597,"date":"2016-12-12T21:08:36","date_gmt":"2016-12-12T20:08:36","guid":{"rendered":"http:\/\/agora.xtec.cat\/escolajoseppla\/?page_id=1597"},"modified":"2022-01-20T10:43:25","modified_gmt":"2022-01-20T09:43:25","slug":"josep-pla-lescriptor","status":"publish","type":"page","link":"https:\/\/agora.xtec.cat\/escolajoseppla\/projecte-educatiu\/josep-pla-lescriptor\/","title":{"rendered":"Som una escola que vetlla per la inclusi\u00f3"},"content":{"rendered":"<p>Tots i cadascun dels nostres alumnes \u00e9s especial per a nosaltres. Tots s\u00f3n diferents. Des de de l&#8217;escola treballem perqu\u00e8 aquestes difer\u00e8ncies no siguin un obstacle educatiu, sin\u00f3 una avantatge per aconseguir l&#8217;\u00e8xit acad\u00e8mic i personal.<\/p>\n<p><strong>Com ho fem?<\/strong><\/p>\n<ul>\n<li>A trav\u00e9s de l&#8217;atenci\u00f3 individualitzada i del treball en grup redu\u00eft. Per a nosaltres l&#8217;acci\u00f3 tutorial \u00e9s un punt fonament de la nostra tasca. El tutor\/a vetlla perqu\u00e8 el desenvolupament acad\u00e8mic i personal dels alumnes sigui \u00f2ptim. Per aquest motiu, oferim sessions de tutoria individualitzada (tutor\/a-alumne\/a), de tutories grupals (per al treball de la cohesi\u00f3 grupal) i seguiment continu amb les fam\u00edlies.<\/li>\n<li>Grups Interactius (veure apartat Som una Comunitat d&#8217;Aprenentatge).<\/li>\n<li>Detecci\u00f3 i seguiment de dificultats: vetllem perqu\u00e8 la detecci\u00f3 de dificultats d&#8217;aprenentatge es faci als cursos m\u00e9s baixos. \u00c9s la manera de poder solventar-les el m\u00e9s aviat possible.<\/li>\n<li>Suports externs: psicopedagogs\/gues, logopedes, vetlladors\/es&#8230; Comptem amb el suport de professionals de l&#8217;educaci\u00f3 i del desenvolupament psicol\u00f2gic infantil, que col\u00b7laboren amb l&#8217;escola i amb les fam\u00edlies.<\/li>\n<\/ul>\n","protected":false},"excerpt":{"rendered":"<p>Tots i cadascun dels nostres alumnes \u00e9s especial per a nosaltres. Tots s\u00f3n diferents. Des de de l&#8217;escola treballem perqu\u00e8 aquestes difer\u00e8ncies no siguin un obstacle educatiu, sin\u00f3 una avantatge per aconseguir l&#8217;\u00e8xit acad\u00e8mic i personal. Com ho fem? A trav\u00e9s de l&#8217;atenci\u00f3 individualitzada i del treball en grup redu\u00eft. Per a nosaltres l&#8217;acci\u00f3 tutorial [&hellip;]<\/p>\n","protected":false},"author":4,"featured_media":0,"parent":64,"menu_order":5,"comment_status":"closed","ping_status":"closed","template":"page-templates\/side-menu.php","meta":{"_bbp_topic_count":0,"_bbp_reply_count":0,"_bbp_total_topic_count":0,"_bbp_total_reply_count":0,"_bbp_voice_count":0,"_bbp_anonymous_reply_count":0,"_bbp_topic_count_hidden":0,"_bbp_reply_count_hidden":0,"_bbp_forum_subforum_count":0,"site-sidebar-layout":"default","site-content-layout":"","ast-site-content-layout":"","site-content-style":"default","site-sidebar-style":"default","ast-global-header-display":"","ast-banner-title-visibility":"","ast-main-header-display":"","ast-hfb-above-header-display":"","ast-hfb-below-header-display":"","ast-hfb-mobile-header-display":"","site-post-title":"","ast-breadcrumbs-content":"","ast-featured-img":"","footer-sml-layout":"","theme-transparent-header-meta":"","adv-header-id-meta":"","stick-header-meta":"","header-above-stick-meta":"","header-main-stick-meta":"","header-below-stick-meta":"","astra-migrate-meta-layouts":"default","ast-page-background-enabled":"default","ast-page-background-meta":{"desktop":{"background-color":"var(--ast-global-color-4)","background-image":"","background-repeat":"repeat","background-position":"center center","background-size":"auto","background-attachment":"scroll","background-type":"","background-media":"","overlay-type":"","overlay-color":"","overlay-opacity":"","overlay-gradient":""},"tablet":{"background-color":"","background-image":"","background-repeat":"repeat","background-position":"center center","background-size":"auto","background-attachment":"scroll","background-type":"","background-media":"","overlay-type":"","overlay-color":"","overlay-opacity":"","overlay-gradient":""},"mobile":{"background-color":"","background-image":"","background-repeat":"repeat","background-position":"center center","background-size":"auto","background-attachment":"scroll","background-type":"","background-media":"","overlay-type":"","overlay-color":"","overlay-opacity":"","overlay-gradient":""}},"ast-content-background-meta":{"desktop":{"background-color":"var(--ast-global-color-5)","background-image":"","background-repeat":"repeat","background-position":"center center","background-size":"auto","background-attachment":"scroll","background-type":"","background-media":"","overlay-type":"","overlay-color":"","overlay-opacity":"","overlay-gradient":""},"tablet":{"background-color":"var(--ast-global-color-5)","background-image":"","background-repeat":"repeat","background-position":"center center","background-size":"auto","background-attachment":"scroll","background-type":"","background-media":"","overlay-type":"","overlay-color":"","overlay-opacity":"","overlay-gradient":""},"mobile":{"background-color":"var(--ast-global-color-5)","background-image":"","background-repeat":"repeat","background-position":"center center","background-size":"auto","background-attachment":"scroll","background-type":"","background-media":"","overlay-type":"","overlay-color":"","overlay-opacity":"","overlay-gradient":""}},"footnotes":""},"class_list":["post-1597","page","type-page","status-publish","hentry"],"post_mailing_queue_ids":[],"_links":{"self":[{"href":"https:\/\/agora.xtec.cat\/escolajoseppla\/wp-json\/wp\/v2\/pages\/1597","targetHints":{"allow":["GET"]}}],"collection":[{"href":"https:\/\/agora.xtec.cat\/escolajoseppla\/wp-json\/wp\/v2\/pages"}],"about":[{"href":"https:\/\/agora.xtec.cat\/escolajoseppla\/wp-json\/wp\/v2\/types\/page"}],"author":[{"embeddable":true,"href":"https:\/\/agora.xtec.cat\/escolajoseppla\/wp-json\/wp\/v2\/users\/4"}],"replies":[{"embeddable":true,"href":"https:\/\/agora.xtec.cat\/escolajoseppla\/wp-json\/wp\/v2\/comments?post=1597"}],"version-history":[{"count":4,"href":"https:\/\/agora.xtec.cat\/escolajoseppla\/wp-json\/wp\/v2\/pages\/1597\/revisions"}],"predecessor-version":[{"id":6504,"href":"https:\/\/agora.xtec.cat\/escolajoseppla\/wp-json\/wp\/v2\/pages\/1597\/revisions\/6504"}],"up":[{"embeddable":true,"href":"https:\/\/agora.xtec.cat\/escolajoseppla\/wp-json\/wp\/v2\/pages\/64"}],"wp:attachment":[{"href":"https:\/\/agora.xtec.cat\/escolajoseppla\/wp-json\/wp\/v2\/media?parent=1597"}],"curies":[{"name":"wp","href":"https:\/\/api.w.org\/{rel}","templated":true}]}}