{"id":73,"date":"2014-09-18T14:01:51","date_gmt":"2014-09-18T13:01:51","guid":{"rendered":"http:\/\/agora.xtec.cat\/escolajosepfuste\/?page_id=73"},"modified":"2026-03-26T13:29:15","modified_gmt":"2026-03-26T12:29:15","slug":"menjador-escolar","status":"publish","type":"page","link":"https:\/\/agora.xtec.cat\/escolajosepfuste\/serveis\/menjador-escolar\/","title":{"rendered":"Menjador escolar"},"content":{"rendered":"<div>L\u2019AMPA gestiona el servei de menjador de l\u2019escola a trav\u00e9s de l\u2019empresa \u201c<strong><span style=\"color: #99ccff;\">M\u00e9s que bo c\u00e0tering<\/span><\/strong>\u201d.<\/div>\n<div>\u00a0<\/div>\n<p>L\u2019horari de menjador \u00e9s:<\/p>\n<ul>\n<li><strong>En jornada continuada: de 13h a 15h<\/strong><\/li>\n<li><strong>En jornada de mati i tarda: de 12.30h a 14.30h<\/strong><\/li>\n<\/ul>\n<p><span style=\"text-decoration: underline;\">Les fam\u00edlies interessades en fer \u00fas del servei de menjador caldr\u00e0 que s\u2019apuntin a les taules de registre que hi haur\u00e0 a les aules.<\/span><\/p>\n<p>En cas d&#8217;anul\u00b7laci\u00f3 i\/o qualsevol modificaci\u00f3 heu de notificar-ho <strong>abans de les 10h<\/strong> al correu electr\u00f2nic de l&#8217;escola <a href=\"mailto:escolajosepfuste@xtec.cat\">escolajosepfuste@xtec.cat\u00a0<\/a><\/p>\n<p><strong>Llista de material del menjador (alumnat que en fa \u00fas 2 o m\u00e9s dies per setmana):<\/strong><\/p>\n<table style=\"border-collapse: collapse; width: 81.9435%; height: 273px;\">\n<tbody>\n<tr style=\"height: 33px;\">\n<td style=\"width: 28.4286%; height: 33px;\"><span style=\"font-size: 16px;\">Alumat de I3<\/span><\/td>\n<td style=\"width: 28.0015%; height: 33px;\"><span style=\"font-size: 16px;\">Alumnat de I4 i I5<\/span><\/td>\n<td style=\"width: 24.6984%; height: 33px;\"><span style=\"font-size: 16px;\">Alumnat d\u2019EP<\/span><\/td>\n<\/tr>\n<tr style=\"height: 240px;\">\n<td style=\"height: 240px; width: 28.4286%;\">\n<ul>\n<li>1 bata de menjador amb veta llarga (marcada amb el nom al davant)<\/li>\n<li>1 ampolla de sab\u00f3 de mans amb difusor.<\/li>\n<li>OPCIONAL: Agenda de menjador pr\u00f2pia de l\u2019escola (preu 3\u20ac, cal demanar-la a la coordinadora del menjador o a la direcci\u00f3 de l\u2019escola)<\/li>\n<\/ul>\n<\/td>\n<td style=\"height: 240px; width: 28.0015%;\">\n<ul>\n<li>1 bata de menjador amb veta llarga (marcada amb el nom al davant).<\/li>\n<li>1 llibreta mida A4 o foli per dibuixar<\/li>\n<li>OPCIONAL: una bosseta de roba amb raspall de dents i dentifrici<\/li>\n<\/ul>\n<\/td>\n<td style=\"width: 24.6984%; height: 240px;\">\n<ul>\n<li>OPCIONAL: 1 bata de menjador amb veta llarga (marcada amb el nom al davant).<\/li>\n<li>1 llibreta mida A4 o foli per dibuixar<\/li>\n<li>OPCIONAL: una bosseta de roba amb raspall de dents i dentifrici<\/li>\n<\/ul>\n<\/td>\n<\/tr>\n<\/tbody>\n<\/table>\n<div><span style=\"text-decoration: underline;\">Finalment, recordeu que cal fer arribar el full <b>SEPA <\/b>amb les vostres dades a l&#8217;escola i li faran arribar a l&#8217;AMPA.\u00a0<\/span><\/div>\n<div>\u00a0<\/div>\n<div>\u00a0<\/div>\n<div>\u00a0<\/div>\n<div>MOLTES GR\u00c0CIES PER LA VOSTRA COL\u00b7LABORACI\u00d3!<\/div>\n<div>\u00a0<\/div>\n<p><a href=\"https:\/\/drive.google.com\/file\/d\/1l_6sRUUW_LRnSdP_WWvZDyL-6apVldAG\/view?usp=sharing\">1. Normativa menjador_revisada mar\u00e7 2026<\/a><\/p>\n<p><a href=\"https:\/\/drive.google.com\/file\/d\/1vguL2wDlXxZEM518CCk_wGTqvopD4B6a\/view?usp=sharing\">2. Men\u00fa Escolar Abril 2026<\/a><\/p>\n\n\n<p><\/p>\n","protected":false},"excerpt":{"rendered":"<p>L\u2019AMPA gestiona el servei de menjador de l\u2019escola a trav\u00e9s de l\u2019empresa \u201cM\u00e9s que bo c\u00e0tering\u201d.<br \/>\n\u00a0<br \/>\nL\u2019horari de menjador \u00e9s:<\/p>\n<ul>\n<li>En jornada continuada: de 13h a 15h<\/li>\n<li>En jornada de mati i tarda: de 12.30h a 14.30h<\/li>\n<\/ul>\n<p>Les fam\u00edlies interessades en fer \u00fas del servei de menjador caldr\u00e0 que&hellip;  <a href=\"https:\/\/agora.xtec.cat\/escolajosepfuste\/serveis\/menjador-escolar\/\" title=\"Read Menjador escolar\">Llegeix m\u00e9s\u00bb<\/a><\/p>\n","protected":false},"author":1,"featured_media":0,"parent":66,"menu_order":30,"comment_status":"closed","ping_status":"closed","template":"","meta":{"_bbp_topic_count":0,"_bbp_reply_count":0,"_bbp_total_topic_count":0,"_bbp_total_reply_count":0,"_bbp_voice_count":0,"_bbp_anonymous_reply_count":0,"_bbp_topic_count_hidden":0,"_bbp_reply_count_hidden":0,"_bbp_forum_subforum_count":0,"footnotes":""},"class_list":["post-73","page","type-page","status-publish","hentry"],"post_mailing_queue_ids":[],"_links":{"self":[{"href":"https:\/\/agora.xtec.cat\/escolajosepfuste\/wp-json\/wp\/v2\/pages\/73","targetHints":{"allow":["GET"]}}],"collection":[{"href":"https:\/\/agora.xtec.cat\/escolajosepfuste\/wp-json\/wp\/v2\/pages"}],"about":[{"href":"https:\/\/agora.xtec.cat\/escolajosepfuste\/wp-json\/wp\/v2\/types\/page"}],"author":[{"embeddable":true,"href":"https:\/\/agora.xtec.cat\/escolajosepfuste\/wp-json\/wp\/v2\/users\/1"}],"replies":[{"embeddable":true,"href":"https:\/\/agora.xtec.cat\/escolajosepfuste\/wp-json\/wp\/v2\/comments?post=73"}],"version-history":[{"count":6,"href":"https:\/\/agora.xtec.cat\/escolajosepfuste\/wp-json\/wp\/v2\/pages\/73\/revisions"}],"predecessor-version":[{"id":3075,"href":"https:\/\/agora.xtec.cat\/escolajosepfuste\/wp-json\/wp\/v2\/pages\/73\/revisions\/3075"}],"up":[{"embeddable":true,"href":"https:\/\/agora.xtec.cat\/escolajosepfuste\/wp-json\/wp\/v2\/pages\/66"}],"wp:attachment":[{"href":"https:\/\/agora.xtec.cat\/escolajosepfuste\/wp-json\/wp\/v2\/media?parent=73"}],"curies":[{"name":"wp","href":"https:\/\/api.w.org\/{rel}","templated":true}]}}

<div>L’AMPA gestiona el servei de menjador de l’escola a través de l’empresa “<strong><span style="color: #99ccff;">Més que bo càtering</span></strong>”.</div>
<div> </div>
<p>L’horari de menjador és:</p>
<ul>
<li><strong>En jornada continuada: de 13h a 15h</strong></li>
<li><strong>En jornada de mati i tarda: de 12.30h a 14.30h</strong></li>
</ul>
<p><span style="text-decoration: underline;">Les famílies interessades en fer ús del servei de menjador caldrà que s’apuntin a les taules de registre que hi haurà a les aules.</span></p>
<p>En cas d&#8217;anul·lació i/o qualsevol modificació heu de notificar-ho <strong>abans de les 10h</strong> al correu electrònic de l&#8217;escola <a href="mailto:escolajosepfuste@xtec.cat">escolajosepfuste@xtec.cat </a></p>
<p><strong>Llista de material del menjador (alumnat que en fa ús 2 o més dies per setmana):</strong></p>
<table style="border-collapse: collapse; width: 81.9435%; height: 273px;">
<tbody>
<tr style="height: 33px;">
<td style="width: 28.4286%; height: 33px;"><span style="font-size: 16px;">Alumat de I3</span></td>
<td style="width: 28.0015%; height: 33px;"><span style="font-size: 16px;">Alumnat de I4 i I5</span></td>
<td style="width: 24.6984%; height: 33px;"><span style="font-size: 16px;">Alumnat d’EP</span></td>
</tr>
<tr style="height: 240px;">
<td style="height: 240px; width: 28.4286%;">
<ul>
<li>1 bata de menjador amb veta llarga (marcada amb el nom al davant)</li>
<li>1 ampolla de sabó de mans amb difusor.</li>
<li>OPCIONAL: Agenda de menjador pròpia de l’escola (preu 3€, cal demanar-la a la coordinadora del menjador o a la direcció de l’escola)</li>
</ul>
</td>
<td style="height: 240px; width: 28.0015%;">
<ul>
<li>1 bata de menjador amb veta llarga (marcada amb el nom al davant).</li>
<li>1 llibreta mida A4 o foli per dibuixar</li>
<li>OPCIONAL: una bosseta de roba amb raspall de dents i dentifrici</li>
</ul>
</td>
<td style="width: 24.6984%; height: 240px;">
<ul>
<li>OPCIONAL: 1 bata de menjador amb veta llarga (marcada amb el nom al davant).</li>
<li>1 llibreta mida A4 o foli per dibuixar</li>
<li>OPCIONAL: una bosseta de roba amb raspall de dents i dentifrici</li>
</ul>
</td>
</tr>
</tbody>
</table>
<div><span style="text-decoration: underline;">Finalment, recordeu que cal fer arribar el full <b>SEPA </b>amb les vostres dades a l&#8217;escola i li faran arribar a l&#8217;AMPA. </span></div>
<div> </div>
<div> </div>
<div> </div>
<div>MOLTES GRÀCIES PER LA VOSTRA COL·LABORACIÓ!</div>
<div> </div>
<p><a href="https://drive.google.com/file/d/1l_6sRUUW_LRnSdP_WWvZDyL-6apVldAG/view?usp=sharing">1. Normativa menjador_revisada març 2026</a></p>
<p><a href="https://drive.google.com/file/d/1vguL2wDlXxZEM518CCk_wGTqvopD4B6a/view?usp=sharing">2. Menú Escolar Abril 2026</a></p>


<p></p>

<p>L’AMPA gestiona el servei de menjador de l’escola a través de l’empresa “Més que bo càtering”.<br />
 <br />
L’horari de menjador és:</p>
<ul>
<li>En jornada continuada: de 13h a 15h</li>
<li>En jornada de mati i tarda: de 12.30h a 14.30h</li>
</ul>
<p>Les famílies interessades en fer ús del servei de menjador caldrà que&hellip;  <a href="https://agora.xtec.cat/escolajosepfuste/serveis/menjador-escolar/" title="Read Menjador escolar">Llegeix més»</a></p>
