{"id":204,"date":"2015-03-26T11:03:16","date_gmt":"2015-03-26T10:03:16","guid":{"rendered":"http:\/\/agora.xtec.cat\/escolarocabruna\/?page_id=204"},"modified":"2018-02-19T15:24:52","modified_gmt":"2018-02-19T14:24:52","slug":"els-polls","status":"publish","type":"page","link":"https:\/\/agora.xtec.cat\/escolajosepfuste\/lescola\/normativa\/els-polls\/","title":{"rendered":"Els polls"},"content":{"rendered":"<p style=\"text-align: left;\">A l\u2019escola tornen uns vells coneguts:<\/p>\n<div><img loading=\"lazy\" decoding=\"async\" class=\"alignleft\" src=\"https:\/\/drive.google.com\/uc?id=0B-IzGb99eiJ1eGNtQXNKcG5SSzQ\" alt=\"\" width=\"102\" height=\"200\" border=\"0\" \/><\/div>\n<p style=\"text-align: left;\">ELS POLLS!!!<\/p>\n<p style=\"text-align: left;\">&#8230; i \u00e9s que aquests petits par\u00e0sits estan molt a gust als cabells de les persones, perqu\u00e8 hi ha una escalforeta que els agrada molt; per aix\u00f2 van de b\u00f2lit buscant un cap on poder instal\u00b7lar-se a viure c\u00f2modament.<\/p>\n<p style=\"text-align: left;\">Els cabells dels\u00a0 nens i les nenes\u00a0 de 4 a 10 anys s\u00f3n els preferits dels polls, perqu\u00e8 generalment els tenen fins i nets&#8230; i, MMMM!!!!&#8230;.<\/p>\n<p style=\"text-align: left;\">Aquests s\u00f3n els que m\u00e9s els agraden!.<\/p>\n<p style=\"text-align: left;\">\u00c9s molt f\u00e0cil que un poll pugui passar d\u2019un cap a l\u2019altre. Per\u00f2, de vegades, som nosaltres mateixos els que facilitem el seu transport. Com? Doncs quan ens intercanviem la pinta o els raspalls del cabell, o quan ens canviem els barrets o les gorres.<\/p>\n<p style=\"text-align: left;\" align=\"justify\">La picor \u00e9s el s\u00edmptoma m\u00e9s com\u00fa de la pres\u00e8ncia de polls, \u00e9s la nostra resposta al\u00b7l\u00e8rgica a la saliva que el poll ens injecta quan ens xucla la sang (quan ens pica). \u00c9s per aix\u00f2 que quan tenim polls ens passem el dia gratant-nos. Com piquen, eh?<\/p>\n<p style=\"text-align: center;\"><b><i>Ja hi ha algun alumne infectat!!!<\/i><\/b><\/p>\n<p style=\"text-align: left;\"><b>Qu\u00e8 en sabem dels polls?<\/b><\/p>\n<p style=\"text-align: left;\">1- Els polls s\u00f3n uns par\u00e0sits que s\u2019amaguen als nostres cabells.<\/p>\n<p style=\"text-align: left;\">2- Un poll viu en tres estats: ou o ll\u00e9mena, nimfa i adult. I acostuma a viure entre 30 i 40 dies (Si no se\u2019ls mata abans!).<\/p>\n<p style=\"text-align: left;\">3- Un poll femella posa uns 10 ous al dia, la qual cosa significa que en tota la seva vida en pot posar uns 200.<\/p>\n<p style=\"text-align: left;\">4- Entre 5 i 11 dies despr\u00e9s de la posta dels ous apareixen les nimfes, que al cap de 15 dies, ja s\u00f3n polls adults.<\/p>\n<p style=\"text-align: left;\">5- L\u2019escalfor del cos hum\u00e0 (37\u00baC) va molt b\u00e9 als polls per a cr\u00e9ixer. Els adults s\u2019alimenten de sang que xuclen a poc a poquet per\u00f2 molt seguit. La saliva que el poll diposita a la petita ferida de la picada \u00e9s la responsable de la irritaci\u00f3 i de la picor.<\/p>\n<p style=\"text-align: left;\">6- Encara que siguin molt petits, es poden veure perfectament. Tamb\u00e9 les ll\u00e9menes o els ous que s\u00f3n encara m\u00e9s petits que els polls (0.6-1 mm) es poden veure amb facilitat.<\/p>\n<p style=\"text-align: left;\">7- De vegades poden semblar caspa. Per\u00f2, a difer\u00e8ncia de la caspa, si sacseges el cap o raspalles els cabells, les ll\u00e9menes o els ous no cauen. Tamb\u00e9 podem distingir entre els ous plens i els buits. Els plens s\u00f3n de color blanc i no brillen, en canvi els buits s\u00f3n quasi transparents.<\/p>\n<p style=\"text-align: left;\"><b>Com\u00a0s&#8217;encomanen els polls?<\/b><\/p>\n<p style=\"text-align: left;\" align=\"center\">Els polls s&#8217; encomanen passant d&#8217; un cap a un altre per contacte amb els cabells. No salten ni volen, nom\u00e9s caminen. Un sol nen o nena de l\u2019escola que tingui un polls \u00e9s suficient perqu\u00e8 \u00a0en puguin tenir tots, si no es prenen les mesures higi\u00e8niques corresponents.<\/p>\n<p style=\"text-align: left;\" align=\"center\"><b>Qu\u00e8 fem?<\/b><\/p>\n<p style=\"text-align: left;\">1- \u00c9s important que tots l\u2019alumnat parasitat es tracti de seguida.<\/p>\n<p style=\"text-align: left;\">2- El tractament es basa en aplicar un preparat insecticida i seguir les indicacions que diu al producte (sembla que les cremes i les locions s\u00f3n m\u00e9s adients que els xamp\u00fas).<\/p>\n<p style=\"text-align: left;\">3- Cal rentar les tovalloles i els llen\u00e7ols amb aigua calenta (60\u00ba)<\/p>\n<p style=\"text-align: left;\">4- Pentinar els cabells amb un pinta de pues fines.<\/p>\n<p style=\"text-align: left;\">5- Revisar cada dia els cabells.<\/p>\n<p style=\"text-align: left;\">6- Repetir el tractament mentre es trobin polls vius.<\/p>\n<p style=\"text-align: left;\">7- Els familiars , que tamb\u00e9 estiguin afectats, es tractaran al mateix temps perqu\u00e8 podrien contagiar els nens sans i disseminar els polls a l\u2019escola.<\/p>\n<p style=\"text-align: left;\" align=\"center\"><i>No s&#8217; han d&#8217; utilitzar productes insecticides de manera preventiva, nom\u00e9s quan es confirma l&#8217; exist\u00e8ncia de polls i\/o ll\u00e9menes<\/i><\/p>\n<div style=\"text-align: left;\"><b><img loading=\"lazy\" decoding=\"async\" class=\"alignleft\" src=\"https:\/\/drive.google.com\/uc?id=0B-IzGb99eiJ1Y0lCVzZQNnlDdVU\" alt=\"\" width=\"200\" height=\"172\" border=\"0\" \/><\/b><\/div>\n<p style=\"text-align: left;\"><b>Prevenci\u00f3: Qu\u00e8 cal fer? <\/b><\/p>\n<p style=\"text-align: left;\">1- De seguida que s\u2019observi la pres\u00e8ncia de polls es comunicar\u00e0 a l\u2019escola per tal d\u2019evitar \u00a0contaminar els companys\u00a0 i les companyes.<\/p>\n<p style=\"text-align: left;\">2- Revisar els cabells dels infants \u00a0\u00a0sobretot darrere de les orelles, al clatell i al serrell.<\/p>\n<p style=\"text-align: left;\">3- Rentar-se amb freq\u00fc\u00e8ncia els cabells: dues o tres vegades per setmana.<\/p>\n<p style=\"text-align: left;\">4- Pentinar-se di\u00e0riament i\u00a0 netejar les pintes i els raspalls sovint.<\/p>\n<p style=\"text-align: left;\">5- No deixar els estris de neteja, ni les pintes, ni les gorres, ni les cintes&#8230; als germans o companys de classe.<\/p>\n<p style=\"text-align: left;\">6- Quedar-se a casa quan es detecti la pres\u00e8ncia de polls als cabells i no tornar al l\u2019escola fins que \u00a0hagi fet efecte el tractament. D\u2019aquesta manera no contaminarem els nens i nenes de la classe.<\/p>\n<p align=\"center\"><b>Si no tenim polls al cap no cal que seguim cap tractament!!!<\/b><\/p>\n","protected":false},"excerpt":{"rendered":"<p>A l\u2019escola tornen uns vells coneguts:<\/p>\n<p>ELS POLLS!!!<br \/>\n&#8230; i \u00e9s que aquests petits par\u00e0sits estan molt a gust als cabells de les persones, perqu\u00e8 hi ha una escalforeta que els agrada molt; per aix\u00f2 van de b\u00f2lit buscant un cap on poder instal\u00b7lar-se a viure c\u00f2modament.<br \/>\nEls&hellip;  <a href=\"https:\/\/agora.xtec.cat\/escolajosepfuste\/lescola\/normativa\/els-polls\/\" title=\"Read Els polls\">Llegeix m\u00e9s\u00bb<\/a><\/p>\n","protected":false},"author":1,"featured_media":0,"parent":1895,"menu_order":5,"comment_status":"closed","ping_status":"closed","template":"","meta":{"_bbp_topic_count":0,"_bbp_reply_count":0,"_bbp_total_topic_count":0,"_bbp_total_reply_count":0,"_bbp_voice_count":0,"_bbp_anonymous_reply_count":0,"_bbp_topic_count_hidden":0,"_bbp_reply_count_hidden":0,"_bbp_forum_subforum_count":0,"footnotes":""},"class_list":["post-204","page","type-page","status-publish","hentry"],"post_mailing_queue_ids":[],"_links":{"self":[{"href":"https:\/\/agora.xtec.cat\/escolajosepfuste\/wp-json\/wp\/v2\/pages\/204","targetHints":{"allow":["GET"]}}],"collection":[{"href":"https:\/\/agora.xtec.cat\/escolajosepfuste\/wp-json\/wp\/v2\/pages"}],"about":[{"href":"https:\/\/agora.xtec.cat\/escolajosepfuste\/wp-json\/wp\/v2\/types\/page"}],"author":[{"embeddable":true,"href":"https:\/\/agora.xtec.cat\/escolajosepfuste\/wp-json\/wp\/v2\/users\/1"}],"replies":[{"embeddable":true,"href":"https:\/\/agora.xtec.cat\/escolajosepfuste\/wp-json\/wp\/v2\/comments?post=204"}],"version-history":[{"count":1,"href":"https:\/\/agora.xtec.cat\/escolajosepfuste\/wp-json\/wp\/v2\/pages\/204\/revisions"}],"predecessor-version":[{"id":1946,"href":"https:\/\/agora.xtec.cat\/escolajosepfuste\/wp-json\/wp\/v2\/pages\/204\/revisions\/1946"}],"up":[{"embeddable":true,"href":"https:\/\/agora.xtec.cat\/escolajosepfuste\/wp-json\/wp\/v2\/pages\/1895"}],"wp:attachment":[{"href":"https:\/\/agora.xtec.cat\/escolajosepfuste\/wp-json\/wp\/v2\/media?parent=204"}],"curies":[{"name":"wp","href":"https:\/\/api.w.org\/{rel}","templated":true}]}}

<p style="text-align: left;">A l’escola tornen uns vells coneguts:</p>
<div><img loading="lazy" decoding="async" class="alignleft" src="https://drive.google.com/uc?id=0B-IzGb99eiJ1eGNtQXNKcG5SSzQ" alt="" width="102" height="200" border="0" /></div>
<p style="text-align: left;">ELS POLLS!!!</p>
<p style="text-align: left;">&#8230; i és que aquests petits paràsits estan molt a gust als cabells de les persones, perquè hi ha una escalforeta que els agrada molt; per això van de bòlit buscant un cap on poder instal·lar-se a viure còmodament.</p>
<p style="text-align: left;">Els cabells dels  nens i les nenes  de 4 a 10 anys són els preferits dels polls, perquè generalment els tenen fins i nets&#8230; i, MMMM!!!!&#8230;.</p>
<p style="text-align: left;">Aquests són els que més els agraden!.</p>
<p style="text-align: left;">És molt fàcil que un poll pugui passar d’un cap a l’altre. Però, de vegades, som nosaltres mateixos els que facilitem el seu transport. Com? Doncs quan ens intercanviem la pinta o els raspalls del cabell, o quan ens canviem els barrets o les gorres.</p>
<p style="text-align: left;" align="justify">La picor és el símptoma més comú de la presència de polls, és la nostra resposta al·lèrgica a la saliva que el poll ens injecta quan ens xucla la sang (quan ens pica). És per això que quan tenim polls ens passem el dia gratant-nos. Com piquen, eh?</p>
<p style="text-align: center;"><b><i>Ja hi ha algun alumne infectat!!!</i></b></p>
<p style="text-align: left;"><b>Què en sabem dels polls?</b></p>
<p style="text-align: left;">1- Els polls són uns paràsits que s’amaguen als nostres cabells.</p>
<p style="text-align: left;">2- Un poll viu en tres estats: ou o llémena, nimfa i adult. I acostuma a viure entre 30 i 40 dies (Si no se’ls mata abans!).</p>
<p style="text-align: left;">3- Un poll femella posa uns 10 ous al dia, la qual cosa significa que en tota la seva vida en pot posar uns 200.</p>
<p style="text-align: left;">4- Entre 5 i 11 dies després de la posta dels ous apareixen les nimfes, que al cap de 15 dies, ja són polls adults.</p>
<p style="text-align: left;">5- L’escalfor del cos humà (37ºC) va molt bé als polls per a créixer. Els adults s’alimenten de sang que xuclen a poc a poquet però molt seguit. La saliva que el poll diposita a la petita ferida de la picada és la responsable de la irritació i de la picor.</p>
<p style="text-align: left;">6- Encara que siguin molt petits, es poden veure perfectament. També les llémenes o els ous que són encara més petits que els polls (0.6-1 mm) es poden veure amb facilitat.</p>
<p style="text-align: left;">7- De vegades poden semblar caspa. Però, a diferència de la caspa, si sacseges el cap o raspalles els cabells, les llémenes o els ous no cauen. També podem distingir entre els ous plens i els buits. Els plens són de color blanc i no brillen, en canvi els buits són quasi transparents.</p>
<p style="text-align: left;"><b>Com s&#8217;encomanen els polls?</b></p>
<p style="text-align: left;" align="center">Els polls s&#8217; encomanen passant d&#8217; un cap a un altre per contacte amb els cabells. No salten ni volen, només caminen. Un sol nen o nena de l’escola que tingui un polls és suficient perquè  en puguin tenir tots, si no es prenen les mesures higièniques corresponents.</p>
<p style="text-align: left;" align="center"><b>Què fem?</b></p>
<p style="text-align: left;">1- És important que tots l’alumnat parasitat es tracti de seguida.</p>
<p style="text-align: left;">2- El tractament es basa en aplicar un preparat insecticida i seguir les indicacions que diu al producte (sembla que les cremes i les locions són més adients que els xampús).</p>
<p style="text-align: left;">3- Cal rentar les tovalloles i els llençols amb aigua calenta (60º)</p>
<p style="text-align: left;">4- Pentinar els cabells amb un pinta de pues fines.</p>
<p style="text-align: left;">5- Revisar cada dia els cabells.</p>
<p style="text-align: left;">6- Repetir el tractament mentre es trobin polls vius.</p>
<p style="text-align: left;">7- Els familiars , que també estiguin afectats, es tractaran al mateix temps perquè podrien contagiar els nens sans i disseminar els polls a l’escola.</p>
<p style="text-align: left;" align="center"><i>No s&#8217; han d&#8217; utilitzar productes insecticides de manera preventiva, només quan es confirma l&#8217; existència de polls i/o llémenes</i></p>
<div style="text-align: left;"><b><img loading="lazy" decoding="async" class="alignleft" src="https://drive.google.com/uc?id=0B-IzGb99eiJ1Y0lCVzZQNnlDdVU" alt="" width="200" height="172" border="0" /></b></div>
<p style="text-align: left;"><b>Prevenció: Què cal fer? </b></p>
<p style="text-align: left;">1- De seguida que s’observi la presència de polls es comunicarà a l’escola per tal d’evitar  contaminar els companys  i les companyes.</p>
<p style="text-align: left;">2- Revisar els cabells dels infants   sobretot darrere de les orelles, al clatell i al serrell.</p>
<p style="text-align: left;">3- Rentar-se amb freqüència els cabells: dues o tres vegades per setmana.</p>
<p style="text-align: left;">4- Pentinar-se diàriament i  netejar les pintes i els raspalls sovint.</p>
<p style="text-align: left;">5- No deixar els estris de neteja, ni les pintes, ni les gorres, ni les cintes&#8230; als germans o companys de classe.</p>
<p style="text-align: left;">6- Quedar-se a casa quan es detecti la presència de polls als cabells i no tornar al l’escola fins que  hagi fet efecte el tractament. D’aquesta manera no contaminarem els nens i nenes de la classe.</p>
<p align="center"><b>Si no tenim polls al cap no cal que seguim cap tractament!!!</b></p>

<p>A l’escola tornen uns vells coneguts:</p>
<p>ELS POLLS!!!<br />
&#8230; i és que aquests petits paràsits estan molt a gust als cabells de les persones, perquè hi ha una escalforeta que els agrada molt; per això van de bòlit buscant un cap on poder instal·lar-se a viure còmodament.<br />
Els&hellip;  <a href="https://agora.xtec.cat/escolajosepfuste/lescola/normativa/els-polls/" title="Read Els polls">Llegeix més»</a></p>
