{"id":1895,"date":"2018-02-19T12:29:18","date_gmt":"2018-02-19T11:29:18","guid":{"rendered":"http:\/\/agora.xtec.cat\/escolajosepfuste\/?page_id=1895"},"modified":"2024-03-08T12:16:47","modified_gmt":"2024-03-08T11:16:47","slug":"normativa","status":"publish","type":"page","link":"https:\/\/agora.xtec.cat\/escolajosepfuste\/lescola\/normativa\/","title":{"rendered":"Normativa"},"content":{"rendered":"<table style=\"width: 100%; height: 1317px;\" border=\"1\" cellspacing=\"0\" cellpadding=\"0\">\n<tbody>\n<tr style=\"height: 107px;\">\n<td style=\"height: 107px;\"><span lang=\"CA\"><span style=\"font-family: trebuchet\\ ms, sans-serif;\"><b><span style=\"font-family: helvetica, arial, sans-serif;\"><span style=\"font-size: medium;\">INDUMENT<\/span><\/span><span style=\"font-size: medium;\"><span style=\"font-family: helvetica, arial, sans-serif;\">\u00c0RIA<\/span> ESCOLAR<\/span><\/b><\/span><\/span><\/td>\n<td style=\"height: 107px;\">\n<p><span lang=\"CA\"><span style=\"font-family: trebuchet\\ ms, sans-serif;\"><span style=\"font-size: medium;\">Alumnat de I<strong>3, I4 i I5 <\/strong>hauran de portar bata de pl\u00e0stica i de menjador(opcional a I5).<\/span><\/span><\/span><\/p>\n<p><span style=\"font-family: 'trebuchet ms', geneva, sans-serif; font-size: 16px;\">Alumnat de <strong>Prim\u00e0ria<\/strong>: Bata de pl\u00e0stica i bata de menjador (opcional).<\/span><\/td>\n<\/tr>\n<tr style=\"height: 34px;\">\n<td style=\"height: 34px;\" colspan=\"2\"><span lang=\"CA\"><span style=\"font-family: trebuchet\\ ms, sans-serif; font-size: medium;\">\u00a0<\/span><\/span><\/td>\n<\/tr>\n<tr style=\"height: 68px;\">\n<td style=\"height: 68px;\"><span lang=\"CA\"><b><span style=\"font-family: trebuchet\\ ms, sans-serif; font-size: medium;\">EQUIP D&#8217;EDUCACI\u00d3 F\u00cdSICA I ESPORTS<\/span><\/b><\/span><\/td>\n<td style=\"height: 68px;\">\n<p><span lang=\"CA\"><span style=\"font-family: trebuchet\\ ms, sans-serif; font-size: medium;\">Cal venir degudament equipats per a les activitats d&#8217;educaci\u00f3 f\u00edsica i esports: cal\u00e7at apropiat i xandall, preferiblement el de l&#8217;escola. <\/span><\/span><\/p>\n<p><span lang=\"CA\"><span style=\"font-family: trebuchet\\ ms, sans-serif; font-size: medium;\">Per q\u00fcestions de seguretat no poden portar rellotges, passadors grossos al cap, o qualsevol altre guarniment (anells, arracades&#8230;) que els puguin provocar a ells o als altres ferides o lesions.<\/span><\/span><\/td>\n<\/tr>\n<tr style=\"height: 34px;\">\n<td style=\"height: 34px;\" colspan=\"2\"><span lang=\"CA\"><span style=\"font-family: trebuchet\\ ms, sans-serif; font-size: medium;\">\u00a0<\/span><\/span><\/td>\n<\/tr>\n<tr style=\"height: 51px;\">\n<td style=\"height: 51px;\"><span lang=\"CA\"><b><span style=\"font-family: trebuchet\\ ms, sans-serif; font-size: medium;\">ORGANITZACI\u00d3 DE CLASSE<\/span><\/b><\/span><\/td>\n<td style=\"height: 51px;\"><span lang=\"CA\"><span style=\"font-family: trebuchet\\ ms, sans-serif; font-size: medium;\">Els llibres i quaderns es guarden a l&#8217;escola durant el curs i tan sols se&#8217;ls enduen a casa quan siguin necessaris per l&#8217;estudi o els deures.<\/span><\/span><\/td>\n<\/tr>\n<tr style=\"height: 34px;\">\n<td style=\"height: 34px;\" colspan=\"2\"><span lang=\"CA\"><span style=\"font-family: trebuchet\\ ms, sans-serif; font-size: medium;\">\u00a0<\/span><\/span><\/td>\n<\/tr>\n<tr style=\"height: 51px;\">\n<td style=\"height: 51px;\"><b><span style=\"font-family: trebuchet\\ ms, sans-serif; font-size: medium;\">ENTRADES I SORTIDES<\/span><\/b><\/td>\n<td style=\"height: 51px;\"><span style=\"font-family: trebuchet\\ ms, sans-serif; font-size: medium;\">C<\/span><span style=\"font-family: trebuchet\\ ms, sans-serif; font-size: medium;\">al arribar puntuals a les entrades. Les <strong>portes<\/strong> d&#8217;acc\u00e9s al recinte (Carrer Verge de Puigcerver i Av. Catalunya) <strong>es tancaran<\/strong> a les <strong>9.10h i a les 14.40h<\/strong>. Es prega m\u00e0xima puntualitat. Si s&#8217;arriba tard, cal justificar-ho.<\/span><\/td>\n<\/tr>\n<tr style=\"height: 34px;\">\n<td style=\"height: 34px;\" colspan=\"2\"><b><span style=\"font-family: trebuchet\\ ms, sans-serif; font-size: medium;\">\u00a0<\/span><\/b><\/td>\n<\/tr>\n<tr style=\"height: 51px;\">\n<td style=\"height: 51px;\"><span lang=\"CA\"><b><span style=\"font-family: trebuchet\\ ms, sans-serif; font-size: medium;\">RECOLLIDA DELS ALUMNES<\/span><\/b><\/span><\/td>\n<td style=\"height: 51px;\"><span lang=\"CA\"><span style=\"font-family: trebuchet\\ ms, sans-serif; font-size: medium;\">Si us retardeu en la recollida, cal avisar telef\u00f2nicament al centre. En cas que el retard fos reiterat, es prendran les mesures recollides en la NFOC de l&#8217;escola (av\u00eds a serveis socials i inspecci\u00f3). En cas que la recollida no la realitz\u00e9s la persona que ho fa habitualment, cal comunicar-ho pr\u00e8viament al mestre\/a tutor\/a o a l&#8217;escola a trav\u00e9s del correu electr\u00f2nic o WhatsApp.<\/span><\/span><\/td>\n<\/tr>\n<tr style=\"height: 34px;\">\n<td style=\"height: 34px;\" colspan=\"2\"><span lang=\"CA\"><span style=\"font-family: trebuchet\\ ms, sans-serif; font-size: medium;\">\u00a0<\/span><\/span><\/td>\n<\/tr>\n<tr style=\"height: 34px;\">\n<td style=\"height: 34px;\"><span lang=\"CA\"><b><span style=\"font-family: trebuchet\\ ms, sans-serif; font-size: medium;\">PATI D&#8217;ESCOLA<\/span><\/b><\/span><\/td>\n<td style=\"height: 34px;\"><b><span lang=\"CA\"><span style=\"font-family: trebuchet\\ ms, sans-serif; font-size: medium;\">Queda prohibit romandre al pati de l&#8217;escola fora de l&#8217;horari escolar.<\/span><\/span><\/b><\/td>\n<\/tr>\n<tr style=\"height: 34px;\">\n<td style=\"height: 34px;\" colspan=\"2\"><b><span lang=\"CA\"><span style=\"font-family: trebuchet\\ ms, sans-serif; font-size: medium;\">\u00a0<\/span><\/span><\/b><\/td>\n<\/tr>\n<tr style=\"height: 181px;\">\n<td style=\"height: 181px;\"><b><span style=\"font-family: trebuchet\\ ms, sans-serif; font-size: medium;\">ORDRE INTERN<\/span><\/b><\/td>\n<td style=\"height: 181px;\">\n<p><span style=\"font-family: 'trebuchet ms', geneva, sans-serif; font-size: 16px;\">Durant les hores de classe cap alumne podr\u00e0 abandonar l\u2019escola. Els alumnes de Cicle Mitj\u00e0 i Cicle Superior que hagin de sortir durant la jornada escolar, han de portar una nota signada pels pares a la seva Agenda i cal signar l\u2019autoritzaci\u00f3 de sortides puntuals.<\/span><\/p>\n<p><span style=\"font-family: 'trebuchet ms', geneva, sans-serif; font-size: 16px;\"><strong>L&#8217;alumnat de Parvulari<\/strong> <strong>no podran marxar sols. C<\/strong><strong>aldr\u00e0 que els vingueu a recollir sempre. <\/strong><\/span><\/p>\n<p><span style=\"font-family: 'trebuchet ms', geneva, sans-serif; font-size: 16px;\"><strong>L&#8217;alumnat de Cicle Inicial no poden marxar sols, excepte aquells que tinguin autoritzaci\u00f3 per marxar a les 12:30h i a les 16h.<\/strong>\u00a0<\/span><\/p>\n<p><strong><span style=\"font-family: 'trebuchet ms', geneva, sans-serif; font-size: 16px;\">L&#8217;alumnat de Cicle Mitj\u00e0 i Superior marxen sols excepte aquells alumnes en els que la fam\u00edlia comuniqui al tutor\/a el contrari.<\/span><\/strong><\/p>\n<p><span style=\"font-family: 'trebuchet ms', geneva, sans-serif; font-size: 16px;\">Cal que aviseu al tutor\/a, en el cas que un alumne estigui malalt i no assisteixi a l\u2019escola.<\/span><\/p>\n<\/td>\n<\/tr>\n<tr style=\"height: 34px;\">\n<td style=\"height: 34px;\" colspan=\"2\"><span lang=\"CA\"><span style=\"font-family: trebuchet\\ ms, sans-serif; font-size: medium;\">\u00a0<\/span><\/span><\/td>\n<\/tr>\n<tr style=\"height: 51px;\">\n<td style=\"height: 51px;\"><span lang=\"CA\"><b><span style=\"font-family: trebuchet\\ ms, sans-serif; font-size: medium;\">EDUCACI\u00d3 MEDI AMBIENTAL<\/span><\/b><\/span><\/td>\n<td style=\"height: 51px;\"><span lang=\"CA\"><span style=\"font-family: trebuchet\\ ms, sans-serif; font-size: medium;\">Per tal de col\u00b7laborar en la protecci\u00f3 del nostre entorn i reduir residus, els alumnes portaran els esmorzars en carmanyoles o en embolcalls espec\u00edfics i <b>es procurar\u00e0 evitar l&#8217;\u00fas de l&#8217;alumini i de bosses de pl\u00e0stic.<\/b><\/span><\/span><\/td>\n<\/tr>\n<tr style=\"height: 34px;\">\n<td style=\"height: 34px;\" colspan=\"2\"><span lang=\"CA\"><span style=\"font-family: trebuchet\\ ms, sans-serif; font-size: medium;\">\u00a0<\/span><\/span><\/td>\n<\/tr>\n<tr style=\"height: 179px;\">\n<td style=\"height: 179px;\"><b><span style=\"font-family: trebuchet\\ ms, sans-serif; font-size: medium;\"><span lang=\"CA\">E<\/span>DUCACI\u00d3 PER LA SALUT<\/span><\/b><\/td>\n<td style=\"height: 179px;\">\n<p><span lang=\"CA\"><span style=\"font-family: trebuchet\\ ms, sans-serif; font-size: medium;\">Per afavorir els esmorzars saludables els nens\/es esmorzaran FRUITA, els DIJOUS. La resta de dies es recomana portar entrepans i agrairem que us abstingueu de posar sucs i l\u00e0ctics beguts. Amb la finalitat de proporcionar bons h\u00e0bits als alumnes, no es permet portar llaminadures a l&#8217;escola.<\/span><\/span><\/p>\n<p><span style=\"font-family: trebuchet\\ ms, sans-serif; font-size: medium;\">Pel que fa als \u201c<a href=\"http:\/\/agora.xtec.cat\/escolajosepfuste\/lescola\/els-polls\/\">POLLS<\/a>\u201d, es recomana revisar peri\u00f2dicament els caps dels nens i nenes. En cas de detecci\u00f3 de polls, cal fer el tractament r\u00e0pidament i avisar a l&#8217;escola. Cal portar els nens a l&#8217;escola quan no tinguin cap poll ni ll\u00e9mena.<\/span><\/p>\n<\/td>\n<\/tr>\n<tr style=\"height: 34px;\">\n<td style=\"height: 34px;\" colspan=\"2\"><span lang=\"CA\"><span style=\"font-family: trebuchet\\ ms, sans-serif; font-size: medium;\">\u00a0<\/span><\/span><\/td>\n<\/tr>\n<tr style=\"height: 238px;\">\n<td style=\"height: 238px;\"><b><span style=\"font-family: trebuchet\\ ms, sans-serif; font-size: medium;\">ALTRES<\/span><\/b><\/td>\n<td style=\"height: 238px;\">\n<p><span lang=\"CA\"><span style=\"font-family: trebuchet\\ ms, sans-serif; font-size: medium;\">Els alumnes no han de portar m\u00f2bils, jocs electr\u00f2nics ni joguines al centre.<\/span><\/span><\/p>\n<p><span style=\"font-family: trebuchet\\ ms, sans-serif; font-size: medium;\">Els alumnes que vinguin amb bicicleta o patinet, cal que l&#8217;entrin caminant i l&#8217;aparquin just a l&#8217;arribar.<\/span><\/p>\n<p><span style=\"font-family: trebuchet\\ ms, sans-serif; font-size: medium;\">S&#8217;ha de procurar no interrompre les classe.<\/span><\/p>\n<p><span style=\"font-family: trebuchet\\ ms, sans-serif; font-size: medium;\"><b><span lang=\"CA\">Totes les faltes d&#8217;assist\u00e8ncia caldr\u00e0 justificar-les al tutor\/a corresponent.<\/span><\/b><\/span><\/p>\n<\/td>\n<\/tr>\n<\/tbody>\n<\/table>\n<p>&nbsp;<\/p>\n","protected":false},"excerpt":{"rendered":"<p>INDUMENT\u00c0RIA ESCOLAR<\/p>\n<p>Alumnat de I3, I4 i I5 hauran de portar bata de pl\u00e0stica i de menjador(opcional a I5).<br \/>\nAlumnat de Prim\u00e0ria: Bata de pl\u00e0stica i bata de menjador (opcional).<\/p>\n<p>\u00a0<\/p>\n<p>EQUIP D&#8217;EDUCACI\u00d3 F\u00cdSICA I ESPORTS<\/p>\n<p>Cal venir degudament equipats per a les activitats d&#8217;educaci\u00f3 f\u00edsica i esports: cal\u00e7at apropiat&hellip;  <a href=\"https:\/\/agora.xtec.cat\/escolajosepfuste\/lescola\/normativa\/\" title=\"Read Normativa\">Llegeix m\u00e9s\u00bb<\/a><\/p>\n","protected":false},"author":1,"featured_media":0,"parent":22,"menu_order":0,"comment_status":"closed","ping_status":"closed","template":"","meta":{"_bbp_topic_count":0,"_bbp_reply_count":0,"_bbp_total_topic_count":0,"_bbp_total_reply_count":0,"_bbp_voice_count":0,"_bbp_anonymous_reply_count":0,"_bbp_topic_count_hidden":0,"_bbp_reply_count_hidden":0,"_bbp_forum_subforum_count":0,"footnotes":""},"class_list":["post-1895","page","type-page","status-publish","hentry"],"post_mailing_queue_ids":[],"_links":{"self":[{"href":"https:\/\/agora.xtec.cat\/escolajosepfuste\/wp-json\/wp\/v2\/pages\/1895","targetHints":{"allow":["GET"]}}],"collection":[{"href":"https:\/\/agora.xtec.cat\/escolajosepfuste\/wp-json\/wp\/v2\/pages"}],"about":[{"href":"https:\/\/agora.xtec.cat\/escolajosepfuste\/wp-json\/wp\/v2\/types\/page"}],"author":[{"embeddable":true,"href":"https:\/\/agora.xtec.cat\/escolajosepfuste\/wp-json\/wp\/v2\/users\/1"}],"replies":[{"embeddable":true,"href":"https:\/\/agora.xtec.cat\/escolajosepfuste\/wp-json\/wp\/v2\/comments?post=1895"}],"version-history":[{"count":4,"href":"https:\/\/agora.xtec.cat\/escolajosepfuste\/wp-json\/wp\/v2\/pages\/1895\/revisions"}],"predecessor-version":[{"id":2844,"href":"https:\/\/agora.xtec.cat\/escolajosepfuste\/wp-json\/wp\/v2\/pages\/1895\/revisions\/2844"}],"up":[{"embeddable":true,"href":"https:\/\/agora.xtec.cat\/escolajosepfuste\/wp-json\/wp\/v2\/pages\/22"}],"wp:attachment":[{"href":"https:\/\/agora.xtec.cat\/escolajosepfuste\/wp-json\/wp\/v2\/media?parent=1895"}],"curies":[{"name":"wp","href":"https:\/\/api.w.org\/{rel}","templated":true}]}}

<table style="width: 100%; height: 1317px;" border="1" cellspacing="0" cellpadding="0">
<tbody>
<tr style="height: 107px;">
<td style="height: 107px;"><span lang="CA"><span style="font-family: trebuchet\ ms, sans-serif;"><b><span style="font-family: helvetica, arial, sans-serif;"><span style="font-size: medium;">INDUMENT</span></span><span style="font-size: medium;"><span style="font-family: helvetica, arial, sans-serif;">ÀRIA</span> ESCOLAR</span></b></span></span></td>
<td style="height: 107px;">
<p><span lang="CA"><span style="font-family: trebuchet\ ms, sans-serif;"><span style="font-size: medium;">Alumnat de I<strong>3, I4 i I5 </strong>hauran de portar bata de plàstica i de menjador(opcional a I5).</span></span></span></p>
<p><span style="font-family: 'trebuchet ms', geneva, sans-serif; font-size: 16px;">Alumnat de <strong>Primària</strong>: Bata de plàstica i bata de menjador (opcional).</span></td>
</tr>
<tr style="height: 34px;">
<td style="height: 34px;" colspan="2"><span lang="CA"><span style="font-family: trebuchet\ ms, sans-serif; font-size: medium;"> </span></span></td>
</tr>
<tr style="height: 68px;">
<td style="height: 68px;"><span lang="CA"><b><span style="font-family: trebuchet\ ms, sans-serif; font-size: medium;">EQUIP D&#8217;EDUCACIÓ FÍSICA I ESPORTS</span></b></span></td>
<td style="height: 68px;">
<p><span lang="CA"><span style="font-family: trebuchet\ ms, sans-serif; font-size: medium;">Cal venir degudament equipats per a les activitats d&#8217;educació física i esports: calçat apropiat i xandall, preferiblement el de l&#8217;escola. </span></span></p>
<p><span lang="CA"><span style="font-family: trebuchet\ ms, sans-serif; font-size: medium;">Per qüestions de seguretat no poden portar rellotges, passadors grossos al cap, o qualsevol altre guarniment (anells, arracades&#8230;) que els puguin provocar a ells o als altres ferides o lesions.</span></span></td>
</tr>
<tr style="height: 34px;">
<td style="height: 34px;" colspan="2"><span lang="CA"><span style="font-family: trebuchet\ ms, sans-serif; font-size: medium;"> </span></span></td>
</tr>
<tr style="height: 51px;">
<td style="height: 51px;"><span lang="CA"><b><span style="font-family: trebuchet\ ms, sans-serif; font-size: medium;">ORGANITZACIÓ DE CLASSE</span></b></span></td>
<td style="height: 51px;"><span lang="CA"><span style="font-family: trebuchet\ ms, sans-serif; font-size: medium;">Els llibres i quaderns es guarden a l&#8217;escola durant el curs i tan sols se&#8217;ls enduen a casa quan siguin necessaris per l&#8217;estudi o els deures.</span></span></td>
</tr>
<tr style="height: 34px;">
<td style="height: 34px;" colspan="2"><span lang="CA"><span style="font-family: trebuchet\ ms, sans-serif; font-size: medium;"> </span></span></td>
</tr>
<tr style="height: 51px;">
<td style="height: 51px;"><b><span style="font-family: trebuchet\ ms, sans-serif; font-size: medium;">ENTRADES I SORTIDES</span></b></td>
<td style="height: 51px;"><span style="font-family: trebuchet\ ms, sans-serif; font-size: medium;">C</span><span style="font-family: trebuchet\ ms, sans-serif; font-size: medium;">al arribar puntuals a les entrades. Les <strong>portes</strong> d&#8217;accés al recinte (Carrer Verge de Puigcerver i Av. Catalunya) <strong>es tancaran</strong> a les <strong>9.10h i a les 14.40h</strong>. Es prega màxima puntualitat. Si s&#8217;arriba tard, cal justificar-ho.</span></td>
</tr>
<tr style="height: 34px;">
<td style="height: 34px;" colspan="2"><b><span style="font-family: trebuchet\ ms, sans-serif; font-size: medium;"> </span></b></td>
</tr>
<tr style="height: 51px;">
<td style="height: 51px;"><span lang="CA"><b><span style="font-family: trebuchet\ ms, sans-serif; font-size: medium;">RECOLLIDA DELS ALUMNES</span></b></span></td>
<td style="height: 51px;"><span lang="CA"><span style="font-family: trebuchet\ ms, sans-serif; font-size: medium;">Si us retardeu en la recollida, cal avisar telefònicament al centre. En cas que el retard fos reiterat, es prendran les mesures recollides en la NFOC de l&#8217;escola (avís a serveis socials i inspecció). En cas que la recollida no la realitzés la persona que ho fa habitualment, cal comunicar-ho prèviament al mestre/a tutor/a o a l&#8217;escola a través del correu electrònic o WhatsApp.</span></span></td>
</tr>
<tr style="height: 34px;">
<td style="height: 34px;" colspan="2"><span lang="CA"><span style="font-family: trebuchet\ ms, sans-serif; font-size: medium;"> </span></span></td>
</tr>
<tr style="height: 34px;">
<td style="height: 34px;"><span lang="CA"><b><span style="font-family: trebuchet\ ms, sans-serif; font-size: medium;">PATI D&#8217;ESCOLA</span></b></span></td>
<td style="height: 34px;"><b><span lang="CA"><span style="font-family: trebuchet\ ms, sans-serif; font-size: medium;">Queda prohibit romandre al pati de l&#8217;escola fora de l&#8217;horari escolar.</span></span></b></td>
</tr>
<tr style="height: 34px;">
<td style="height: 34px;" colspan="2"><b><span lang="CA"><span style="font-family: trebuchet\ ms, sans-serif; font-size: medium;"> </span></span></b></td>
</tr>
<tr style="height: 181px;">
<td style="height: 181px;"><b><span style="font-family: trebuchet\ ms, sans-serif; font-size: medium;">ORDRE INTERN</span></b></td>
<td style="height: 181px;">
<p><span style="font-family: 'trebuchet ms', geneva, sans-serif; font-size: 16px;">Durant les hores de classe cap alumne podrà abandonar l’escola. Els alumnes de Cicle Mitjà i Cicle Superior que hagin de sortir durant la jornada escolar, han de portar una nota signada pels pares a la seva Agenda i cal signar l’autorització de sortides puntuals.</span></p>
<p><span style="font-family: 'trebuchet ms', geneva, sans-serif; font-size: 16px;"><strong>L&#8217;alumnat de Parvulari</strong> <strong>no podran marxar sols. C</strong><strong>aldrà que els vingueu a recollir sempre. </strong></span></p>
<p><span style="font-family: 'trebuchet ms', geneva, sans-serif; font-size: 16px;"><strong>L&#8217;alumnat de Cicle Inicial no poden marxar sols, excepte aquells que tinguin autorització per marxar a les 12:30h i a les 16h.</strong> </span></p>
<p><strong><span style="font-family: 'trebuchet ms', geneva, sans-serif; font-size: 16px;">L&#8217;alumnat de Cicle Mitjà i Superior marxen sols excepte aquells alumnes en els que la família comuniqui al tutor/a el contrari.</span></strong></p>
<p><span style="font-family: 'trebuchet ms', geneva, sans-serif; font-size: 16px;">Cal que aviseu al tutor/a, en el cas que un alumne estigui malalt i no assisteixi a l’escola.</span></p>
</td>
</tr>
<tr style="height: 34px;">
<td style="height: 34px;" colspan="2"><span lang="CA"><span style="font-family: trebuchet\ ms, sans-serif; font-size: medium;"> </span></span></td>
</tr>
<tr style="height: 51px;">
<td style="height: 51px;"><span lang="CA"><b><span style="font-family: trebuchet\ ms, sans-serif; font-size: medium;">EDUCACIÓ MEDI AMBIENTAL</span></b></span></td>
<td style="height: 51px;"><span lang="CA"><span style="font-family: trebuchet\ ms, sans-serif; font-size: medium;">Per tal de col·laborar en la protecció del nostre entorn i reduir residus, els alumnes portaran els esmorzars en carmanyoles o en embolcalls específics i <b>es procurarà evitar l&#8217;ús de l&#8217;alumini i de bosses de plàstic.</b></span></span></td>
</tr>
<tr style="height: 34px;">
<td style="height: 34px;" colspan="2"><span lang="CA"><span style="font-family: trebuchet\ ms, sans-serif; font-size: medium;"> </span></span></td>
</tr>
<tr style="height: 179px;">
<td style="height: 179px;"><b><span style="font-family: trebuchet\ ms, sans-serif; font-size: medium;"><span lang="CA">E</span>DUCACIÓ PER LA SALUT</span></b></td>
<td style="height: 179px;">
<p><span lang="CA"><span style="font-family: trebuchet\ ms, sans-serif; font-size: medium;">Per afavorir els esmorzars saludables els nens/es esmorzaran FRUITA, els DIJOUS. La resta de dies es recomana portar entrepans i agrairem que us abstingueu de posar sucs i làctics beguts. Amb la finalitat de proporcionar bons hàbits als alumnes, no es permet portar llaminadures a l&#8217;escola.</span></span></p>
<p><span style="font-family: trebuchet\ ms, sans-serif; font-size: medium;">Pel que fa als “<a href="http://agora.xtec.cat/escolajosepfuste/lescola/els-polls/">POLLS</a>”, es recomana revisar periòdicament els caps dels nens i nenes. En cas de detecció de polls, cal fer el tractament ràpidament i avisar a l&#8217;escola. Cal portar els nens a l&#8217;escola quan no tinguin cap poll ni llémena.</span></p>
</td>
</tr>
<tr style="height: 34px;">
<td style="height: 34px;" colspan="2"><span lang="CA"><span style="font-family: trebuchet\ ms, sans-serif; font-size: medium;"> </span></span></td>
</tr>
<tr style="height: 238px;">
<td style="height: 238px;"><b><span style="font-family: trebuchet\ ms, sans-serif; font-size: medium;">ALTRES</span></b></td>
<td style="height: 238px;">
<p><span lang="CA"><span style="font-family: trebuchet\ ms, sans-serif; font-size: medium;">Els alumnes no han de portar mòbils, jocs electrònics ni joguines al centre.</span></span></p>
<p><span style="font-family: trebuchet\ ms, sans-serif; font-size: medium;">Els alumnes que vinguin amb bicicleta o patinet, cal que l&#8217;entrin caminant i l&#8217;aparquin just a l&#8217;arribar.</span></p>
<p><span style="font-family: trebuchet\ ms, sans-serif; font-size: medium;">S&#8217;ha de procurar no interrompre les classe.</span></p>
<p><span style="font-family: trebuchet\ ms, sans-serif; font-size: medium;"><b><span lang="CA">Totes les faltes d&#8217;assistència caldrà justificar-les al tutor/a corresponent.</span></b></span></p>
</td>
</tr>
</tbody>
</table>
<p>&nbsp;</p>

<p>INDUMENTÀRIA ESCOLAR</p>
<p>Alumnat de I3, I4 i I5 hauran de portar bata de plàstica i de menjador(opcional a I5).<br />
Alumnat de Primària: Bata de plàstica i bata de menjador (opcional).</p>
<p> </p>
<p>EQUIP D&#8217;EDUCACIÓ FÍSICA I ESPORTS</p>
<p>Cal venir degudament equipats per a les activitats d&#8217;educació física i esports: calçat apropiat&hellip;  <a href="https://agora.xtec.cat/escolajosepfuste/lescola/normativa/" title="Read Normativa">Llegeix més»</a></p>
