{"id":15778,"date":"2026-01-22T12:06:42","date_gmt":"2026-01-22T11:06:42","guid":{"rendered":"https:\/\/agora.xtec.cat\/escolajoaquimsalarich\/?page_id=15778"},"modified":"2026-01-26T10:37:19","modified_gmt":"2026-01-26T09:37:19","slug":"el-nostre-projecte","status":"publish","type":"page","link":"https:\/\/agora.xtec.cat\/escolajoaquimsalarich\/lescola\/el-nostre-projecte\/","title":{"rendered":"El nostre projecte"},"content":{"rendered":"<p><iframe loading=\"lazy\" src=\"https:\/\/drive.google.com\/file\/d\/1ly9JsSaymOGbowZaioNnbs5fiZJR4H2Z\/preview\" width=\"640\" height=\"480\"><\/iframe><\/p>\n<p>A la nostra escola entenem que hem de facilitar els recursos i les eines necess\u00e0ries per a l\u2019assoliment de les compet\u00e8ncies b\u00e0siques precises per a l\u2019adquisici\u00f3 dels aprenentatges i el desenvolupament personal i social.<\/p>\n<p>Per aix\u00f2 creiem que la nostra manera de treballar ha de ser:<\/p>\n<ul>\n<li>Activa: que potenci\u00ef la iniciativa i la creativitat de l\u2019alumne.<\/li>\n<li>\u00a0Personalitzada: tenint en compte les necessitats de cada alumne.<\/li>\n<li>Investigadora: que permet a l\u2019alumne mitjan\u00e7ant l\u2019observaci\u00f3, l\u2019experimentaci\u00f3 i la reflexi\u00f3, construir el seu propi aprenentatge.<\/li>\n<li>Significativa: que incorpori en els processos d\u2019aprenentatge els coneixements que l\u2019alumne va consolidant.<\/li>\n<li>Globalitzadora: que desenvolupi en l\u2019alumne la capacitat d\u2019aplicar els aprenentatges en diverses situacions i contextos.<\/li>\n<li>Sostenible: que inculqui el respecte als recursos naturals del planeta i promogui l\u2019ecologia, el reciclatge i el consum responsable.<\/li>\n<\/ul>\n<p><strong>SOM:<\/strong><\/p>\n<p><strong>Escola catalana:<br \/>\n<\/strong><\/p>\n<p>L\u2019escola \u00e9s transmissora de la cultura, les tradicions i la llengua pr\u00f2pies del pa\u00eds. El catal\u00e0 \u00e9s la llengua vehicular del centre, i \u00e9s la llengua utilitzada en l\u2019aprenentatge de la lectura i l\u2019escriptura, comuna en les classes i els materials utilitzats, reunions i diferents activitats.<\/p>\n<p><strong>Escola aconfessional i pluralista:<br \/>\n<\/strong><\/p>\n<p>Respecta les diferents maneres de pensar, les creences i \u00e9s oberta a tothom. Educa per a la llibertat, la responsabilitat i per a l\u2019adquisici\u00f3 d\u2019h\u00e0bits i conductes que fan dels seus membres persones socialment dignes de la comunitat on viuen.<\/p>\n<p><strong>Escola coeducadora i no-sexista:<br \/>\n<\/strong><\/p>\n<p>Educa per a la conviv\u00e8ncia i respecte als altres basant-se en la coeducaci\u00f3, sense cap mena de discriminaci\u00f3 per ra\u00f3 de g\u00e8nere.<\/p>\n<p><strong>Escola solid\u00e0ria i tolerant:<br \/>\n<\/strong><\/p>\n<p>Educa per a la just\u00edcia, la solidaritat i la no discriminaci\u00f3. Ajuda a con\u00e8ixer els propis sentiments, exterioritzar-los i a gestionar-los adequadament per tal de formar persones, amb auto estima, emocionalment equilibrades i amb domini del propi control.<\/p>\n<p><strong>Escola acollidora:<\/strong><\/p>\n<p>Un dels objectius prioritaris com escola acollidora \u00e9s el respecte a les difer\u00e8ncies per no convertir-les en desigualtats. Per aix\u00f2 eduquem en la diversitat i per la diversitat potenciant els valors de la pluralitat, el respecte i la toler\u00e0ncia.<br \/>\nEn definitiva, entre tots fem que l\u2019escola sigui un lloc de benestar i de viv\u00e8ncies compartides que es mostri sempre en la seva cara m\u00e9s amable i acollidora.<strong><br \/>\n<\/strong><\/p>\n<p><strong>Escola democr\u00e0tica:<br \/>\n<\/strong><\/p>\n<p>Facilita les vies de comunicaci\u00f3 necess\u00e0ries perqu\u00e8 tots els estaments vinculats al centre (fam\u00edlies, alumnes, mestres, altres treballadors, estaments, etc.) puguin participar en tot all\u00f2 vinculat al fet educatiu<u>. <\/u><\/p>\n<p><strong>Escola socialitzadora i integradora:<br \/>\n<\/strong><\/p>\n<p>Educa per conscienciar dels drets i deures que comporta la vida en societat, no prioritzant la competitivitat, vetllant perqu\u00e8 es donin les adequades condicions de respecte entre les persones sigui quina sigui la seva proced\u00e8ncia.<\/p>\n<p><strong>Respecte al desenvolupament individual:<br \/>\n<\/strong><\/p>\n<p>Ensenya a desenvolupar les aptituds i capacitats personals de cadasc\u00fa, tenint en compte els trets individuals que ens fan \u00fanics.<\/p>\n<p><strong>Actitud d\u2019investigaci\u00f3 i esperit cr\u00edtic:<br \/>\n<\/strong><\/p>\n<p>Fomenta la investigaci\u00f3, la observaci\u00f3, l\u2019an\u00e0lisi, la s\u00edntesi, l\u2019auto-avaluaci\u00f3 i la presa de decisions. Volem aconseguir persones amb esperit cr\u00edtic i capaces de treure conclusions.<\/p>\n<p><strong>Aprenentatges significatius i funcionals:<br \/>\n<\/strong><\/p>\n<p>Propicia un espai d\u2019aprenentatge en el qual ha d\u2019estar sempre present:<\/p>\n<ul>\n<li>All\u00f2 que sabem<\/li>\n<li>Qu\u00e8 volem aprendre<\/li>\n<li>On trobarem la informaci\u00f3<\/li>\n<li>Com la processarem<\/li>\n<li>Qu\u00e8 hem apr\u00e8s<\/li>\n<\/ul>\n<p><strong>Promoci\u00f3 de valors socials, de conviv\u00e8ncia i de relaci\u00f3:<br \/>\n<\/strong><\/p>\n<p>Facilita i promou els recursos, pautes, eines i normes que ajudin a l\u2019adquisici\u00f3 dels valors necessaris per a una bona conviv\u00e8ncia tant en l\u2019\u00e0mbit personal com social, dins i fora de l\u2019escola<u>.<\/u><\/p>\n<p><strong>Participaci\u00f3 activa de tots els membres del centre:<br \/>\n<\/strong><\/p>\n<p>Viure en un entorn en el qual tothom es senti part integrant i implicada, amb les responsabilitats vinculants pr\u00f2pies de cada moment: alumnes pares mestres monitors personal dels diferents serveis (administraci\u00f3, consergeria, menjador, neteja, etc.)<\/p>\n<p><strong>Escola Formadora:<br \/>\n<\/strong><\/p>\n<p>Est\u00e0 oberta per acollir estudiants en pr\u00e0ctiques procedents de les diferents universitats i altres professionals o institucions que realitzin estudis, projectes o treballs de camp.<\/p>\n<p><strong>Escola respectuosa amb l\u2019entorn i el medi ambient:<br \/>\n<\/strong><\/p>\n<p>Treballa en un ambient de consci\u00e8ncia cap a una gesti\u00f3 sostenible de tota mena de recursos: energies, residus, mobilitat, natura, entorn\u2026<\/p>\n<p>&nbsp;<\/p>\n","protected":false},"excerpt":{"rendered":"<p>A la nostra escola entenem que hem de facilitar els recursos i les eines necess\u00e0ries per a l\u2019assoliment de les compet\u00e8ncies b\u00e0siques precises per a l\u2019adquisici\u00f3 dels aprenentatges i el desenvolupament personal i social. Per aix\u00f2 creiem que la nostra manera de treballar ha de ser: Activa: que potenci\u00ef la iniciativa i la creativitat de [&hellip;]<\/p>\n","protected":false},"author":1,"featured_media":0,"parent":22,"menu_order":30,"comment_status":"closed","ping_status":"closed","template":"","meta":{"_bbp_topic_count":0,"_bbp_reply_count":0,"_bbp_total_topic_count":0,"_bbp_total_reply_count":0,"_bbp_voice_count":0,"_bbp_anonymous_reply_count":0,"_bbp_topic_count_hidden":0,"_bbp_reply_count_hidden":0,"_bbp_forum_subforum_count":0,"site-sidebar-layout":"default","site-content-layout":"","ast-site-content-layout":"default","site-content-style":"default","site-sidebar-style":"default","ast-global-header-display":"","ast-banner-title-visibility":"","ast-main-header-display":"","ast-hfb-above-header-display":"","ast-hfb-below-header-display":"","ast-hfb-mobile-header-display":"","site-post-title":"","ast-breadcrumbs-content":"","ast-featured-img":"","footer-sml-layout":"","theme-transparent-header-meta":"default","adv-header-id-meta":"","stick-header-meta":"","header-above-stick-meta":"","header-main-stick-meta":"","header-below-stick-meta":"","astra-migrate-meta-layouts":"set","ast-page-background-enabled":"default","ast-page-background-meta":{"desktop":{"background-color":"var(--ast-global-color-4)","background-image":"","background-repeat":"repeat","background-position":"center center","background-size":"auto","background-attachment":"scroll","background-type":"","background-media":"","overlay-type":"","overlay-color":"","overlay-opacity":"","overlay-gradient":""},"tablet":{"background-color":"","background-image":"","background-repeat":"repeat","background-position":"center center","background-size":"auto","background-attachment":"scroll","background-type":"","background-media":"","overlay-type":"","overlay-color":"","overlay-opacity":"","overlay-gradient":""},"mobile":{"background-color":"","background-image":"","background-repeat":"repeat","background-position":"center center","background-size":"auto","background-attachment":"scroll","background-type":"","background-media":"","overlay-type":"","overlay-color":"","overlay-opacity":"","overlay-gradient":""}},"ast-content-background-meta":{"desktop":{"background-color":"var(--ast-global-color-5)","background-image":"","background-repeat":"repeat","background-position":"center center","background-size":"auto","background-attachment":"scroll","background-type":"","background-media":"","overlay-type":"","overlay-color":"","overlay-opacity":"","overlay-gradient":""},"tablet":{"background-color":"var(--ast-global-color-5)","background-image":"","background-repeat":"repeat","background-position":"center center","background-size":"auto","background-attachment":"scroll","background-type":"","background-media":"","overlay-type":"","overlay-color":"","overlay-opacity":"","overlay-gradient":""},"mobile":{"background-color":"var(--ast-global-color-5)","background-image":"","background-repeat":"repeat","background-position":"center center","background-size":"auto","background-attachment":"scroll","background-type":"","background-media":"","overlay-type":"","overlay-color":"","overlay-opacity":"","overlay-gradient":""}},"footnotes":""},"class_list":["post-15778","page","type-page","status-publish","hentry"],"post_mailing_queue_ids":[],"_links":{"self":[{"href":"https:\/\/agora.xtec.cat\/escolajoaquimsalarich\/wp-json\/wp\/v2\/pages\/15778","targetHints":{"allow":["GET"]}}],"collection":[{"href":"https:\/\/agora.xtec.cat\/escolajoaquimsalarich\/wp-json\/wp\/v2\/pages"}],"about":[{"href":"https:\/\/agora.xtec.cat\/escolajoaquimsalarich\/wp-json\/wp\/v2\/types\/page"}],"author":[{"embeddable":true,"href":"https:\/\/agora.xtec.cat\/escolajoaquimsalarich\/wp-json\/wp\/v2\/users\/1"}],"replies":[{"embeddable":true,"href":"https:\/\/agora.xtec.cat\/escolajoaquimsalarich\/wp-json\/wp\/v2\/comments?post=15778"}],"version-history":[{"count":1,"href":"https:\/\/agora.xtec.cat\/escolajoaquimsalarich\/wp-json\/wp\/v2\/pages\/15778\/revisions"}],"predecessor-version":[{"id":15779,"href":"https:\/\/agora.xtec.cat\/escolajoaquimsalarich\/wp-json\/wp\/v2\/pages\/15778\/revisions\/15779"}],"up":[{"embeddable":true,"href":"https:\/\/agora.xtec.cat\/escolajoaquimsalarich\/wp-json\/wp\/v2\/pages\/22"}],"wp:attachment":[{"href":"https:\/\/agora.xtec.cat\/escolajoaquimsalarich\/wp-json\/wp\/v2\/media?parent=15778"}],"curies":[{"name":"wp","href":"https:\/\/api.w.org\/{rel}","templated":true}]}}