{"id":13431,"date":"2021-08-18T00:51:35","date_gmt":"2021-08-17T22:51:35","guid":{"rendered":"https:\/\/agora.xtec.cat\/escolajoaquimsalarich\/?page_id=13431"},"modified":"2026-01-26T10:38:11","modified_gmt":"2026-01-26T09:38:11","slug":"activitats-complementaries","status":"publish","type":"page","link":"https:\/\/agora.xtec.cat\/escolajoaquimsalarich\/lescola\/activitats-complementaries\/","title":{"rendered":"Activitats complement\u00e0ries"},"content":{"rendered":"<p><strong>M\u00fasica a l&#8217;Escola de M\u00fasica<\/strong><br \/>\nEls alumnes de Prim\u00e0ria tenen la possibilitat de realitzar dues sessions de m\u00fasica a l&#8217;Escola de M\u00fasica municipal. La participaci\u00f3 en aquesta activitat \u00e9s volunt\u00e0ria i els alumnes que no en participen fan m\u00fasica amb els especialistes de la nostra escola.<\/p>\n<p><strong>Esport a l&#8217;escola<\/strong><br \/>\nAquest programa pret\u00e9n posar a l&#8217;abast de tots els alumnes de Cicle Superior la pr\u00e0ctica d&#8217;activitats f\u00edsiques i esportives en horari lectiu per tal de contribuir a la formaci\u00f3 personal, l&#8217;adquisici\u00f3 d&#8217;h\u00e0bits saludables i cercar la participaci\u00f3 per damunt de la competitivitat.<\/p>\n<p><strong>Nataci\u00f3<\/strong><br \/>\nEls\/les alumnes d&#8217;I5,1r, 2n i 3r realitzen 8 sessions de nataci\u00f3 en horari escolar a les instal\u00b7lacions del Club Nataci\u00f3 Vic. \u00c9s una activitat important per al desenvolupament motriu dels alumnes.<\/p>\n<p><strong>Biblioteca<\/strong><br \/>\nA l&#8217;escola es potencia la Biblioteca Escolar com un espai de recursos i d&#8217;aprenentatge en el desenvolupament de les diferents \u00e0rees curriculars per tal que l&#8217;alumnat construeixi el seu propi coneixement a trav\u00e9s de la cerca, la investigaci\u00f3 i promoure l&#8217;h\u00e0bit lector. A partir de I5 tots els alumnes realitzen pr\u00e9stec de llibres.<\/p>\n<p><strong>Educaci\u00f3 vi\u00e0ria<\/strong><br \/>\nEls i les alumnes de 5\u00e8 realitzen sessions d&#8217;Educaci\u00f3 Vi\u00e0ria. La Gu\u00e0rdia Urbana, en col\u00b7laboraci\u00f3 amb la Regidoria d&#8217;educaci\u00f3 de Vic, porta a terme activitats formatives de mobilitat segura, prevenci\u00f3 d&#8217;accidents i actituds c\u00edviques. Els alumnes fan una sortida pedag\u00f2gica amb bicicleta per l&#8217;entorn proper.<\/p>\n<p><strong>\u00c0vies MARC<\/strong><br \/>\nMestres \u00e0vies recuperadores de contes. Per a Infantil i Prim\u00e0ria<\/p>\n<p><strong>Col\u00f2nies i Camps d&#8217;aprenentatge<\/strong><br \/>\nEstades de 2 dies a cases de col\u00f2nies o Camps d&#8217;aprenentatge per a tots els curs de 2n fins a 6\u00e8<\/p>\n<p><strong>Congr\u00e9s de la ci\u00e8ncia a la Universitat de Vic<\/strong><br \/>\nHi participen els de 4t. Proposta per donar a con\u00e8ixer les investigacions que han portat a terme els grups participants<\/p>\n<p><strong>Olimpivic<\/strong><br \/>\nL\u2019Olimpivic consisteix en una trobada esportiva i l\u00fadica dels alumnes de 6\u00e8 de totes les escoles de la ciutat, on es busca que els alumnes participants portin a terme una competici\u00f3 responsable seguint els criteris marcats en el dec\u00e0leg del bon esportista, elaborat pels consellers\/es infantils el curs 2009\/10.<\/p>\n<p><strong>Anem a teatre<\/strong><br \/>\nObres de teatre per a Infantil i Prim\u00e0ria<\/p>\n<p><strong>Programa de foment de la lectura<\/strong><br \/>\nL&#8217;objectiu \u00e9s crear l\u2019h\u00e0bit lector entre els escolars, fomentar el gust a la lectura i a la cultura i contribuir al desenvolupament cognitiu de l\u2019infant.<\/p>\n","protected":false},"excerpt":{"rendered":"<p>M\u00fasica a l&#8217;Escola de M\u00fasica Els alumnes de Prim\u00e0ria tenen la possibilitat de realitzar dues sessions de m\u00fasica a l&#8217;Escola de M\u00fasica municipal. La participaci\u00f3 en aquesta activitat \u00e9s volunt\u00e0ria i els alumnes que no en participen fan m\u00fasica amb els especialistes de la nostra escola. Esport a l&#8217;escola Aquest programa pret\u00e9n posar a l&#8217;abast [&hellip;]<\/p>\n","protected":false},"author":1,"featured_media":0,"parent":22,"menu_order":60,"comment_status":"closed","ping_status":"closed","template":"","meta":{"_bbp_topic_count":0,"_bbp_reply_count":0,"_bbp_total_topic_count":0,"_bbp_total_reply_count":0,"_bbp_voice_count":0,"_bbp_anonymous_reply_count":0,"_bbp_topic_count_hidden":0,"_bbp_reply_count_hidden":0,"_bbp_forum_subforum_count":0,"site-sidebar-layout":"default","site-content-layout":"","ast-site-content-layout":"default","site-content-style":"default","site-sidebar-style":"default","ast-global-header-display":"","ast-banner-title-visibility":"","ast-main-header-display":"","ast-hfb-above-header-display":"","ast-hfb-below-header-display":"","ast-hfb-mobile-header-display":"","site-post-title":"","ast-breadcrumbs-content":"","ast-featured-img":"","footer-sml-layout":"","theme-transparent-header-meta":"default","adv-header-id-meta":"","stick-header-meta":"","header-above-stick-meta":"","header-main-stick-meta":"","header-below-stick-meta":"","astra-migrate-meta-layouts":"set","ast-page-background-enabled":"default","ast-page-background-meta":{"desktop":{"background-color":"var(--ast-global-color-4)","background-image":"","background-repeat":"repeat","background-position":"center center","background-size":"auto","background-attachment":"scroll","background-type":"","background-media":"","overlay-type":"","overlay-color":"","overlay-opacity":"","overlay-gradient":""},"tablet":{"background-color":"","background-image":"","background-repeat":"repeat","background-position":"center center","background-size":"auto","background-attachment":"scroll","background-type":"","background-media":"","overlay-type":"","overlay-color":"","overlay-opacity":"","overlay-gradient":""},"mobile":{"background-color":"","background-image":"","background-repeat":"repeat","background-position":"center center","background-size":"auto","background-attachment":"scroll","background-type":"","background-media":"","overlay-type":"","overlay-color":"","overlay-opacity":"","overlay-gradient":""}},"ast-content-background-meta":{"desktop":{"background-color":"var(--ast-global-color-5)","background-image":"","background-repeat":"repeat","background-position":"center center","background-size":"auto","background-attachment":"scroll","background-type":"","background-media":"","overlay-type":"","overlay-color":"","overlay-opacity":"","overlay-gradient":""},"tablet":{"background-color":"var(--ast-global-color-5)","background-image":"","background-repeat":"repeat","background-position":"center center","background-size":"auto","background-attachment":"scroll","background-type":"","background-media":"","overlay-type":"","overlay-color":"","overlay-opacity":"","overlay-gradient":""},"mobile":{"background-color":"var(--ast-global-color-5)","background-image":"","background-repeat":"repeat","background-position":"center center","background-size":"auto","background-attachment":"scroll","background-type":"","background-media":"","overlay-type":"","overlay-color":"","overlay-opacity":"","overlay-gradient":""}},"footnotes":""},"class_list":["post-13431","page","type-page","status-publish","hentry"],"post_mailing_queue_ids":[],"_links":{"self":[{"href":"https:\/\/agora.xtec.cat\/escolajoaquimsalarich\/wp-json\/wp\/v2\/pages\/13431","targetHints":{"allow":["GET"]}}],"collection":[{"href":"https:\/\/agora.xtec.cat\/escolajoaquimsalarich\/wp-json\/wp\/v2\/pages"}],"about":[{"href":"https:\/\/agora.xtec.cat\/escolajoaquimsalarich\/wp-json\/wp\/v2\/types\/page"}],"author":[{"embeddable":true,"href":"https:\/\/agora.xtec.cat\/escolajoaquimsalarich\/wp-json\/wp\/v2\/users\/1"}],"replies":[{"embeddable":true,"href":"https:\/\/agora.xtec.cat\/escolajoaquimsalarich\/wp-json\/wp\/v2\/comments?post=13431"}],"version-history":[{"count":4,"href":"https:\/\/agora.xtec.cat\/escolajoaquimsalarich\/wp-json\/wp\/v2\/pages\/13431\/revisions"}],"predecessor-version":[{"id":15846,"href":"https:\/\/agora.xtec.cat\/escolajoaquimsalarich\/wp-json\/wp\/v2\/pages\/13431\/revisions\/15846"}],"up":[{"embeddable":true,"href":"https:\/\/agora.xtec.cat\/escolajoaquimsalarich\/wp-json\/wp\/v2\/pages\/22"}],"wp:attachment":[{"href":"https:\/\/agora.xtec.cat\/escolajoaquimsalarich\/wp-json\/wp\/v2\/media?parent=13431"}],"curies":[{"name":"wp","href":"https:\/\/api.w.org\/{rel}","templated":true}]}}