{"id":10969,"date":"2021-06-22T14:25:51","date_gmt":"2021-06-22T12:25:51","guid":{"rendered":"https:\/\/agora.xtec.cat\/escolajoaquimsalarich\/?page_id=10969"},"modified":"2026-01-26T10:43:22","modified_gmt":"2026-01-26T09:43:22","slug":"material","status":"publish","type":"page","link":"https:\/\/agora.xtec.cat\/escolajoaquimsalarich\/espai-families\/material\/","title":{"rendered":"Material"},"content":{"rendered":"<p><strong>Educaci\u00f3 infantil<\/strong><\/p>\n<p>Us recordem quin \u00e9s el material necessari per comen\u00e7ar el curs escolar:<\/p>\n<ul>\n<li>Una maleta sense rodes.<\/li>\n<li>Xandall i cal\u00e7at esportiu el dia que toqui psicomotricitat.<\/li>\n<li>Una cantimplora per l&#8217;aigua.<\/li>\n<li>El material d\u2019aula \u00e9s com\u00fa i compartit per tota la classe.<\/li>\n<li>L\u2019esmorzar cal portar-lo dins una carmanyola.<\/li>\n<li>Els alumnes d&#8217;I3 han de portar roba de recanvi. Quan s\u2019embruti cal tornar-la neta com m\u00e9s aviat millor.<\/li>\n<li>Els alumnes d&#8217;I3 que es quedin a dinar han de portar un llen\u00e7ol de sobre.<\/li>\n<li>Els alumnes cal que portin<strong> una capsa de mocadors de paper i un paquet de tovalloletes humides<\/strong>.<\/li>\n<\/ul>\n<p>Recordeu que tota la roba d\u2019\u00fas m\u00e9s quotidi\u00e0 (bata pintura, jaquetes\u2026) ha d\u2019anar marcada amb el nom de l\u2019alumne\/a\u00a0 i portar una veta per poder-la penjar com cal.<\/p>\n<p>&nbsp;<\/p>\n<p><strong>Cicle inicial<\/strong><\/p>\n<p>Us recordem quin \u00e9s el material necessari per comen\u00e7ar el curs escolar:<\/p>\n<ul>\n<li><span style=\"font-weight: 400;\">\u00a0estoig personal amb <\/span><b>(nom\u00e9s aquest material):<\/b><span style=\"font-weight: 400;\"> 2 llapis de fusta, 2 gomes, maquineta, llapis de colors, 1 retolador de pissarra blanca,\u00a0 retoladors de colors, una barra de cola gran de la marca Pritt, tisores i un regle de 15 cm.<\/span><\/li>\n<li>Xandall i cal\u00e7at esportiu per a les classes d\u2019Educaci\u00f3 F\u00edsica.<\/li>\n<li>Una capsa de mocadors de paper.<\/li>\n<li><span style=\"font-weight: 400;\">Una carpeta de <\/span><b>cart\u00f3<\/b><span style=\"font-weight: 400;\"> gruixut mida de foli amb gomes.<\/span><\/li>\n<li>Bata de pintura.<\/li>\n<li>El material d\u2019aula \u00e9s com\u00fa i compartit per tota la classe.<\/li>\n<li>L\u2019esmorzar cal portar-lo dins una carmanyola o boc\u2019n roll (bossa porta aliments).<\/li>\n<\/ul>\n<p>Recordeu que tota la roba d\u2019\u00fas m\u00e9s quotidi\u00e0 ( bata pintura, jaquetes\u2026) ha d\u2019anar marcada amb el nom de l\u2019alumne\/a\u00a0 i portar una veta per poder-la penjar com cal.<\/p>\n<p>&nbsp;<\/p>\n<p><strong>Cicle mitj\u00e0<\/strong><\/p>\n<p>Us recordem quin \u00e9s el material necessari per comen\u00e7ar el curs escolar:<\/p>\n<ul>\n<li>Xandall, cal\u00e7at esportiu i necesser per a la higiene personal amb una tovalloleta petita i una samarreta de recanvi, per a les classes d\u2019Educaci\u00f3 F\u00edsica.<\/li>\n<li><span style=\"font-weight: 400;\">Una carpeta classificadora de mida foli <\/span><b>(<\/b><b>no DIN A4, mida: 34,5&#215;25). (Que NO sigui d\u2019acordi\u00f3)<\/b><span style=\"font-weight: 400;\">.<\/span><\/li>\n<li>Una capsa de mocadors de paper.<\/li>\n<li><span style=\"font-weight: 400;\">Bata de pintura.<\/span><\/li>\n<li><span style=\"font-weight: 400;\">Estoig personal amb <\/span><b>(nom\u00e9s aquest material)<\/b><b>:<\/b><span style=\"font-weight: 400;\"> 2 llapis de fusta, 2 gomes, maquineta, bol\u00edgraf negre, blau i vermell, llapis de colors, bol\u00edgraf punta fina negre (tipus Pilot), 1 retolador edding 1200 color negre, retoladors de colors, 1 retolador de pissarra blanca, 1 regle de 15 cm, un marcador fluorescent, tisores i una barra de cola gran, marca Pritt.<\/span><\/li>\n<\/ul>\n<p>Recordeu que tota la roba d\u2019\u00fas m\u00e9s quotidi\u00e0 (bata pintura, jaquetes\u2026) ha d\u2019anar marcada amb el nom de l\u2019alumne\/a.<\/p>\n<p>&nbsp;<\/p>\n<p><strong>Cicle superior<\/strong><\/p>\n<p>Us recordem quin \u00e9s el material necessari per comen\u00e7ar el curs escolar:<\/p>\n<ul>\n<li>Xandall, cal\u00e7at esportiu i necesser per a la higiene personal amb una tovalloleta petita i una samarreta de recanvi, per a les classes d\u2019Educaci\u00f3 F\u00edsica.<\/li>\n<li><span style=\"font-weight: 400;\">Una carpeta classificadora de mida foli <\/span><b>(<\/b><b>no DIN A4, mida: 34,5&#215;25). (Que NO sigui d\u2019acordi\u00f3)<\/b><span style=\"font-weight: 400;\">.<\/span><\/li>\n<li>Estoig complet (que no sigui de llauna): 2 llapis, 2 gomes, maquineta, bol\u00edgrafs negre, blau i vermell, <span style=\"font-weight: 400;\">\u00a0bol\u00edgraf punta fina negre (tipus Pilot),<\/span><\/li>\n<li><span style=\"font-weight: 400;\">1 retolador de pissarra blanca (negre), un regle de 15 cm, un marcador fluorescent, tisores i una barra de cola gran, marca Pritt.<\/span><\/li>\n<li>Una capsa de llapis de colors de fusta.<\/li>\n<li>Una capsa de retoladors de colors.<\/li>\n<li>Auriculars de bot\u00f3 dins una bossa de roba.<\/li>\n<li>Una capsa de mocadors de paper.<\/li>\n<li>Bata de pintura o camiseta gran.<\/li>\n<\/ul>\n<p>Recordeu que tota la roba d\u2019\u00fas m\u00e9s quotidi\u00e0 ha d\u2019anar marcada amb el nom de l\u2019alumne\/a.<\/p>\n<p>&nbsp;<\/p>\n","protected":false},"excerpt":{"rendered":"<p>Educaci\u00f3 infantil Us recordem quin \u00e9s el material necessari per comen\u00e7ar el curs escolar: Una maleta sense rodes. Xandall i cal\u00e7at esportiu el dia que toqui psicomotricitat. Una cantimplora per l&#8217;aigua. El material d\u2019aula \u00e9s com\u00fa i compartit per tota la classe. L\u2019esmorzar cal portar-lo dins una carmanyola. Els alumnes d&#8217;I3 han de portar roba [&hellip;]<\/p>\n","protected":false},"author":1,"featured_media":0,"parent":15823,"menu_order":20,"comment_status":"closed","ping_status":"closed","template":"","meta":{"_bbp_topic_count":0,"_bbp_reply_count":0,"_bbp_total_topic_count":0,"_bbp_total_reply_count":0,"_bbp_voice_count":0,"_bbp_anonymous_reply_count":0,"_bbp_topic_count_hidden":0,"_bbp_reply_count_hidden":0,"_bbp_forum_subforum_count":0,"site-sidebar-layout":"default","site-content-layout":"","ast-site-content-layout":"default","site-content-style":"default","site-sidebar-style":"default","ast-global-header-display":"","ast-banner-title-visibility":"","ast-main-header-display":"","ast-hfb-above-header-display":"","ast-hfb-below-header-display":"","ast-hfb-mobile-header-display":"","site-post-title":"","ast-breadcrumbs-content":"","ast-featured-img":"","footer-sml-layout":"","theme-transparent-header-meta":"default","adv-header-id-meta":"","stick-header-meta":"","header-above-stick-meta":"","header-main-stick-meta":"","header-below-stick-meta":"","astra-migrate-meta-layouts":"set","ast-page-background-enabled":"default","ast-page-background-meta":{"desktop":{"background-color":"var(--ast-global-color-4)","background-image":"","background-repeat":"repeat","background-position":"center center","background-size":"auto","background-attachment":"scroll","background-type":"","background-media":"","overlay-type":"","overlay-color":"","overlay-opacity":"","overlay-gradient":""},"tablet":{"background-color":"","background-image":"","background-repeat":"repeat","background-position":"center center","background-size":"auto","background-attachment":"scroll","background-type":"","background-media":"","overlay-type":"","overlay-color":"","overlay-opacity":"","overlay-gradient":""},"mobile":{"background-color":"","background-image":"","background-repeat":"repeat","background-position":"center center","background-size":"auto","background-attachment":"scroll","background-type":"","background-media":"","overlay-type":"","overlay-color":"","overlay-opacity":"","overlay-gradient":""}},"ast-content-background-meta":{"desktop":{"background-color":"var(--ast-global-color-5)","background-image":"","background-repeat":"repeat","background-position":"center center","background-size":"auto","background-attachment":"scroll","background-type":"","background-media":"","overlay-type":"","overlay-color":"","overlay-opacity":"","overlay-gradient":""},"tablet":{"background-color":"var(--ast-global-color-5)","background-image":"","background-repeat":"repeat","background-position":"center center","background-size":"auto","background-attachment":"scroll","background-type":"","background-media":"","overlay-type":"","overlay-color":"","overlay-opacity":"","overlay-gradient":""},"mobile":{"background-color":"var(--ast-global-color-5)","background-image":"","background-repeat":"repeat","background-position":"center center","background-size":"auto","background-attachment":"scroll","background-type":"","background-media":"","overlay-type":"","overlay-color":"","overlay-opacity":"","overlay-gradient":""}},"footnotes":""},"class_list":["post-10969","page","type-page","status-publish","hentry"],"post_mailing_queue_ids":[],"_links":{"self":[{"href":"https:\/\/agora.xtec.cat\/escolajoaquimsalarich\/wp-json\/wp\/v2\/pages\/10969","targetHints":{"allow":["GET"]}}],"collection":[{"href":"https:\/\/agora.xtec.cat\/escolajoaquimsalarich\/wp-json\/wp\/v2\/pages"}],"about":[{"href":"https:\/\/agora.xtec.cat\/escolajoaquimsalarich\/wp-json\/wp\/v2\/types\/page"}],"author":[{"embeddable":true,"href":"https:\/\/agora.xtec.cat\/escolajoaquimsalarich\/wp-json\/wp\/v2\/users\/1"}],"replies":[{"embeddable":true,"href":"https:\/\/agora.xtec.cat\/escolajoaquimsalarich\/wp-json\/wp\/v2\/comments?post=10969"}],"version-history":[{"count":6,"href":"https:\/\/agora.xtec.cat\/escolajoaquimsalarich\/wp-json\/wp\/v2\/pages\/10969\/revisions"}],"predecessor-version":[{"id":15851,"href":"https:\/\/agora.xtec.cat\/escolajoaquimsalarich\/wp-json\/wp\/v2\/pages\/10969\/revisions\/15851"}],"up":[{"embeddable":true,"href":"https:\/\/agora.xtec.cat\/escolajoaquimsalarich\/wp-json\/wp\/v2\/pages\/15823"}],"wp:attachment":[{"href":"https:\/\/agora.xtec.cat\/escolajoaquimsalarich\/wp-json\/wp\/v2\/media?parent=10969"}],"curies":[{"name":"wp","href":"https:\/\/api.w.org\/{rel}","templated":true}]}}