{"id":30,"date":"2014-09-18T12:30:23","date_gmt":"2014-09-18T10:30:23","guid":{"rendered":"http:\/\/agora.xtec.cat\/escolajoanperucho\/?page_id=30"},"modified":"2025-11-11T09:41:36","modified_gmt":"2025-11-11T08:41:36","slug":"salut","status":"publish","type":"page","link":"https:\/\/agora.xtec.cat\/escolajoanperucho\/menu-general\/informacions-practiques\/salut\/","title":{"rendered":"Salut"},"content":{"rendered":"\n<div class=\"wp-block-cover is-light\" style=\"min-height:220px;aspect-ratio:unset;\"><span aria-hidden=\"true\" class=\"wp-block-cover__background has-background-dim\" style=\"background-color:#938b91\"><\/span><img loading=\"lazy\" decoding=\"async\" width=\"2048\" height=\"1536\" class=\"wp-block-cover__image-background wp-image-10024\" alt=\"\" src=\"https:\/\/agora.xtec.cat\/escolajoanperucho\/wp-content\/uploads\/usu2010\/2025\/07\/Foto_Nodes-103.jpg\" data-object-fit=\"cover\" srcset=\"https:\/\/agora.xtec.cat\/escolajoanperucho\/wp-content\/uploads\/usu2010\/2025\/07\/Foto_Nodes-103.jpg 2048w, https:\/\/agora.xtec.cat\/escolajoanperucho\/wp-content\/uploads\/usu2010\/2025\/07\/Foto_Nodes-103-300x225.jpg 300w, https:\/\/agora.xtec.cat\/escolajoanperucho\/wp-content\/uploads\/usu2010\/2025\/07\/Foto_Nodes-103-1024x768.jpg 1024w, https:\/\/agora.xtec.cat\/escolajoanperucho\/wp-content\/uploads\/usu2010\/2025\/07\/Foto_Nodes-103-768x576.jpg 768w, https:\/\/agora.xtec.cat\/escolajoanperucho\/wp-content\/uploads\/usu2010\/2025\/07\/Foto_Nodes-103-1536x1152.jpg 1536w\" sizes=\"auto, (max-width: 2048px) 100vw, 2048px\" \/><div class=\"wp-block-cover__inner-container is-layout-constrained wp-block-cover-is-layout-constrained\">\n<p class=\"has-text-align-center has-white-color has-text-color has-link-color has-large-font-size wp-elements-34d2ad956a4976fadc239d62cfe6a76f\" style=\"font-style:normal;font-weight:700;letter-spacing:5px;line-height:1.5\">SALUT<\/p>\n<\/div><\/div>\n\n\n\n<div style=\"height:70px\" aria-hidden=\"true\" class=\"wp-block-spacer\"><\/div>\n\n\n\n<h2 class=\"wp-block-heading has-ast-global-color-1-color has-text-color has-link-color wp-elements-471b483cf0ce5edcc518e67be33f7b90\" style=\"margin-top:0;margin-bottom:var(--wp--preset--spacing--60)\">Orientacions sanit\u00e0ries<\/h2>\n\n\n\n<p style=\"margin-top:var(--wp--preset--spacing--30);margin-bottom:var(--wp--preset--spacing--30)\">Aconsellem a les fam\u00edlies que per evitar contagis tingueu en compte les normes d\u2019actuaci\u00f3 dictades pel Departament de Sanitat i Seguretat Social de la Generalitat de Catalunya.<\/p>\n\n\n\n<p style=\"margin-top:var(--wp--preset--spacing--30);margin-bottom:var(--wp--preset--spacing--30)\">En aquest sentit, haureu de tenir en compte els seg\u00fcents casos que l\u2019alumne\/a <strong>no pot assistir a l\u2019escola<\/strong>: brut\u00edcia o manca d&#8217;higiene, aftes o llagues a la boca, v\u00f2mits acompanyats d&#8217;altres s\u00edmptomes, diarrea, mal de cap (manifestat per l&#8217;infant o pel plor continuat), febre, tos bronquial i persistent, conjuntivitis, lleganyes amb pus, erupcions i altres alteracions de la pell (excepte si duen l&#8217;informe del pediatre amb el diagn\u00f2stic indicat que no s\u00f3n contagioses), pediculosi (-polls- recordeu no tornar a l&#8217;escola fins a la total desaparici\u00f3 de les ll\u00e9menes), parasitosis intestinals (cucs, llambrics).<\/p>\n\n\n\n<figure class=\"wp-block-table is-style-stripes\" style=\"margin-top:var(--wp--preset--spacing--30);margin-bottom:var(--wp--preset--spacing--30)\"><table class=\"has-fixed-layout\"><thead><tr><th class=\"has-text-align-left\" data-align=\"left\"><strong>TIPUS DE MALALTIA<\/strong><\/th><th class=\"has-text-align-left\" data-align=\"left\"><strong>PER\u00cdODE DE NO ASSIST\u00c8NCIA<\/strong><\/th><\/tr><\/thead><tbody><tr><td class=\"has-text-align-left\" data-align=\"left\"><strong>Diarrees.<\/strong><\/td><td class=\"has-text-align-left\" data-align=\"left\">Fins a 48 h des de la darrera deposici\u00f3 diarreica (2 dies a casa).<\/td><\/tr><tr><td class=\"has-text-align-left\" data-align=\"left\"><strong>Pediculosi (ll\u00e9menes i polls).<\/strong><\/td><td class=\"has-text-align-left\" data-align=\"left\">Fins a 24 h despr\u00e9s d\u2019haver iniciat el tractament (1 dia a casa).<\/td><\/tr><tr><td class=\"has-text-align-left\" data-align=\"left\"><strong>Febre.<\/strong><\/td><td class=\"has-text-align-left\" data-align=\"left\">No tenir febre durant 24 h abans de tornar a l\u2019escola (1 dia a casa sense febre).<\/td><\/tr><tr><td class=\"has-text-align-left\" data-align=\"left\"><strong>Conjuntivitis purulenta.<\/strong><\/td><td class=\"has-text-align-left\" data-align=\"left\">Fins a 24 h despr\u00e9s de comen\u00e7ar el tractament (1 dia a casa).<\/td><\/tr><\/tbody><\/table><\/figure>\n\n\n\n<p style=\"margin-top:var(--wp--preset--spacing--30);margin-bottom:var(--wp--preset--spacing--30)\">Recordeu que pel benestar dels infants cal que estiguin el temps prudencial i necessari a casa quan estan malalts. En cas que hi hagi una recaiguda o un s\u00edmptoma de malaltia us avisarem com m\u00e9s aviat millor.<\/p>\n\n\n\n<h2 class=\"wp-block-heading has-ast-global-color-1-color has-text-color has-link-color wp-elements-c197b7b255bf408dae153b1c822cfef3\" style=\"margin-top:var(--wp--preset--spacing--60);margin-bottom:var(--wp--preset--spacing--60)\">Medicaci\u00f3<\/h2>\n\n\n\n<p style=\"margin-top:var(--wp--preset--spacing--30);margin-bottom:var(--wp--preset--spacing--30)\">Per facilitar un millor control, des de l\u2019escola us recomanem que l\u2019administraci\u00f3 dels medicaments es faci fora de l\u2019horari escolar.<\/p>\n\n\n\n<p style=\"margin-top:var(--wp--preset--spacing--30);margin-bottom:var(--wp--preset--spacing--30)\">En el cas que sigui indispensable, per poder administrar la medicaci\u00f3 als alumnes caldr\u00e0 que el pare, mare o tutor\/a legal aporti una recepta o informe del metge o metgessa on consti el nom de l\u2019alumne\/a, la pauta i el nom del medicament que ha de prendre, aix\u00ed com la corresponent autoritzaci\u00f3 signada.<\/p>\n\n\n\n<h2 class=\"wp-block-heading has-ast-global-color-1-color has-text-color has-link-color wp-elements-999cb6c4ac9b40cfe907bb8523ac3c43\" style=\"margin-top:var(--wp--preset--spacing--60);margin-bottom:var(--wp--preset--spacing--60)\">Esmorzars<\/h2>\n\n\n\n<p style=\"margin-top:var(--wp--preset--spacing--30);margin-bottom:var(--wp--preset--spacing--30)\">Per a qu\u00e8 l\u2019alumnat pugui tenir un major rendiment en el treball escolar \u00e9s important que <strong>esmorzin a casa abans de venir a l\u2019escola<\/strong>.<\/p>\n\n\n\n<p style=\"margin-top:var(--wp--preset--spacing--30);margin-bottom:var(--wp--preset--spacing--30)\">A l\u2019hora del pati dediquem una part del temps a un <strong>petit refrigeri<\/strong>. Us recomanem que per a una correcta alimentaci\u00f3, intenteu evitar productes de pastisseria industrial i, en canvi, promocioneu menjars m\u00e9s saludables com petits entrepans o peces de fruita, en poques quantitats, ja que no disposem de molt temps.<\/p>\n\n\n\n<p style=\"margin-top:var(--wp--preset--spacing--30);margin-bottom:var(--wp--preset--spacing--30)\">No es poden portar: sucs de fruita, iogurts (bevibles o no), preparats de fruita envasats i begudes l\u00e0cties ensucrades (per exemple batuts de cacau).<\/p>\n\n\n\n<p style=\"margin-top:var(--wp--preset--spacing--30);margin-bottom:var(--wp--preset--spacing--30)\">Els <strong>dilluns<\/strong> i els <strong>dimecres<\/strong> celebrem el <strong>dia de la fruita<\/strong>. Tothom, tant els i les mestres com l\u2019alumnat esmorzem fruita per potenciar el seu consum.<\/p>\n\n\n\n<p style=\"margin-top:var(--wp--preset--spacing--30);margin-bottom:var(--wp--preset--spacing--30)\">Tamb\u00e9 recomanem <strong>portar l\u2019esmorzar dins d\u2019una carmanyola<\/strong> i aix\u00ed reduir els residus. En cas que el vostre fill\/a no s\u2019acabi l\u2019esmorzar, guardar\u00e0 all\u00f2 que li ha sobrat dins la carmanyola.<\/p>\n\n\n\n<div class=\"wp-block-media-text is-stacked-on-mobile has-white-color has-text-color has-background has-link-color wp-elements-8933c5448121492a1ce310967548e634\" style=\"background-color:#c7d56c;margin-top:30px;margin-right:0px;margin-bottom:30px;margin-left:0px;padding-top:0px;padding-right:20px;padding-bottom:0px;padding-left:20px;grid-template-columns:20% auto\"><figure class=\"wp-block-media-text__media\"><img loading=\"lazy\" decoding=\"async\" width=\"1024\" height=\"979\" src=\"https:\/\/agora.xtec.cat\/escolajoanperucho\/wp-content\/uploads\/usu2010\/2025\/11\/Icona-informacio-1024x979.png\" alt=\"\" class=\"wp-image-10259 size-full\" srcset=\"https:\/\/agora.xtec.cat\/escolajoanperucho\/wp-content\/uploads\/usu2010\/2025\/11\/Icona-informacio-1024x979.png 1024w, https:\/\/agora.xtec.cat\/escolajoanperucho\/wp-content\/uploads\/usu2010\/2025\/11\/Icona-informacio-300x287.png 300w, https:\/\/agora.xtec.cat\/escolajoanperucho\/wp-content\/uploads\/usu2010\/2025\/11\/Icona-informacio-768x734.png 768w, https:\/\/agora.xtec.cat\/escolajoanperucho\/wp-content\/uploads\/usu2010\/2025\/11\/Icona-informacio.png 1280w\" sizes=\"auto, (max-width: 1024px) 100vw, 1024px\" \/><\/figure><div class=\"wp-block-media-text__content\">\n<p class=\"has-white-color has-text-color has-link-color has-medium-font-size wp-elements-cb62de40ac4ba7931c0382767cac0ccc\" style=\"margin-top:0px;margin-right:0px;margin-bottom:0px;margin-left:0px;padding-top:10px;padding-right:0px;padding-bottom:10px;padding-left:0px\"><strong>Per a m\u00e9s informaci\u00f3:<\/strong><\/p>\n\n\n\n<p class=\"has-white-color has-text-color has-link-color has-medium-font-size wp-elements-aa58227b289594ac92a960afe5c40291\" style=\"margin-top:0px;margin-right:0px;margin-bottom:0px;margin-left:0px;padding-top:10px;padding-right:0px;padding-bottom:10px;padding-left:0px\"><a href=\"https:\/\/educacio.gencat.cat\/ca\/arees-actuacio\/families\/habits-saludables\/alimentacio\" target=\"_blank\" rel=\"noreferrer noopener\"><strong>https:\/\/educacio.gencat.cat\/ca\/arees-actuacio\/families\/habits-saludables\/alimentacio<\/strong><\/a><\/p>\n<\/div><\/div>\n\n\n\n<h2 class=\"wp-block-heading has-ast-global-color-1-color has-text-color has-link-color wp-elements-51335ff2b2900436dfdb4fc03b3b9100\" style=\"margin-top:var(--wp--preset--spacing--60);margin-bottom:var(--wp--preset--spacing--60)\">Vacunacions<\/h2>\n\n\n\n<p style=\"margin-top:var(--wp--preset--spacing--30);margin-bottom:var(--wp--preset--spacing--30)\">Cada any i coincidint amb el curs escolar, els equips d&#8217;atenci\u00f3 prim\u00e0ria del Departament de Salut administren les vacunes a l&#8217;alumnat dels centres escolars segons el calendari de vacunacions vigent a Catalunya (Ordre SLT\/175\/2016, de 20 de juny, que modifica el Decret 95\/2014, d&#8217;1 de juliol, pel qual s&#8217;estableix el calendari de vacunacions sistem\u00e0tiques). L&#8217;objectiu de la vacunaci\u00f3 als centres escolars \u00e9s facilitar-ne l&#8217;acc\u00e9s i continuar amb el calendari de vacunacions que s&#8217;inicia a la inf\u00e0ncia. Aconseguir que el m\u00e0xim nombre de persones es vacunin ajuda a controlar la transmissi\u00f3 de les malalties i a protegir les persones m\u00e9s vulnerables.<\/p>\n\n\n\n<p style=\"margin-top:var(--wp--preset--spacing--30);margin-bottom:var(--wp--preset--spacing--30)\">Les vacunes se subministren a l&#8217;alumnat de 6\u00e8 de prim\u00e0ria, i posteriorment quan cursin 2n d&#8217;ESO.<\/p>\n\n\n\n<p style=\"margin-top:var(--wp--preset--spacing--30);margin-bottom:var(--wp--preset--spacing--30)\">L&#8217;escola us comunicar\u00e0 amb antelaci\u00f3 el calendari del subministrament de les vacunes, per a les que caldr\u00e0 que signeu una autoritzaci\u00f3 que us proporcionar\u00e0 la mateixa escola.<\/p>\n\n\n\n<div class=\"wp-block-media-text is-stacked-on-mobile has-white-color has-text-color has-background has-link-color wp-elements-606610aaccb1c77df60cfec5e95e05c7\" style=\"background-color:#c7d56c;margin-top:30px;margin-right:0px;margin-bottom:30px;margin-left:0px;padding-top:0px;padding-right:20px;padding-bottom:0px;padding-left:20px;grid-template-columns:20% auto\"><figure class=\"wp-block-media-text__media\"><img loading=\"lazy\" decoding=\"async\" width=\"1024\" height=\"979\" src=\"https:\/\/agora.xtec.cat\/escolajoanperucho\/wp-content\/uploads\/usu2010\/2025\/11\/Icona-informacio-1024x979.png\" alt=\"\" class=\"wp-image-10259 size-full\" srcset=\"https:\/\/agora.xtec.cat\/escolajoanperucho\/wp-content\/uploads\/usu2010\/2025\/11\/Icona-informacio-1024x979.png 1024w, https:\/\/agora.xtec.cat\/escolajoanperucho\/wp-content\/uploads\/usu2010\/2025\/11\/Icona-informacio-300x287.png 300w, https:\/\/agora.xtec.cat\/escolajoanperucho\/wp-content\/uploads\/usu2010\/2025\/11\/Icona-informacio-768x734.png 768w, https:\/\/agora.xtec.cat\/escolajoanperucho\/wp-content\/uploads\/usu2010\/2025\/11\/Icona-informacio.png 1280w\" sizes=\"auto, (max-width: 1024px) 100vw, 1024px\" \/><\/figure><div class=\"wp-block-media-text__content\">\n<p class=\"has-white-color has-text-color has-link-color has-medium-font-size wp-elements-cb62de40ac4ba7931c0382767cac0ccc\" style=\"margin-top:0px;margin-right:0px;margin-bottom:0px;margin-left:0px;padding-top:10px;padding-right:0px;padding-bottom:10px;padding-left:0px\"><strong>Per a m\u00e9s informaci\u00f3:<\/strong><\/p>\n\n\n\n<p class=\"has-white-color has-text-color has-link-color has-medium-font-size wp-elements-0ba0ce53da60183de4b10630c67d62b3\" style=\"margin-top:0px;margin-right:0px;margin-bottom:0px;margin-left:0px;padding-top:10px;padding-right:0px;padding-bottom:10px;padding-left:0px\"><a href=\"https:\/\/salutpublica.gencat.cat\/ca\/ambits\/promocio\/vacunacions\/vacunacio-centres-educatius\/index.html\" target=\"_blank\" rel=\"noreferrer noopener\"><strong>https:\/\/salutpublica.gencat.cat\/ca\/ambits\/promocio\/vacunacions\/vacunacio-centres-educatius\/index.html<\/strong><\/a><\/p>\n<\/div><\/div>\n\n\n\n<hr class=\"wp-block-separator has-text-color has-ast-global-color-1-color has-alpha-channel-opacity has-ast-global-color-1-background-color has-background\" style=\"margin-top:var(--wp--preset--spacing--60);margin-bottom:var(--wp--preset--spacing--60)\"\/>\n\n\n\n<div class=\"wp-block-buttons is-content-justification-center is-layout-flex wp-container-core-buttons-is-layout-1 wp-block-buttons-is-layout-flex\">\n<div class=\"wp-block-button has-custom-font-size has-medium-font-size\"><a class=\"wp-block-button__link has-white-color has-ast-global-color-1-background-color has-text-color has-background has-link-color has-text-align-center wp-element-button\" href=\"https:\/\/agora.xtec.cat\/escolajoanperucho\/\" style=\"padding-top:var(--wp--preset--spacing--50);padding-right:var(--wp--preset--spacing--50);padding-bottom:var(--wp--preset--spacing--50);padding-left:var(--wp--preset--spacing--50);box-shadow:var(--wp--preset--shadow--natural)\"><img loading=\"lazy\" decoding=\"async\" width=\"120\" height=\"95\" class=\"wp-image-6874\" style=\"width: 120px;\" src=\"https:\/\/agora.xtec.cat\/escolajoanperucho\/wp-content\/uploads\/usu2010\/2023\/11\/Logotip-escola-fons-semitransparent-3.png\" alt=\"\"><strong>   Tornar a la PORTADA<\/strong><\/a><\/div>\n<\/div>\n","protected":false},"excerpt":{"rendered":"<p>Orientacions sanit\u00e0ries Aconsellem a les fam\u00edlies que per evitar contagis tingueu en compte les normes d\u2019actuaci\u00f3 dictades pel Departament de Sanitat i Seguretat Social de la Generalitat de Catalunya. En aquest sentit, haureu de tenir en compte els seg\u00fcents casos que l\u2019alumne\/a no pot assistir a l\u2019escola: brut\u00edcia o manca d&#8217;higiene, aftes o llagues a [&hellip;]<\/p>\n","protected":false},"author":1,"featured_media":0,"parent":9645,"menu_order":20,"comment_status":"closed","ping_status":"closed","template":"","meta":{"_bbp_topic_count":0,"_bbp_reply_count":0,"_bbp_total_topic_count":0,"_bbp_total_reply_count":0,"_bbp_voice_count":0,"_bbp_anonymous_reply_count":0,"_bbp_topic_count_hidden":0,"_bbp_reply_count_hidden":0,"_bbp_forum_subforum_count":0,"site-sidebar-layout":"default","site-content-layout":"","ast-site-content-layout":"default","site-content-style":"default","site-sidebar-style":"default","ast-global-header-display":"","ast-banner-title-visibility":"","ast-main-header-display":"","ast-hfb-above-header-display":"","ast-hfb-below-header-display":"","ast-hfb-mobile-header-display":"","site-post-title":"disabled","ast-breadcrumbs-content":"","ast-featured-img":"","footer-sml-layout":"","theme-transparent-header-meta":"","adv-header-id-meta":"","stick-header-meta":"","header-above-stick-meta":"","header-main-stick-meta":"","header-below-stick-meta":"","astra-migrate-meta-layouts":"set","ast-page-background-enabled":"default","ast-page-background-meta":{"desktop":{"background-color":"var(--ast-global-color-4)","background-image":"","background-repeat":"repeat","background-position":"center center","background-size":"auto","background-attachment":"scroll","background-type":"","background-media":"","overlay-type":"","overlay-color":"","overlay-opacity":"","overlay-gradient":""},"tablet":{"background-color":"","background-image":"","background-repeat":"repeat","background-position":"center center","background-size":"auto","background-attachment":"scroll","background-type":"","background-media":"","overlay-type":"","overlay-color":"","overlay-opacity":"","overlay-gradient":""},"mobile":{"background-color":"","background-image":"","background-repeat":"repeat","background-position":"center center","background-size":"auto","background-attachment":"scroll","background-type":"","background-media":"","overlay-type":"","overlay-color":"","overlay-opacity":"","overlay-gradient":""}},"ast-content-background-meta":{"desktop":{"background-color":"var(--ast-global-color-5)","background-image":"","background-repeat":"repeat","background-position":"center center","background-size":"auto","background-attachment":"scroll","background-type":"","background-media":"","overlay-type":"","overlay-color":"","overlay-opacity":"","overlay-gradient":""},"tablet":{"background-color":"var(--ast-global-color-5)","background-image":"","background-repeat":"repeat","background-position":"center center","background-size":"auto","background-attachment":"scroll","background-type":"","background-media":"","overlay-type":"","overlay-color":"","overlay-opacity":"","overlay-gradient":""},"mobile":{"background-color":"var(--ast-global-color-5)","background-image":"","background-repeat":"repeat","background-position":"center center","background-size":"auto","background-attachment":"scroll","background-type":"","background-media":"","overlay-type":"","overlay-color":"","overlay-opacity":"","overlay-gradient":""}},"footnotes":""},"class_list":["post-30","page","type-page","status-publish","hentry"],"post_mailing_queue_ids":[],"_links":{"self":[{"href":"https:\/\/agora.xtec.cat\/escolajoanperucho\/wp-json\/wp\/v2\/pages\/30","targetHints":{"allow":["GET"]}}],"collection":[{"href":"https:\/\/agora.xtec.cat\/escolajoanperucho\/wp-json\/wp\/v2\/pages"}],"about":[{"href":"https:\/\/agora.xtec.cat\/escolajoanperucho\/wp-json\/wp\/v2\/types\/page"}],"author":[{"embeddable":true,"href":"https:\/\/agora.xtec.cat\/escolajoanperucho\/wp-json\/wp\/v2\/users\/1"}],"replies":[{"embeddable":true,"href":"https:\/\/agora.xtec.cat\/escolajoanperucho\/wp-json\/wp\/v2\/comments?post=30"}],"version-history":[{"count":6,"href":"https:\/\/agora.xtec.cat\/escolajoanperucho\/wp-json\/wp\/v2\/pages\/30\/revisions"}],"predecessor-version":[{"id":10917,"href":"https:\/\/agora.xtec.cat\/escolajoanperucho\/wp-json\/wp\/v2\/pages\/30\/revisions\/10917"}],"up":[{"embeddable":true,"href":"https:\/\/agora.xtec.cat\/escolajoanperucho\/wp-json\/wp\/v2\/pages\/9645"}],"wp:attachment":[{"href":"https:\/\/agora.xtec.cat\/escolajoanperucho\/wp-json\/wp\/v2\/media?parent=30"}],"curies":[{"name":"wp","href":"https:\/\/api.w.org\/{rel}","templated":true}]}}