{"id":6428,"date":"2021-12-03T15:33:55","date_gmt":"2021-12-03T14:33:55","guid":{"rendered":"https:\/\/agora.xtec.cat\/escolajmciurana\/?page_id=6428"},"modified":"2021-12-03T15:36:22","modified_gmt":"2021-12-03T14:36:22","slug":"empatitzat","status":"publish","type":"page","link":"https:\/\/agora.xtec.cat\/escolajmciurana\/projectes-de-centre\/empatitzat\/","title":{"rendered":"EmPATitza&#8217;t"},"content":{"rendered":"<p>L&#8217;escola t\u00e9 un projecte participatiu de transformaci\u00f3 del pati de l&#8217;escola amb l&#8217;entorn d&#8217;aquesta.<\/p>\n<p>Una comissi\u00f3 formada per fam\u00edlies, membres de l&#8217;AMPA i membres de l&#8217;equip docent de l&#8217;escola, van escoltar la necessitat de remodelar l&#8217;espai d&#8217;esbarjo dels infants per tal que aquest fos m\u00e9s atractiu i profit\u00f3s. Agafant aquest fet, van comen\u00e7ar a generar idees<span style=\"font-family: inherit; font-size: 1em;\">\u00a0i a\u00a0<\/span>modificar aquest espai que tant gaudeixen els membres de l&#8217;escola.<\/p>\n<p>Clicant a la imatge podreu veure un document informatiu d&#8217;aquest.<\/p>\n<p><a href=\"https:\/\/drive.google.com\/file\/d\/14X8Rjp4KoTVseH_y1k3w24gVSVaaZ8Yu\/view?usp=sharing\" target=\"_blank\" rel=\"noopener\"><img loading=\"lazy\" decoding=\"async\" class=\"alignnone wp-image-6168\" src=\"https:\/\/agora.xtec.cat\/escolajmciurana\/wp-content\/uploads\/usu341\/2021\/07\/pintura-1024x768.jpg\" alt=\"\" width=\"578\" height=\"433\" \/><\/a><\/p>\n<p>&nbsp;<\/p>\n","protected":false},"excerpt":{"rendered":"<p>L&#8217;escola t\u00e9 un projecte participatiu de transformaci\u00f3 del pati de l&#8217;escola amb l&#8217;entorn d&#8217;aquesta. Una comissi\u00f3 formada per fam\u00edlies, membres de l&#8217;AMPA i membres de l&#8217;equip docent de l&#8217;escola, van escoltar la necessitat de remodelar l&#8217;espai d&#8217;esbarjo dels infants per tal que aquest fos m\u00e9s atractiu i profit\u00f3s. Agafant aquest fet, van comen\u00e7ar a generar [&hellip;]<\/p>\n","protected":false},"author":1,"featured_media":0,"parent":6387,"menu_order":2,"comment_status":"closed","ping_status":"closed","template":"page-templates\/side-menu.php","meta":{"_bbp_topic_count":0,"_bbp_reply_count":0,"_bbp_total_topic_count":0,"_bbp_total_reply_count":0,"_bbp_voice_count":0,"_bbp_anonymous_reply_count":0,"_bbp_topic_count_hidden":0,"_bbp_reply_count_hidden":0,"_bbp_forum_subforum_count":0,"site-sidebar-layout":"default","site-content-layout":"","ast-site-content-layout":"","site-content-style":"default","site-sidebar-style":"default","ast-global-header-display":"","ast-banner-title-visibility":"","ast-main-header-display":"","ast-hfb-above-header-display":"","ast-hfb-below-header-display":"","ast-hfb-mobile-header-display":"","site-post-title":"","ast-breadcrumbs-content":"","ast-featured-img":"","footer-sml-layout":"","theme-transparent-header-meta":"","adv-header-id-meta":"","stick-header-meta":"","header-above-stick-meta":"","header-main-stick-meta":"","header-below-stick-meta":"","astra-migrate-meta-layouts":"default","ast-page-background-enabled":"default","ast-page-background-meta":{"desktop":{"background-color":"var(--ast-global-color-4)","background-image":"","background-repeat":"repeat","background-position":"center center","background-size":"auto","background-attachment":"scroll","background-type":"","background-media":"","overlay-type":"","overlay-color":"","overlay-opacity":"","overlay-gradient":""},"tablet":{"background-color":"","background-image":"","background-repeat":"repeat","background-position":"center center","background-size":"auto","background-attachment":"scroll","background-type":"","background-media":"","overlay-type":"","overlay-color":"","overlay-opacity":"","overlay-gradient":""},"mobile":{"background-color":"","background-image":"","background-repeat":"repeat","background-position":"center center","background-size":"auto","background-attachment":"scroll","background-type":"","background-media":"","overlay-type":"","overlay-color":"","overlay-opacity":"","overlay-gradient":""}},"ast-content-background-meta":{"desktop":{"background-color":"var(--ast-global-color-5)","background-image":"","background-repeat":"repeat","background-position":"center center","background-size":"auto","background-attachment":"scroll","background-type":"","background-media":"","overlay-type":"","overlay-color":"","overlay-opacity":"","overlay-gradient":""},"tablet":{"background-color":"var(--ast-global-color-5)","background-image":"","background-repeat":"repeat","background-position":"center center","background-size":"auto","background-attachment":"scroll","background-type":"","background-media":"","overlay-type":"","overlay-color":"","overlay-opacity":"","overlay-gradient":""},"mobile":{"background-color":"var(--ast-global-color-5)","background-image":"","background-repeat":"repeat","background-position":"center center","background-size":"auto","background-attachment":"scroll","background-type":"","background-media":"","overlay-type":"","overlay-color":"","overlay-opacity":"","overlay-gradient":""}},"footnotes":""},"class_list":["post-6428","page","type-page","status-publish","hentry"],"post_mailing_queue_ids":[],"_links":{"self":[{"href":"https:\/\/agora.xtec.cat\/escolajmciurana\/wp-json\/wp\/v2\/pages\/6428","targetHints":{"allow":["GET"]}}],"collection":[{"href":"https:\/\/agora.xtec.cat\/escolajmciurana\/wp-json\/wp\/v2\/pages"}],"about":[{"href":"https:\/\/agora.xtec.cat\/escolajmciurana\/wp-json\/wp\/v2\/types\/page"}],"author":[{"embeddable":true,"href":"https:\/\/agora.xtec.cat\/escolajmciurana\/wp-json\/wp\/v2\/users\/1"}],"replies":[{"embeddable":true,"href":"https:\/\/agora.xtec.cat\/escolajmciurana\/wp-json\/wp\/v2\/comments?post=6428"}],"version-history":[{"count":2,"href":"https:\/\/agora.xtec.cat\/escolajmciurana\/wp-json\/wp\/v2\/pages\/6428\/revisions"}],"predecessor-version":[{"id":6432,"href":"https:\/\/agora.xtec.cat\/escolajmciurana\/wp-json\/wp\/v2\/pages\/6428\/revisions\/6432"}],"up":[{"embeddable":true,"href":"https:\/\/agora.xtec.cat\/escolajmciurana\/wp-json\/wp\/v2\/pages\/6387"}],"wp:attachment":[{"href":"https:\/\/agora.xtec.cat\/escolajmciurana\/wp-json\/wp\/v2\/media?parent=6428"}],"curies":[{"name":"wp","href":"https:\/\/api.w.org\/{rel}","templated":true}]}}