{"id":64,"date":"2014-09-18T12:39:08","date_gmt":"2014-09-18T10:39:08","guid":{"rendered":"http:\/\/agora.xtec.cat\/escolajmciurana\/?page_id=64"},"modified":"2023-01-11T11:54:48","modified_gmt":"2023-01-11T10:54:48","slug":"projecte-educatiu","status":"publish","type":"page","link":"https:\/\/agora.xtec.cat\/escolajmciurana\/projecte-educatiu\/projecte-educatiu\/","title":{"rendered":"Projecte Educatiu de Centre"},"content":{"rendered":"<div style=\"text-align: center;\"><\/div>\n<div><a href=\"https:\/\/drive.google.com\/file\/d\/1ek75h_EMufD0wuHEAm-oQSKC1v43lbVM\/view?usp=share_link\"><img loading=\"lazy\" decoding=\"async\" class=\"wp-image-7017 alignleft\" src=\"https:\/\/agora.xtec.cat\/escolajmciurana\/wp-content\/uploads\/usu341\/2023\/01\/PROJECTE-EDUCATIU-1024x667.png\" alt=\"\" width=\"473\" height=\"308\" srcset=\"https:\/\/agora.xtec.cat\/escolajmciurana\/wp-content\/uploads\/usu341\/2023\/01\/PROJECTE-EDUCATIU-1024x667.png 1024w, https:\/\/agora.xtec.cat\/escolajmciurana\/wp-content\/uploads\/usu341\/2023\/01\/PROJECTE-EDUCATIU-300x196.png 300w, https:\/\/agora.xtec.cat\/escolajmciurana\/wp-content\/uploads\/usu341\/2023\/01\/PROJECTE-EDUCATIU-768x500.png 768w, https:\/\/agora.xtec.cat\/escolajmciurana\/wp-content\/uploads\/usu341\/2023\/01\/PROJECTE-EDUCATIU.png 1200w\" sizes=\"auto, (max-width: 473px) 100vw, 473px\" \/><\/a><\/div>\n<div>\n<p>El projecte educatiu de centre (PEC) \u00e9s un document que inclou els trets d&#8217;identitat del centre, els principis pedag\u00f2gics, els principis organitzatius i el projecte ling\u00fc\u00edstic.<\/p>\n<p>En aquest document s&#8217;especifiquen els valors, els objectius i les prioritats d&#8217;actuaci\u00f3 del centre, la concreci\u00f3 dels curr\u00edculums que s&#8217;imparteixen i el tractament transversal en les \u00e0rees, mat\u00e8ries o m\u00f2duls de l&#8217;educaci\u00f3 en valors i altres ensenyaments.<\/p>\n<\/div>\n<div><a href=\"https:\/\/drive.google.com\/file\/d\/1ek75h_EMufD0wuHEAm-oQSKC1v43lbVM\/view?usp=share_link\">Podeu accedir al nostre PEC fent clic AQU\u00cd.<\/a><\/div>\n<div><\/div>\n<div class=\"separator\" style=\"text-align: center;\"><\/div>\n","protected":false},"excerpt":{"rendered":"<p>El projecte educatiu de centre (PEC) \u00e9s un document que inclou els trets d&#8217;identitat del centre, els principis pedag\u00f2gics, els principis organitzatius i el projecte ling\u00fc\u00edstic. En aquest document s&#8217;especifiquen els valors, els objectius i les prioritats d&#8217;actuaci\u00f3 del centre, la concreci\u00f3 dels curr\u00edculums que s&#8217;imparteixen i el tractament transversal en les \u00e0rees, mat\u00e8ries o [&hellip;]<\/p>\n","protected":false},"author":2,"featured_media":0,"parent":1703,"menu_order":0,"comment_status":"closed","ping_status":"closed","template":"page-templates\/side-menu.php","meta":{"_bbp_topic_count":0,"_bbp_reply_count":0,"_bbp_total_topic_count":0,"_bbp_total_reply_count":0,"_bbp_voice_count":0,"_bbp_anonymous_reply_count":0,"_bbp_topic_count_hidden":0,"_bbp_reply_count_hidden":0,"_bbp_forum_subforum_count":0,"site-sidebar-layout":"default","site-content-layout":"","ast-site-content-layout":"","site-content-style":"default","site-sidebar-style":"default","ast-global-header-display":"","ast-banner-title-visibility":"","ast-main-header-display":"","ast-hfb-above-header-display":"","ast-hfb-below-header-display":"","ast-hfb-mobile-header-display":"","site-post-title":"","ast-breadcrumbs-content":"","ast-featured-img":"","footer-sml-layout":"","theme-transparent-header-meta":"","adv-header-id-meta":"","stick-header-meta":"","header-above-stick-meta":"","header-main-stick-meta":"","header-below-stick-meta":"","astra-migrate-meta-layouts":"default","ast-page-background-enabled":"default","ast-page-background-meta":{"desktop":{"background-color":"var(--ast-global-color-4)","background-image":"","background-repeat":"repeat","background-position":"center center","background-size":"auto","background-attachment":"scroll","background-type":"","background-media":"","overlay-type":"","overlay-color":"","overlay-opacity":"","overlay-gradient":""},"tablet":{"background-color":"","background-image":"","background-repeat":"repeat","background-position":"center center","background-size":"auto","background-attachment":"scroll","background-type":"","background-media":"","overlay-type":"","overlay-color":"","overlay-opacity":"","overlay-gradient":""},"mobile":{"background-color":"","background-image":"","background-repeat":"repeat","background-position":"center center","background-size":"auto","background-attachment":"scroll","background-type":"","background-media":"","overlay-type":"","overlay-color":"","overlay-opacity":"","overlay-gradient":""}},"ast-content-background-meta":{"desktop":{"background-color":"var(--ast-global-color-5)","background-image":"","background-repeat":"repeat","background-position":"center center","background-size":"auto","background-attachment":"scroll","background-type":"","background-media":"","overlay-type":"","overlay-color":"","overlay-opacity":"","overlay-gradient":""},"tablet":{"background-color":"var(--ast-global-color-5)","background-image":"","background-repeat":"repeat","background-position":"center center","background-size":"auto","background-attachment":"scroll","background-type":"","background-media":"","overlay-type":"","overlay-color":"","overlay-opacity":"","overlay-gradient":""},"mobile":{"background-color":"var(--ast-global-color-5)","background-image":"","background-repeat":"repeat","background-position":"center center","background-size":"auto","background-attachment":"scroll","background-type":"","background-media":"","overlay-type":"","overlay-color":"","overlay-opacity":"","overlay-gradient":""}},"footnotes":""},"class_list":["post-64","page","type-page","status-publish","hentry"],"post_mailing_queue_ids":[],"_links":{"self":[{"href":"https:\/\/agora.xtec.cat\/escolajmciurana\/wp-json\/wp\/v2\/pages\/64","targetHints":{"allow":["GET"]}}],"collection":[{"href":"https:\/\/agora.xtec.cat\/escolajmciurana\/wp-json\/wp\/v2\/pages"}],"about":[{"href":"https:\/\/agora.xtec.cat\/escolajmciurana\/wp-json\/wp\/v2\/types\/page"}],"author":[{"embeddable":true,"href":"https:\/\/agora.xtec.cat\/escolajmciurana\/wp-json\/wp\/v2\/users\/2"}],"replies":[{"embeddable":true,"href":"https:\/\/agora.xtec.cat\/escolajmciurana\/wp-json\/wp\/v2\/comments?post=64"}],"version-history":[{"count":3,"href":"https:\/\/agora.xtec.cat\/escolajmciurana\/wp-json\/wp\/v2\/pages\/64\/revisions"}],"predecessor-version":[{"id":7018,"href":"https:\/\/agora.xtec.cat\/escolajmciurana\/wp-json\/wp\/v2\/pages\/64\/revisions\/7018"}],"up":[{"embeddable":true,"href":"https:\/\/agora.xtec.cat\/escolajmciurana\/wp-json\/wp\/v2\/pages\/1703"}],"wp:attachment":[{"href":"https:\/\/agora.xtec.cat\/escolajmciurana\/wp-json\/wp\/v2\/media?parent=64"}],"curies":[{"name":"wp","href":"https:\/\/api.w.org\/{rel}","templated":true}]}}

<div style="text-align: center;"></div>
<div><a href="https://drive.google.com/file/d/1ek75h_EMufD0wuHEAm-oQSKC1v43lbVM/view?usp=share_link"><img loading="lazy" decoding="async" class="wp-image-7017 alignleft" src="https://agora.xtec.cat/escolajmciurana/wp-content/uploads/usu341/2023/01/PROJECTE-EDUCATIU-1024x667.png" alt="" width="473" height="308" srcset="https://agora.xtec.cat/escolajmciurana/wp-content/uploads/usu341/2023/01/PROJECTE-EDUCATIU-1024x667.png 1024w, https://agora.xtec.cat/escolajmciurana/wp-content/uploads/usu341/2023/01/PROJECTE-EDUCATIU-300x196.png 300w, https://agora.xtec.cat/escolajmciurana/wp-content/uploads/usu341/2023/01/PROJECTE-EDUCATIU-768x500.png 768w, https://agora.xtec.cat/escolajmciurana/wp-content/uploads/usu341/2023/01/PROJECTE-EDUCATIU.png 1200w" sizes="auto, (max-width: 473px) 100vw, 473px" /></a></div>
<div>
<p>El projecte educatiu de centre (PEC) és un document que inclou els trets d&#8217;identitat del centre, els principis pedagògics, els principis organitzatius i el projecte lingüístic.</p>
<p>En aquest document s&#8217;especifiquen els valors, els objectius i les prioritats d&#8217;actuació del centre, la concreció dels currículums que s&#8217;imparteixen i el tractament transversal en les àrees, matèries o mòduls de l&#8217;educació en valors i altres ensenyaments.</p>
</div>
<div><a href="https://drive.google.com/file/d/1ek75h_EMufD0wuHEAm-oQSKC1v43lbVM/view?usp=share_link">Podeu accedir al nostre PEC fent clic AQUÍ.</a></div>
<div></div>
<div class="separator" style="text-align: center;"></div>

<p>El projecte educatiu de centre (PEC) és un document que inclou els trets d&#8217;identitat del centre, els principis pedagògics, els principis organitzatius i el projecte lingüístic. En aquest document s&#8217;especifiquen els valors, els objectius i les prioritats d&#8217;actuació del centre, la concreció dels currículums que s&#8217;imparteixen i el tractament transversal en les àrees, matèries o [&hellip;]</p>
