{"id":208,"date":"2015-04-22T10:56:44","date_gmt":"2015-04-22T09:56:44","guid":{"rendered":"http:\/\/agora.xtec.cat\/escolajmciurana\/?page_id=208"},"modified":"2020-11-02T16:15:08","modified_gmt":"2020-11-02T15:15:08","slug":"continguts-de-l-escola","status":"publish","type":"page","link":"https:\/\/agora.xtec.cat\/escolajmciurana\/projecte-educatiu\/continguts-de-l-escola\/","title":{"rendered":"Continguts de les \u00e0rees"},"content":{"rendered":"<table border=\"1\">\n<tbody>\n<tr>\n<td colspan=\"3\">\n<div align=\"center\">EDUCACI\u00d3 INFANTIL<\/div>\n<\/td>\n<\/tr>\n<tr>\n<td width=\"11%\">\n<div align=\"center\"><a href=\"https:\/\/drive.google.com\/file\/d\/0B_RneaeGN_3gWkZfbTRHdVM3WHM\/view?usp=sharing\">COMUNICACI\u00d3 I LLENGUATGES<\/a><\/div>\n<\/td>\n<td width=\"11%\">\n<div align=\"center\"><a href=\"https:\/\/docs.google.com\/file\/d\/0B_RneaeGN_3gSlI2TFpIaDRtaXM\/edit?usp=sharing\">DESCOBERTA ENTORN<\/a><\/div>\n<\/td>\n<td width=\"11%\">\n<div align=\"center\"><a href=\"https:\/\/docs.google.com\/file\/d\/0B_RneaeGN_3gY19nZnFHa1RpWjA\/edit?usp=sharing\">DESCOBERTA D&#8217;UN MATEIX I DELS ALTRES.<\/a><\/div>\n<\/td>\n<\/tr>\n<tr>\n<td colspan=\"3\" height=\"24\"><\/td>\n<\/tr>\n<\/tbody>\n<\/table>\n<p>&nbsp;<\/p>\n<table border=\"1\">\n<tbody>\n<tr>\n<td colspan=\"7\">\n<div align=\"center\">EDUCACI\u00d3 PRIM\u00c0RIA<\/div>\n<\/td>\n<\/tr>\n<tr>\n<td width=\"12%\" height=\"63\">\n<div align=\"center\"><a href=\"https:\/\/docs.google.com\/open?id=0B_RneaeGN_3gYzZidGExUnc1cjg\" target=\"_blank\" rel=\"noopener noreferrer\">MATEM\u00c0TIQUES<\/a><\/div>\n<\/td>\n<td width=\"7%\" height=\"63\">\n<div align=\"center\"><a href=\"https:\/\/docs.google.com\/open?id=0B_RneaeGN_3gc092emFsa3dGcjA\" target=\"_blank\" rel=\"noopener noreferrer\">CATAL\u00c0<\/a><\/div>\n<\/td>\n<td width=\"8%\" height=\"63\">\n<div align=\"center\"><a href=\"https:\/\/docs.google.com\/open?id=0B_RneaeGN_3galZnWk1sZmR5WjA\" target=\"_blank\" rel=\"noopener noreferrer\">CASTELL\u00c0<\/a><\/div>\n<\/td>\n<td width=\"6%\" height=\"63\">\n<div align=\"center\"><a href=\"https:\/\/docs.google.com\/open?id=0B_RneaeGN_3gcDhTcHFmZkRmeVE\" target=\"_blank\" rel=\"noopener noreferrer\">ENGLISH<\/a><\/div>\n<\/td>\n<td width=\"6%\" height=\"63\">\n<div align=\"center\"><a href=\"https:\/\/docs.google.com\/open?id=0B_RneaeGN_3gRjM5VGgzWmFmMU0\" target=\"_blank\" rel=\"noopener noreferrer\">M\u00daSICA<\/a><\/div>\n<\/td>\n<td width=\"11%\" height=\"63\">\n<div align=\"center\"><a href=\"https:\/\/docs.google.com\/open?id=0B_RneaeGN_3gNHctVGkxVVcwemM\" target=\"_blank\" rel=\"noopener noreferrer\">CONEIXEMENT DEL MEDI<\/a><\/div>\n<\/td>\n<td width=\"17%\" height=\"63\">\n<div align=\"center\"><a href=\"https:\/\/docs.google.com\/open?id=0B_RneaeGN_3gQ0twa3FqT2dQNHM\" target=\"_blank\" rel=\"noopener noreferrer\">EDUCACI\u00d3 F\u00cdSICA<\/a><\/div>\n<\/td>\n<\/tr>\n<\/tbody>\n<\/table>\n","protected":false},"excerpt":{"rendered":"<p>EDUCACI\u00d3 INFANTIL COMUNICACI\u00d3 I LLENGUATGES DESCOBERTA ENTORN DESCOBERTA D&#8217;UN MATEIX I DELS ALTRES. &nbsp; EDUCACI\u00d3 PRIM\u00c0RIA MATEM\u00c0TIQUES CATAL\u00c0 CASTELL\u00c0 ENGLISH M\u00daSICA CONEIXEMENT DEL MEDI EDUCACI\u00d3 F\u00cdSICA<\/p>\n","protected":false},"author":1,"featured_media":0,"parent":1703,"menu_order":0,"comment_status":"closed","ping_status":"closed","template":"page-templates\/side-menu.php","meta":{"_bbp_topic_count":0,"_bbp_reply_count":0,"_bbp_total_topic_count":0,"_bbp_total_reply_count":0,"_bbp_voice_count":0,"_bbp_anonymous_reply_count":0,"_bbp_topic_count_hidden":0,"_bbp_reply_count_hidden":0,"_bbp_forum_subforum_count":0,"site-sidebar-layout":"default","site-content-layout":"","ast-site-content-layout":"","site-content-style":"default","site-sidebar-style":"default","ast-global-header-display":"","ast-banner-title-visibility":"","ast-main-header-display":"","ast-hfb-above-header-display":"","ast-hfb-below-header-display":"","ast-hfb-mobile-header-display":"","site-post-title":"","ast-breadcrumbs-content":"","ast-featured-img":"","footer-sml-layout":"","theme-transparent-header-meta":"","adv-header-id-meta":"","stick-header-meta":"","header-above-stick-meta":"","header-main-stick-meta":"","header-below-stick-meta":"","astra-migrate-meta-layouts":"default","ast-page-background-enabled":"default","ast-page-background-meta":{"desktop":{"background-color":"var(--ast-global-color-4)","background-image":"","background-repeat":"repeat","background-position":"center center","background-size":"auto","background-attachment":"scroll","background-type":"","background-media":"","overlay-type":"","overlay-color":"","overlay-opacity":"","overlay-gradient":""},"tablet":{"background-color":"","background-image":"","background-repeat":"repeat","background-position":"center center","background-size":"auto","background-attachment":"scroll","background-type":"","background-media":"","overlay-type":"","overlay-color":"","overlay-opacity":"","overlay-gradient":""},"mobile":{"background-color":"","background-image":"","background-repeat":"repeat","background-position":"center center","background-size":"auto","background-attachment":"scroll","background-type":"","background-media":"","overlay-type":"","overlay-color":"","overlay-opacity":"","overlay-gradient":""}},"ast-content-background-meta":{"desktop":{"background-color":"var(--ast-global-color-5)","background-image":"","background-repeat":"repeat","background-position":"center center","background-size":"auto","background-attachment":"scroll","background-type":"","background-media":"","overlay-type":"","overlay-color":"","overlay-opacity":"","overlay-gradient":""},"tablet":{"background-color":"var(--ast-global-color-5)","background-image":"","background-repeat":"repeat","background-position":"center center","background-size":"auto","background-attachment":"scroll","background-type":"","background-media":"","overlay-type":"","overlay-color":"","overlay-opacity":"","overlay-gradient":""},"mobile":{"background-color":"var(--ast-global-color-5)","background-image":"","background-repeat":"repeat","background-position":"center center","background-size":"auto","background-attachment":"scroll","background-type":"","background-media":"","overlay-type":"","overlay-color":"","overlay-opacity":"","overlay-gradient":""}},"footnotes":""},"class_list":["post-208","page","type-page","status-publish","hentry"],"post_mailing_queue_ids":[],"_links":{"self":[{"href":"https:\/\/agora.xtec.cat\/escolajmciurana\/wp-json\/wp\/v2\/pages\/208","targetHints":{"allow":["GET"]}}],"collection":[{"href":"https:\/\/agora.xtec.cat\/escolajmciurana\/wp-json\/wp\/v2\/pages"}],"about":[{"href":"https:\/\/agora.xtec.cat\/escolajmciurana\/wp-json\/wp\/v2\/types\/page"}],"author":[{"embeddable":true,"href":"https:\/\/agora.xtec.cat\/escolajmciurana\/wp-json\/wp\/v2\/users\/1"}],"replies":[{"embeddable":true,"href":"https:\/\/agora.xtec.cat\/escolajmciurana\/wp-json\/wp\/v2\/comments?post=208"}],"version-history":[{"count":4,"href":"https:\/\/agora.xtec.cat\/escolajmciurana\/wp-json\/wp\/v2\/pages\/208\/revisions"}],"predecessor-version":[{"id":4612,"href":"https:\/\/agora.xtec.cat\/escolajmciurana\/wp-json\/wp\/v2\/pages\/208\/revisions\/4612"}],"up":[{"embeddable":true,"href":"https:\/\/agora.xtec.cat\/escolajmciurana\/wp-json\/wp\/v2\/pages\/1703"}],"wp:attachment":[{"href":"https:\/\/agora.xtec.cat\/escolajmciurana\/wp-json\/wp\/v2\/media?parent=208"}],"curies":[{"name":"wp","href":"https:\/\/api.w.org\/{rel}","templated":true}]}}