{"id":3050,"date":"2024-02-26T12:18:40","date_gmt":"2024-02-26T11:18:40","guid":{"rendered":"https:\/\/agora.xtec.cat\/escolajjrafols\/?page_id=3050"},"modified":"2024-04-29T10:37:59","modified_gmt":"2024-04-29T08:37:59","slug":"mobilitat-a-finlandia-korento-nature-school","status":"publish","type":"page","link":"https:\/\/agora.xtec.cat\/escolajjrafols\/mobilitat-a-finlandia-korento-nature-school\/","title":{"rendered":"Mobilitat a Finl\u00e0ndia (Korento Nature School)"},"content":{"rendered":"<p><img loading=\"lazy\" decoding=\"async\" class=\"aligncenter size-large wp-image-3058\" src=\"https:\/\/agora.xtec.cat\/escolajjrafols\/wp-content\/uploads\/usu1828\/2024\/02\/Travel-1024x577.jpg\" alt=\"\" width=\"1024\" height=\"577\" srcset=\"https:\/\/agora.xtec.cat\/escolajjrafols\/wp-content\/uploads\/usu1828\/2024\/02\/Travel-1024x577.jpg 1024w, https:\/\/agora.xtec.cat\/escolajjrafols\/wp-content\/uploads\/usu1828\/2024\/02\/Travel-300x169.jpg 300w, https:\/\/agora.xtec.cat\/escolajjrafols\/wp-content\/uploads\/usu1828\/2024\/02\/Travel-768x433.jpg 768w, https:\/\/agora.xtec.cat\/escolajjrafols\/wp-content\/uploads\/usu1828\/2024\/02\/Travel-1536x865.jpg 1536w, https:\/\/agora.xtec.cat\/escolajjrafols\/wp-content\/uploads\/usu1828\/2024\/02\/Travel.jpg 1640w\" sizes=\"auto, (max-width: 1024px) 100vw, 1024px\" \/><\/p>\n<p style=\"text-align: left;\"><span style=\"font-weight: 400;\">El proper 4 de mar\u00e7 s\u2019inicia una estada en dos centres educatius d\u2019una petita localitat de Finl\u00e0ndia, Ter\u00e4lahti, on podrem observar la manera de treballar i les activitats que es realitzin aprofitant l\u2019entorn.<img loading=\"lazy\" decoding=\"async\" class=\"size-medium wp-image-3069 alignright\" src=\"https:\/\/agora.xtec.cat\/escolajjrafols\/wp-content\/uploads\/usu1828\/2024\/02\/Korento-tercera-foto-300x200.jpg\" alt=\"\" width=\"300\" height=\"200\" srcset=\"https:\/\/agora.xtec.cat\/escolajjrafols\/wp-content\/uploads\/usu1828\/2024\/02\/Korento-tercera-foto-300x200.jpg 300w, https:\/\/agora.xtec.cat\/escolajjrafols\/wp-content\/uploads\/usu1828\/2024\/02\/Korento-tercera-foto-768x512.jpg 768w, https:\/\/agora.xtec.cat\/escolajjrafols\/wp-content\/uploads\/usu1828\/2024\/02\/Korento-tercera-foto.jpg 913w\" sizes=\"auto, (max-width: 300px) 100vw, 300px\" \/><\/span><\/p>\n<p><span style=\"font-weight: 400;\">A continuaci\u00f3 us deixem l\u2019enlla\u00e7 del Centre de Natura Korento per si teniu curiositat. Aix\u00f2 s\u00ed, haureu de practicar\u00a0 una mica l\u2019angl\u00e8s!!<\/span><\/p>\n<p><img loading=\"lazy\" decoding=\"async\" class=\" wp-image-3072 alignleft\" src=\"https:\/\/agora.xtec.cat\/escolajjrafols\/wp-content\/uploads\/usu1828\/2024\/02\/Sin-titulo.jpg\" alt=\"\" width=\"51\" height=\"54\" \/><a style=\"font-family: inherit; font-size: 1em;\" href=\"https:\/\/www.tampere.fi\/en\/current\/2023\/09\/27\/korento-nature-school-guides-children-and-young-people-close-contact\" target=\"_blank\" rel=\"noopener\">Korento Nature School<\/a><\/p>\n<p>&nbsp;<\/p>\n<p>&nbsp;<\/p>\n<p>Diari de la mobilitat: <a href=\"https:\/\/agora.xtec.cat\/escolajjrafols\/wp-content\/uploads\/usu1828\/2024\/04\/Diari-de-mobilitat-Finlandia.-Korento_compressed.pdf\" target=\"_blank\" rel=\"noopener\">aqu\u00ed!<\/a><\/p>\n","protected":false},"excerpt":{"rendered":"<p>El proper 4 de mar\u00e7 s\u2019inicia una estada en dos centres educatius d\u2019una petita localitat de Finl\u00e0ndia, Ter\u00e4lahti, on podrem observar la manera de treballar i les activitats que es realitzin aprofitant l\u2019entorn.<br \/>\nA continuaci\u00f3 us deixem l\u2019enlla\u00e7 del Centre de Natura Korento per si teniu&hellip;  <a href=\"https:\/\/agora.xtec.cat\/escolajjrafols\/mobilitat-a-finlandia-korento-nature-school\/\" title=\"Read Mobilitat a Finl\u00e0ndia (Korento Nature School)\">Llegeix m\u00e9s\u00bb<\/a><\/p>\n","protected":false},"author":1,"featured_media":0,"parent":0,"menu_order":0,"comment_status":"closed","ping_status":"closed","template":"","meta":{"_bbp_topic_count":0,"_bbp_reply_count":0,"_bbp_total_topic_count":0,"_bbp_total_reply_count":0,"_bbp_voice_count":0,"_bbp_anonymous_reply_count":0,"_bbp_topic_count_hidden":0,"_bbp_reply_count_hidden":0,"_bbp_forum_subforum_count":0,"footnotes":""},"class_list":["post-3050","page","type-page","status-publish","hentry"],"post_mailing_queue_ids":[],"_links":{"self":[{"href":"https:\/\/agora.xtec.cat\/escolajjrafols\/wp-json\/wp\/v2\/pages\/3050","targetHints":{"allow":["GET"]}}],"collection":[{"href":"https:\/\/agora.xtec.cat\/escolajjrafols\/wp-json\/wp\/v2\/pages"}],"about":[{"href":"https:\/\/agora.xtec.cat\/escolajjrafols\/wp-json\/wp\/v2\/types\/page"}],"author":[{"embeddable":true,"href":"https:\/\/agora.xtec.cat\/escolajjrafols\/wp-json\/wp\/v2\/users\/1"}],"replies":[{"embeddable":true,"href":"https:\/\/agora.xtec.cat\/escolajjrafols\/wp-json\/wp\/v2\/comments?post=3050"}],"version-history":[{"count":6,"href":"https:\/\/agora.xtec.cat\/escolajjrafols\/wp-json\/wp\/v2\/pages\/3050\/revisions"}],"predecessor-version":[{"id":3140,"href":"https:\/\/agora.xtec.cat\/escolajjrafols\/wp-json\/wp\/v2\/pages\/3050\/revisions\/3140"}],"wp:attachment":[{"href":"https:\/\/agora.xtec.cat\/escolajjrafols\/wp-json\/wp\/v2\/media?parent=3050"}],"curies":[{"name":"wp","href":"https:\/\/api.w.org\/{rel}","templated":true}]}}

Mobilitat a Finlàndia (Korento Nature School)

<p><img loading="lazy" decoding="async" class="aligncenter size-large wp-image-3058" src="https://agora.xtec.cat/escolajjrafols/wp-content/uploads/usu1828/2024/02/Travel-1024x577.jpg" alt="" width="1024" height="577" srcset="https://agora.xtec.cat/escolajjrafols/wp-content/uploads/usu1828/2024/02/Travel-1024x577.jpg 1024w, https://agora.xtec.cat/escolajjrafols/wp-content/uploads/usu1828/2024/02/Travel-300x169.jpg 300w, https://agora.xtec.cat/escolajjrafols/wp-content/uploads/usu1828/2024/02/Travel-768x433.jpg 768w, https://agora.xtec.cat/escolajjrafols/wp-content/uploads/usu1828/2024/02/Travel-1536x865.jpg 1536w, https://agora.xtec.cat/escolajjrafols/wp-content/uploads/usu1828/2024/02/Travel.jpg 1640w" sizes="auto, (max-width: 1024px) 100vw, 1024px" /></p>
<p style="text-align: left;"><span style="font-weight: 400;">El proper 4 de març s’inicia una estada en dos centres educatius d’una petita localitat de Finlàndia, Terälahti, on podrem observar la manera de treballar i les activitats que es realitzin aprofitant l’entorn.<img loading="lazy" decoding="async" class="size-medium wp-image-3069 alignright" src="https://agora.xtec.cat/escolajjrafols/wp-content/uploads/usu1828/2024/02/Korento-tercera-foto-300x200.jpg" alt="" width="300" height="200" srcset="https://agora.xtec.cat/escolajjrafols/wp-content/uploads/usu1828/2024/02/Korento-tercera-foto-300x200.jpg 300w, https://agora.xtec.cat/escolajjrafols/wp-content/uploads/usu1828/2024/02/Korento-tercera-foto-768x512.jpg 768w, https://agora.xtec.cat/escolajjrafols/wp-content/uploads/usu1828/2024/02/Korento-tercera-foto.jpg 913w" sizes="auto, (max-width: 300px) 100vw, 300px" /></span></p>
<p><span style="font-weight: 400;">A continuació us deixem l’enllaç del Centre de Natura Korento per si teniu curiositat. Això sí, haureu de practicar  una mica l’anglès!!</span></p>
<p><img loading="lazy" decoding="async" class=" wp-image-3072 alignleft" src="https://agora.xtec.cat/escolajjrafols/wp-content/uploads/usu1828/2024/02/Sin-titulo.jpg" alt="" width="51" height="54" /><a style="font-family: inherit; font-size: 1em;" href="https://www.tampere.fi/en/current/2023/09/27/korento-nature-school-guides-children-and-young-people-close-contact" target="_blank" rel="noopener">Korento Nature School</a></p>
<p>&nbsp;</p>
<p>&nbsp;</p>
<p>Diari de la mobilitat: <a href="https://agora.xtec.cat/escolajjrafols/wp-content/uploads/usu1828/2024/04/Diari-de-mobilitat-Finlandia.-Korento_compressed.pdf" target="_blank" rel="noopener">aquí!</a></p>

<p>El proper 4 de març s’inicia una estada en dos centres educatius d’una petita localitat de Finlàndia, Terälahti, on podrem observar la manera de treballar i les activitats que es realitzin aprofitant l’entorn.<br />
A continuació us deixem l’enllaç del Centre de Natura Korento per si teniu&hellip;  <a href="https://agora.xtec.cat/escolajjrafols/mobilitat-a-finlandia-korento-nature-school/" title="Read Mobilitat a Finlàndia (Korento Nature School)">Llegeix més»</a></p>
