{"id":3036,"date":"2024-02-26T12:11:41","date_gmt":"2024-02-26T11:11:41","guid":{"rendered":"https:\/\/agora.xtec.cat\/escolajjrafols\/?page_id=3036"},"modified":"2024-03-11T10:39:02","modified_gmt":"2024-03-11T09:39:02","slug":"mobilitat-a-finlandia","status":"publish","type":"page","link":"https:\/\/agora.xtec.cat\/escolajjrafols\/mobilitat-a-finlandia\/","title":{"rendered":"Mobilitat a Finl\u00e0ndia (Ter\u00e4lahti Elementary School)"},"content":{"rendered":"<p>&nbsp;<\/p>\n<p><img loading=\"lazy\" decoding=\"async\" class=\"aligncenter size-large wp-image-3055\" src=\"https:\/\/agora.xtec.cat\/escolajjrafols\/wp-content\/uploads\/usu1828\/2024\/02\/Teralahti-definitiu-1024x577.jpg\" alt=\"\" width=\"1024\" height=\"577\" srcset=\"https:\/\/agora.xtec.cat\/escolajjrafols\/wp-content\/uploads\/usu1828\/2024\/02\/Teralahti-definitiu-1024x577.jpg 1024w, https:\/\/agora.xtec.cat\/escolajjrafols\/wp-content\/uploads\/usu1828\/2024\/02\/Teralahti-definitiu-300x169.jpg 300w, https:\/\/agora.xtec.cat\/escolajjrafols\/wp-content\/uploads\/usu1828\/2024\/02\/Teralahti-definitiu-768x433.jpg 768w, https:\/\/agora.xtec.cat\/escolajjrafols\/wp-content\/uploads\/usu1828\/2024\/02\/Teralahti-definitiu-1536x865.jpg 1536w, https:\/\/agora.xtec.cat\/escolajjrafols\/wp-content\/uploads\/usu1828\/2024\/02\/Teralahti-definitiu.jpg 1640w\" sizes=\"auto, (max-width: 1024px) 100vw, 1024px\" \/><\/p>\n<p><span style=\"font-weight: 400;\">L&#8217;escola Ter\u00e4lahti, situada en una zona rural prop de Tampere, Finl\u00e0ndia, adopta un enfocament integrat i hol\u00edstic cap a l&#8217;educaci\u00f3. El sistema escolar finland\u00e8s, finan\u00e7at per ingressos fiscals, ofereix educaci\u00f3 gratu\u00efta per a tots els estudiants. L&#8217;escola Ter\u00e4lahti, juntament amb l&#8217;Escola de Natura Korento, promou l&#8217;educaci\u00f3 ecosocial i la sostenibilitat ambiental. Els estudiants participen en activitats a l&#8217;aire lliure i aprenen sobre la natura a trav\u00e9s d&#8217;experi\u00e8ncies multidisciplin\u00e0ries i explorat\u00f2ries.<\/span><\/p>\n<p><span style=\"font-weight: 400;\">L&#8217;escola Ter\u00e4lahti du a terme diverses iniciatives per promoure la consci\u00e8ncia ambiental entre els estudiants. Per exemple, van realitzar una prova de descomposici\u00f3 per comprendre l&#8217;impacte dels residus org\u00e0nics en el medi ambient. A m\u00e9s, compten amb una cabana i un refugi a l&#8217;aire lliure per a activitats educatives i recreatives.<\/span><\/p>\n<p><span style=\"font-weight: 400;\">Els mestres de Ter\u00e4lahti tamb\u00e9 reben formaci\u00f3 i recursos per ensenyar a l&#8217;aire lliure, i utilitzen materials del servei MAPPA.fi per millorar l&#8217;educaci\u00f3 ambiental i promoure un estil de vida sostenible. <\/span><\/p>\n<p><span style=\"font-weight: 400;\">L&#8217;associaci\u00f3 finlandesa d&#8217;escoles de natura i medi ambient d\u00f3na suport a aquestes iniciatives a nivell local, promocionant estils de vida sostenibles i la responsabilitat ambiental entre els estudiants i mestres de tota Finl\u00e0ndia.<\/span><\/p>\n<p><a href=\"https:\/\/agora.xtec.cat\/escolajjrafols\/wp-content\/uploads\/usu1828\/2024\/03\/Finland-Teralahti-a-Nature-school-holistic-integrated-approach.pdf\">Finland &#8211; Ter\u00e4lahti a Nature-school holistic integrated approach<\/a><\/p>\n<ul>\n<li>\n<h3>Dia 1<\/h3>\n<\/li>\n<\/ul>\n<p><span style=\"font-weight: 400;\">Avui, a les 8:00 del mat\u00ed, hem tingut l&#8217;experi\u00e8ncia enriquidora de passar temps amb la Jenni, la directora del camp d\u2019aprenentatge de Teralhati, mentre observ\u00e0vem una classe d\u2019onze alumnes de 4t de prim\u00e0ria immersos en un entorn d&#8217;aprenentatge actiu i participatiu.<\/span><\/p>\n<p><span style=\"font-weight: 400;\">Per comen\u00e7ar, la Jenni ha captivat l&#8217;atenci\u00f3 dels alumnes amb una hist\u00f2ria sobre l\u2019hivern i la seva relaci\u00f3 amb els animals i les plantes. Aquest relat ha suscitat reflexions interessants entre els nens\/es, els quals s&#8217;han preguntat com podia ser hivern si ens trob\u00e0vem a la primavera, iniciant un di\u00e0leg animat i constructiu.<\/span><\/p>\n<p><span style=\"font-weight: 400;\">Seguidament, ens hem equipat amb roba d\u2019hivern i raquetes de neu per explorar el bosc i participar en una s\u00e8rie de jocs educatius. Hem comen\u00e7at buscant plantes i llavors per a futurs estudis d&#8217;observaci\u00f3 i an\u00e0lisi. Despr\u00e9s, amb l&#8217;ajuda de pinces i culleres, hem simulat els h\u00e0bits alimentaris de dues esp\u00e8cies d&#8217;ocells, mentre la Jenni facilitava una reflexi\u00f3 sobre com aquests h\u00e0bits influeixen en la seva superviv\u00e8ncia i el funcionament de l&#8217;ecosistema.<\/span><\/p>\n<p><span style=\"font-weight: 400;\">Un altre joc emocionant ha sigut la simulaci\u00f3 de la cadena tr\u00f2fica, on els alumnes havien de trobar targetes amb el menjar de diversos animals mentre es mantenien alerta per evitar ser &#8216;capturats&#8217;. Aquest joc ha refor\u00e7at la comprensi\u00f3 dels alumnes sobre les interconnexions entre els diferents elements de l&#8217;ecosistema i la import\u00e0ncia de l&#8217;equilibri natural.<\/span><\/p>\n<p><span style=\"font-weight: 400;\">Hem caminat al costat d&#8217;un rierol i hem fet una parada perqu\u00e8 els alumnes poguessin relaxar-se durant tres minuts.<\/span><\/p>\n<p><span style=\"font-weight: 400;\">Despr\u00e9s d&#8217;aquesta activitat enriquidora, hem fet una pausa relaxant i ens hem reunit al voltant d&#8217;un foc enc\u00e8s per la Jenni. Molts alumnes han gaudit de salsitxes cuinades al foc, emprant pals per agafar-les, creant un ambient c\u00e0lid i acollidor d&#8217;aprenentatge compartit.<\/span><\/p>\n<p><span style=\"font-weight: 400;\">Finalment, hem tornat a l&#8217;aula per a una sessi\u00f3 d&#8217;observaci\u00f3 al microscopi del material recollit, ampliant aix\u00ed el coneixement dels alumnes sobre la diversitat i complexitat del m\u00f3n natural que els<\/span><span style=\"font-weight: 400;\"> envolta.<\/span><\/p>\n<p><img loading=\"lazy\" decoding=\"async\" class=\"aligncenter size-large wp-image-3096\" src=\"https:\/\/agora.xtec.cat\/escolajjrafols\/wp-content\/uploads\/usu1828\/2024\/03\/IMG_1449-824x1024.jpg\" alt=\"\" width=\"824\" height=\"1024\" srcset=\"https:\/\/agora.xtec.cat\/escolajjrafols\/wp-content\/uploads\/usu1828\/2024\/03\/IMG_1449-824x1024.jpg 824w, https:\/\/agora.xtec.cat\/escolajjrafols\/wp-content\/uploads\/usu1828\/2024\/03\/IMG_1449-241x300.jpg 241w, https:\/\/agora.xtec.cat\/escolajjrafols\/wp-content\/uploads\/usu1828\/2024\/03\/IMG_1449-768x955.jpg 768w, https:\/\/agora.xtec.cat\/escolajjrafols\/wp-content\/uploads\/usu1828\/2024\/03\/IMG_1449.jpg 1179w\" sizes=\"auto, (max-width: 824px) 100vw, 824px\" \/><\/p>\n<p>&nbsp;<\/p>\n<ul>\n<li>\n<h4 style=\"text-align: left;\">Dia 2<\/h4>\n<\/li>\n<\/ul>\n<p><span style=\"font-weight: 400;\">Els nens i nenes de les classes d&#8217;infantil, primer i segon s\u2019han dividit en tres grups per a diverses activitats. Un grup ha jugat a un memory d&#8217;insectes, estimulant la seva concentraci\u00f3 i fomentant la competici\u00f3 amigable. Un altre grup ha apr\u00e8s a fer un dol\u00e7 t\u00edpic de Finl\u00e0ndia, el Pulla, experimentant amb ingredients i desenvolupant habilitats culin\u00e0ries b\u00e0siques. El tercer grup ha buscat peces de colors en forma de diamant a la neu, explorant el paisatge hivernal i treballant en equip per completar el repte. Aquestes activitats han proporcionat diversi\u00f3 i tamb\u00e9 han potenciat habilitats socials, creatives i de resoluci\u00f3 de problemes als alumnes.<\/span><\/p>\n<p><img loading=\"lazy\" decoding=\"async\" class=\"aligncenter size-large wp-image-3101\" src=\"https:\/\/agora.xtec.cat\/escolajjrafols\/wp-content\/uploads\/usu1828\/2024\/03\/IMG_1451-817x1024.jpg\" alt=\"\" width=\"817\" height=\"1024\" srcset=\"https:\/\/agora.xtec.cat\/escolajjrafols\/wp-content\/uploads\/usu1828\/2024\/03\/IMG_1451-817x1024.jpg 817w, https:\/\/agora.xtec.cat\/escolajjrafols\/wp-content\/uploads\/usu1828\/2024\/03\/IMG_1451-239x300.jpg 239w, https:\/\/agora.xtec.cat\/escolajjrafols\/wp-content\/uploads\/usu1828\/2024\/03\/IMG_1451-768x963.jpg 768w, https:\/\/agora.xtec.cat\/escolajjrafols\/wp-content\/uploads\/usu1828\/2024\/03\/IMG_1451.jpg 1179w\" sizes=\"auto, (max-width: 817px) 100vw, 817px\" \/><\/p>\n<ul>\n<li>\n<h4>Dia 3<\/h4>\n<\/li>\n<\/ul>\n<p><span style=\"font-weight: 400;\">Avui, a la classe de tecnologia dels alumnes de 6\u00e8 grau, hem presenciat un emocionant projecte de creaci\u00f3 d&#8217;una cullera per a la sauna.<\/span><\/p>\n<p><span style=\"font-weight: 400;\">Els estudiants han assumit diversos rols i tasques en aquesta activitat interdisciplin\u00e0ria: des de la preparaci\u00f3 d&#8217;una presentaci\u00f3 en format Power Point per documentar el proc\u00e9s, fins a la presa de mesures precises, el treball amb fusta per donar forma a la cullera i l&#8217;escalfament del ferro per a la seva manipulaci\u00f3.\u00a0<\/span><\/p>\n<p><span style=\"font-weight: 400;\">Aquesta experi\u00e8ncia no nom\u00e9s ha proporcionat als alumnes una visi\u00f3 pr\u00e0ctica del desenvolupament d&#8217;un projecte tecnol\u00f2gic, sin\u00f3 que tamb\u00e9 els a perm\u00e8s explorar diverses habilitats i rols dins d&#8217;un entorn de treball col\u00b7laboratiu i creatiu.<\/span><\/p>\n<p><img loading=\"lazy\" decoding=\"async\" class=\"aligncenter size-large wp-image-3100\" src=\"https:\/\/agora.xtec.cat\/escolajjrafols\/wp-content\/uploads\/usu1828\/2024\/03\/IMG_1459-777x1024.jpg\" alt=\"\" width=\"777\" height=\"1024\" srcset=\"https:\/\/agora.xtec.cat\/escolajjrafols\/wp-content\/uploads\/usu1828\/2024\/03\/IMG_1459-777x1024.jpg 777w, https:\/\/agora.xtec.cat\/escolajjrafols\/wp-content\/uploads\/usu1828\/2024\/03\/IMG_1459-228x300.jpg 228w, https:\/\/agora.xtec.cat\/escolajjrafols\/wp-content\/uploads\/usu1828\/2024\/03\/IMG_1459-768x1012.jpg 768w, https:\/\/agora.xtec.cat\/escolajjrafols\/wp-content\/uploads\/usu1828\/2024\/03\/IMG_1459-1166x1536.jpg 1166w, https:\/\/agora.xtec.cat\/escolajjrafols\/wp-content\/uploads\/usu1828\/2024\/03\/IMG_1459.jpg 1179w\" sizes=\"auto, (max-width: 777px) 100vw, 777px\" \/><\/p>\n<ul>\n<li>\n<h4>Dia 4<\/h4>\n<\/li>\n<\/ul>\n<p><span style=\"font-weight: 400;\">Els alumnes de 1r i 2n han gaudit d&#8217;un temps de lectura lliure, on han tingut l&#8217;oportunitat de visitar la biblioteca i triar llibres lliurement. Aquesta activitat es realitza dues vegades per setmana, quan la bibliotec\u00e0ria visita l&#8217;escola. A m\u00e9s, els mateixos alumnes s\u00f3n responsables del proc\u00e9s d&#8217;autopr\u00e9stec.<\/span><\/p>\n<p><span style=\"font-weight: 400;\">Despr\u00e9s de la visita a la biblioteca, els alumnes han omplert una fitxa recomanant el llibre que han triat. Aquesta fitxa s&#8217;exhibeix a l&#8217;aula per compartir la seva recomanaci\u00f3 amb els altres companys\/es.<\/span><\/p>\n<p><img loading=\"lazy\" decoding=\"async\" class=\"aligncenter size-large wp-image-3103\" src=\"https:\/\/agora.xtec.cat\/escolajjrafols\/wp-content\/uploads\/usu1828\/2024\/03\/BIBLIOTECA-815x1024.jpeg\" alt=\"\" width=\"815\" height=\"1024\" srcset=\"https:\/\/agora.xtec.cat\/escolajjrafols\/wp-content\/uploads\/usu1828\/2024\/03\/BIBLIOTECA-815x1024.jpeg 815w, https:\/\/agora.xtec.cat\/escolajjrafols\/wp-content\/uploads\/usu1828\/2024\/03\/BIBLIOTECA-239x300.jpeg 239w, https:\/\/agora.xtec.cat\/escolajjrafols\/wp-content\/uploads\/usu1828\/2024\/03\/BIBLIOTECA-768x965.jpeg 768w, https:\/\/agora.xtec.cat\/escolajjrafols\/wp-content\/uploads\/usu1828\/2024\/03\/BIBLIOTECA.jpeg 1179w\" sizes=\"auto, (max-width: 815px) 100vw, 815px\" \/><\/p>\n<ul>\n<li>\n<h4>Dia 5<\/h4>\n<\/li>\n<\/ul>\n<p><span style=\"font-weight: 400;\">Els alumnes de 1r i 2n han participat en una sessi\u00f3 de costura, desenvolupant habilitats creatives i millorant la seva psicomotricitat fina. A trav\u00e9s de la concentraci\u00f3 i la destresa, han creat peces \u00faniques mentre treballaven la coordinaci\u00f3 i la precisi\u00f3 amb cada punt.\u00a0<\/span><\/p>\n<p>&nbsp;<\/p>\n<p><span style=\"font-weight: 400;\">Despr\u00e9s, han gaudit d&#8217;un concert especial organitzat per la biblioteca, on les melodies i les notes harmonioses els han transportat a un m\u00f3n de m\u00e0gia i emocions.\u00a0<\/span><\/p>\n<p><span style=\"font-weight: 400;\">Els petits oients han viscut moments inoblidables, connectant amb les emocions i la bellesa de la m\u00fasica en directe, una experi\u00e8ncia que influir\u00e0 en el seu creixement i aprenentatge.<\/span><\/p>\n<p><img loading=\"lazy\" decoding=\"async\" class=\"aligncenter size-large wp-image-3110\" src=\"https:\/\/agora.xtec.cat\/escolajjrafols\/wp-content\/uploads\/usu1828\/2024\/03\/IMG_1598-649x1024.jpg\" alt=\"\" width=\"649\" height=\"1024\" srcset=\"https:\/\/agora.xtec.cat\/escolajjrafols\/wp-content\/uploads\/usu1828\/2024\/03\/IMG_1598-649x1024.jpg 649w, https:\/\/agora.xtec.cat\/escolajjrafols\/wp-content\/uploads\/usu1828\/2024\/03\/IMG_1598-190x300.jpg 190w, https:\/\/agora.xtec.cat\/escolajjrafols\/wp-content\/uploads\/usu1828\/2024\/03\/IMG_1598-768x1212.jpg 768w, https:\/\/agora.xtec.cat\/escolajjrafols\/wp-content\/uploads\/usu1828\/2024\/03\/IMG_1598-973x1536.jpg 973w, https:\/\/agora.xtec.cat\/escolajjrafols\/wp-content\/uploads\/usu1828\/2024\/03\/IMG_1598.jpg 1179w\" sizes=\"auto, (max-width: 649px) 100vw, 649px\" \/><\/p>\n<p><img loading=\"lazy\" decoding=\"async\" class=\"aligncenter size-large wp-image-3111\" src=\"https:\/\/agora.xtec.cat\/escolajjrafols\/wp-content\/uploads\/usu1828\/2024\/03\/IMG_1595-1-684x1024.jpg\" alt=\"\" width=\"684\" height=\"1024\" srcset=\"https:\/\/agora.xtec.cat\/escolajjrafols\/wp-content\/uploads\/usu1828\/2024\/03\/IMG_1595-1-684x1024.jpg 684w, https:\/\/agora.xtec.cat\/escolajjrafols\/wp-content\/uploads\/usu1828\/2024\/03\/IMG_1595-1-201x300.jpg 201w, https:\/\/agora.xtec.cat\/escolajjrafols\/wp-content\/uploads\/usu1828\/2024\/03\/IMG_1595-1-768x1149.jpg 768w, https:\/\/agora.xtec.cat\/escolajjrafols\/wp-content\/uploads\/usu1828\/2024\/03\/IMG_1595-1-1027x1536.jpg 1027w, https:\/\/agora.xtec.cat\/escolajjrafols\/wp-content\/uploads\/usu1828\/2024\/03\/IMG_1595-1.jpg 1179w\" sizes=\"auto, (max-width: 684px) 100vw, 684px\" \/><\/p>\n","protected":false},"excerpt":{"rendered":"<p>&nbsp;<\/p>\n<p>L&#8217;escola Ter\u00e4lahti, situada en una zona rural prop de Tampere, Finl\u00e0ndia, adopta un enfocament integrat i hol\u00edstic cap a l&#8217;educaci\u00f3. El sistema escolar finland\u00e8s, finan\u00e7at per ingressos fiscals, ofereix educaci\u00f3 gratu\u00efta per a tots els estudiants. L&#8217;escola Ter\u00e4lahti, juntament amb l&#8217;Escola de Natura Korento, promou&hellip;  <a href=\"https:\/\/agora.xtec.cat\/escolajjrafols\/mobilitat-a-finlandia\/\" title=\"Read Mobilitat a Finl\u00e0ndia (Ter\u00e4lahti Elementary School)\">Llegeix m\u00e9s\u00bb<\/a><\/p>\n","protected":false},"author":1,"featured_media":0,"parent":0,"menu_order":0,"comment_status":"closed","ping_status":"closed","template":"","meta":{"_bbp_topic_count":0,"_bbp_reply_count":0,"_bbp_total_topic_count":0,"_bbp_total_reply_count":0,"_bbp_voice_count":0,"_bbp_anonymous_reply_count":0,"_bbp_topic_count_hidden":0,"_bbp_reply_count_hidden":0,"_bbp_forum_subforum_count":0,"footnotes":""},"class_list":["post-3036","page","type-page","status-publish","hentry"],"post_mailing_queue_ids":[],"_links":{"self":[{"href":"https:\/\/agora.xtec.cat\/escolajjrafols\/wp-json\/wp\/v2\/pages\/3036","targetHints":{"allow":["GET"]}}],"collection":[{"href":"https:\/\/agora.xtec.cat\/escolajjrafols\/wp-json\/wp\/v2\/pages"}],"about":[{"href":"https:\/\/agora.xtec.cat\/escolajjrafols\/wp-json\/wp\/v2\/types\/page"}],"author":[{"embeddable":true,"href":"https:\/\/agora.xtec.cat\/escolajjrafols\/wp-json\/wp\/v2\/users\/1"}],"replies":[{"embeddable":true,"href":"https:\/\/agora.xtec.cat\/escolajjrafols\/wp-json\/wp\/v2\/comments?post=3036"}],"version-history":[{"count":6,"href":"https:\/\/agora.xtec.cat\/escolajjrafols\/wp-json\/wp\/v2\/pages\/3036\/revisions"}],"predecessor-version":[{"id":3112,"href":"https:\/\/agora.xtec.cat\/escolajjrafols\/wp-json\/wp\/v2\/pages\/3036\/revisions\/3112"}],"wp:attachment":[{"href":"https:\/\/agora.xtec.cat\/escolajjrafols\/wp-json\/wp\/v2\/media?parent=3036"}],"curies":[{"name":"wp","href":"https:\/\/api.w.org\/{rel}","templated":true}]}}